77.30.208.12 - - [25/Sep/2025:15:33:40 +0300] "GET /get-total-unread HTTP/1.0" 200 4716 "https://pos.qimahsoft.co/home" "Mozilla/5.0 (Windows NT 10.0; Win64; x64) AppleWebKit/537.36 (KHTML, like Gecko) Chrome/140.0.0.0 Safari/537.36"
51.36.33.141 - - [25/Sep/2025:15:34:36 +0300] "GET /get-total-unread HTTP/1.0" 200 4720 "https://pos.qimahsoft.co/sells" "Mozilla/5.0 (Windows NT 10.0; Win64; x64) AppleWebKit/537.36 (KHTML, like Gecko) Chrome/140.0.0.0 Safari/537.36"
51.36.33.141 - - [25/Sep/2025:15:34:36 +0300] "GET /get-total-unread HTTP/1.0" 200 4716 "https://pos.qimahsoft.co/products" "Mozilla/5.0 (Windows NT 10.0; Win64; x64) AppleWebKit/537.36 (KHTML, like Gecko) Chrome/140.0.0.0 Safari/537.36"
77.30.208.12 - - [25/Sep/2025:15:34:40 +0300] "GET /get-total-unread HTTP/1.0" 200 4720 "https://pos.qimahsoft.co/home" "Mozilla/5.0 (Windows NT 10.0; Win64; x64) AppleWebKit/537.36 (KHTML, like Gecko) Chrome/140.0.0.0 Safari/537.36"
51.36.33.141 - - [25/Sep/2025:15:35:36 +0300] "GET /get-total-unread HTTP/1.0" 200 4718 "https://pos.qimahsoft.co/products" "Mozilla/5.0 (Windows NT 10.0; Win64; x64) AppleWebKit/537.36 (KHTML, like Gecko) Chrome/140.0.0.0 Safari/537.36"
51.36.33.141 - - [25/Sep/2025:15:35:36 +0300] "GET /get-total-unread HTTP/1.0" 200 4718 "https://pos.qimahsoft.co/sells" "Mozilla/5.0 (Windows NT 10.0; Win64; x64) AppleWebKit/537.36 (KHTML, like Gecko) Chrome/140.0.0.0 Safari/537.36"
77.30.208.12 - - [25/Sep/2025:15:35:40 +0300] "GET /get-total-unread HTTP/1.0" 200 4716 "https://pos.qimahsoft.co/home" "Mozilla/5.0 (Windows NT 10.0; Win64; x64) AppleWebKit/537.36 (KHTML, like Gecko) Chrome/140.0.0.0 Safari/537.36"
51.36.33.141 - - [25/Sep/2025:15:36:36 +0300] "GET /get-total-unread HTTP/1.0" 200 4722 "https://pos.qimahsoft.co/sells" "Mozilla/5.0 (Windows NT 10.0; Win64; x64) AppleWebKit/537.36 (KHTML, like Gecko) Chrome/140.0.0.0 Safari/537.36"
51.36.33.141 - - [25/Sep/2025:15:36:36 +0300] "GET /get-total-unread HTTP/1.0" 200 4714 "https://pos.qimahsoft.co/products" "Mozilla/5.0 (Windows NT 10.0; Win64; x64) AppleWebKit/537.36 (KHTML, like Gecko) Chrome/140.0.0.0 Safari/537.36"
77.30.208.12 - - [25/Sep/2025:15:36:40 +0300] "GET /get-total-unread HTTP/1.0" 200 4716 "https://pos.qimahsoft.co/home" "Mozilla/5.0 (Windows NT 10.0; Win64; x64) AppleWebKit/537.36 (KHTML, like Gecko) Chrome/140.0.0.0 Safari/537.36"
51.36.33.141 - - [25/Sep/2025:15:37:36 +0300] "GET /get-total-unread HTTP/1.0" 200 4718 "https://pos.qimahsoft.co/sells" "Mozilla/5.0 (Windows NT 10.0; Win64; x64) AppleWebKit/537.36 (KHTML, like Gecko) Chrome/140.0.0.0 Safari/537.36"
51.36.33.141 - - [25/Sep/2025:15:37:36 +0300] "GET /get-total-unread HTTP/1.0" 200 4722 "https://pos.qimahsoft.co/products" "Mozilla/5.0 (Windows NT 10.0; Win64; x64) AppleWebKit/537.36 (KHTML, like Gecko) Chrome/140.0.0.0 Safari/537.36"
77.30.208.12 - - [25/Sep/2025:15:37:40 +0300] "GET /get-total-unread HTTP/1.0" 200 4718 "https://pos.qimahsoft.co/home" "Mozilla/5.0 (Windows NT 10.0; Win64; x64) AppleWebKit/537.36 (KHTML, like Gecko) Chrome/140.0.0.0 Safari/537.36"
51.36.33.141 - - [25/Sep/2025:15:38:36 +0300] "GET /get-total-unread HTTP/1.0" 200 4718 "https://pos.qimahsoft.co/products" "Mozilla/5.0 (Windows NT 10.0; Win64; x64) AppleWebKit/537.36 (KHTML, like Gecko) Chrome/140.0.0.0 Safari/537.36"
51.36.33.141 - - [25/Sep/2025:15:38:36 +0300] "GET /get-total-unread HTTP/1.0" 200 4712 "https://pos.qimahsoft.co/sells" "Mozilla/5.0 (Windows NT 10.0; Win64; x64) AppleWebKit/537.36 (KHTML, like Gecko) Chrome/140.0.0.0 Safari/537.36"
77.30.208.12 - - [25/Sep/2025:15:38:40 +0300] "GET /get-total-unread HTTP/1.0" 200 4720 "https://pos.qimahsoft.co/home" "Mozilla/5.0 (Windows NT 10.0; Win64; x64) AppleWebKit/537.36 (KHTML, like Gecko) Chrome/140.0.0.0 Safari/537.36"
51.36.33.141 - - [25/Sep/2025:15:39:36 +0300] "GET /get-total-unread HTTP/1.0" 200 4714 "https://pos.qimahsoft.co/products" "Mozilla/5.0 (Windows NT 10.0; Win64; x64) AppleWebKit/537.36 (KHTML, like Gecko) Chrome/140.0.0.0 Safari/537.36"
51.36.33.141 - - [25/Sep/2025:15:39:36 +0300] "GET /get-total-unread HTTP/1.0" 200 4714 "https://pos.qimahsoft.co/sells" "Mozilla/5.0 (Windows NT 10.0; Win64; x64) AppleWebKit/537.36 (KHTML, like Gecko) Chrome/140.0.0.0 Safari/537.36"
77.30.208.12 - - [25/Sep/2025:15:39:40 +0300] "GET /get-total-unread HTTP/1.0" 200 4718 "https://pos.qimahsoft.co/home" "Mozilla/5.0 (Windows NT 10.0; Win64; x64) AppleWebKit/537.36 (KHTML, like Gecko) Chrome/140.0.0.0 Safari/537.36"
51.36.33.141 - - [25/Sep/2025:15:40:36 +0300] "GET /get-total-unread HTTP/1.0" 200 4714 "https://pos.qimahsoft.co/sells" "Mozilla/5.0 (Windows NT 10.0; Win64; x64) AppleWebKit/537.36 (KHTML, like Gecko) Chrome/140.0.0.0 Safari/537.36"
51.36.33.141 - - [25/Sep/2025:15:40:36 +0300] "GET /get-total-unread HTTP/1.0" 200 4714 "https://pos.qimahsoft.co/products" "Mozilla/5.0 (Windows NT 10.0; Win64; x64) AppleWebKit/537.36 (KHTML, like Gecko) Chrome/140.0.0.0 Safari/537.36"
77.30.208.12 - - [25/Sep/2025:15:40:40 +0300] "GET /get-total-unread HTTP/1.0" 200 4724 "https://pos.qimahsoft.co/home" "Mozilla/5.0 (Windows NT 10.0; Win64; x64) AppleWebKit/537.36 (KHTML, like Gecko) Chrome/140.0.0.0 Safari/537.36"
51.36.33.141 - - [25/Sep/2025:15:41:36 +0300] "GET /get-total-unread HTTP/1.0" 200 4724 "https://pos.qimahsoft.co/sells" "Mozilla/5.0 (Windows NT 10.0; Win64; x64) AppleWebKit/537.36 (KHTML, like Gecko) Chrome/140.0.0.0 Safari/537.36"
51.36.33.141 - - [25/Sep/2025:15:41:36 +0300] "GET /get-total-unread HTTP/1.0" 200 4716 "https://pos.qimahsoft.co/products" "Mozilla/5.0 (Windows NT 10.0; Win64; x64) AppleWebKit/537.36 (KHTML, like Gecko) Chrome/140.0.0.0 Safari/537.36"
77.30.208.12 - - [25/Sep/2025:15:41:40 +0300] "GET /get-total-unread HTTP/1.0" 200 4714 "https://pos.qimahsoft.co/home" "Mozilla/5.0 (Windows NT 10.0; Win64; x64) AppleWebKit/537.36 (KHTML, like Gecko) Chrome/140.0.0.0 Safari/537.36"
51.36.33.141 - - [25/Sep/2025:15:42:37 +0300] "GET /get-total-unread HTTP/1.0" 200 4714 "https://pos.qimahsoft.co/products" "Mozilla/5.0 (Windows NT 10.0; Win64; x64) AppleWebKit/537.36 (KHTML, like Gecko) Chrome/140.0.0.0 Safari/537.36"
51.36.33.141 - - [25/Sep/2025:15:42:37 +0300] "GET /get-total-unread HTTP/1.0" 200 4716 "https://pos.qimahsoft.co/sells" "Mozilla/5.0 (Windows NT 10.0; Win64; x64) AppleWebKit/537.36 (KHTML, like Gecko) Chrome/140.0.0.0 Safari/537.36"
77.30.208.12 - - [25/Sep/2025:15:42:40 +0300] "GET /get-total-unread HTTP/1.0" 200 4716 "https://pos.qimahsoft.co/home" "Mozilla/5.0 (Windows NT 10.0; Win64; x64) AppleWebKit/537.36 (KHTML, like Gecko) Chrome/140.0.0.0 Safari/537.36"
51.36.33.141 - - [25/Sep/2025:15:43:36 +0300] "GET /get-total-unread HTTP/1.0" 200 4716 "https://pos.qimahsoft.co/products" "Mozilla/5.0 (Windows NT 10.0; Win64; x64) AppleWebKit/537.36 (KHTML, like Gecko) Chrome/140.0.0.0 Safari/537.36"
51.36.33.141 - - [25/Sep/2025:15:43:36 +0300] "GET /get-total-unread HTTP/1.0" 200 4714 "https://pos.qimahsoft.co/sells" "Mozilla/5.0 (Windows NT 10.0; Win64; x64) AppleWebKit/537.36 (KHTML, like Gecko) Chrome/140.0.0.0 Safari/537.36"
77.30.208.12 - - [25/Sep/2025:15:43:40 +0300] "GET /get-total-unread HTTP/1.0" 200 4720 "https://pos.qimahsoft.co/home" "Mozilla/5.0 (Windows NT 10.0; Win64; x64) AppleWebKit/537.36 (KHTML, like Gecko) Chrome/140.0.0.0 Safari/537.36"
51.36.33.141 - - [25/Sep/2025:15:44:36 +0300] "GET /get-total-unread HTTP/1.0" 200 4718 "https://pos.qimahsoft.co/products" "Mozilla/5.0 (Windows NT 10.0; Win64; x64) AppleWebKit/537.36 (KHTML, like Gecko) Chrome/140.0.0.0 Safari/537.36"
51.36.33.141 - - [25/Sep/2025:15:44:36 +0300] "GET /get-total-unread HTTP/1.0" 200 4716 "https://pos.qimahsoft.co/sells" "Mozilla/5.0 (Windows NT 10.0; Win64; x64) AppleWebKit/537.36 (KHTML, like Gecko) Chrome/140.0.0.0 Safari/537.36"
77.30.208.12 - - [25/Sep/2025:15:44:40 +0300] "GET /get-total-unread HTTP/1.0" 200 4718 "https://pos.qimahsoft.co/home" "Mozilla/5.0 (Windows NT 10.0; Win64; x64) AppleWebKit/537.36 (KHTML, like Gecko) Chrome/140.0.0.0 Safari/537.36"
51.36.33.141 - - [25/Sep/2025:15:45:36 +0300] "GET /get-total-unread HTTP/1.0" 200 4716 "https://pos.qimahsoft.co/products" "Mozilla/5.0 (Windows NT 10.0; Win64; x64) AppleWebKit/537.36 (KHTML, like Gecko) Chrome/140.0.0.0 Safari/537.36"
51.36.33.141 - - [25/Sep/2025:15:45:36 +0300] "GET /get-total-unread HTTP/1.0" 200 4714 "https://pos.qimahsoft.co/sells" "Mozilla/5.0 (Windows NT 10.0; Win64; x64) AppleWebKit/537.36 (KHTML, like Gecko) Chrome/140.0.0.0 Safari/537.36"
77.30.208.12 - - [25/Sep/2025:15:45:40 +0300] "GET /get-total-unread HTTP/1.0" 200 4718 "https://pos.qimahsoft.co/home" "Mozilla/5.0 (Windows NT 10.0; Win64; x64) AppleWebKit/537.36 (KHTML, like Gecko) Chrome/140.0.0.0 Safari/537.36"
51.36.33.141 - - [25/Sep/2025:15:46:36 +0300] "GET /get-total-unread HTTP/1.0" 200 4714 "https://pos.qimahsoft.co/products" "Mozilla/5.0 (Windows NT 10.0; Win64; x64) AppleWebKit/537.36 (KHTML, like Gecko) Chrome/140.0.0.0 Safari/537.36"
51.36.33.141 - - [25/Sep/2025:15:46:36 +0300] "GET /get-total-unread HTTP/1.0" 200 4714 "https://pos.qimahsoft.co/sells" "Mozilla/5.0 (Windows NT 10.0; Win64; x64) AppleWebKit/537.36 (KHTML, like Gecko) Chrome/140.0.0.0 Safari/537.36"
51.36.33.141 - - [25/Sep/2025:15:47:36 +0300] "GET /get-total-unread HTTP/1.0" 200 4718 "https://pos.qimahsoft.co/products" "Mozilla/5.0 (Windows NT 10.0; Win64; x64) AppleWebKit/537.36 (KHTML, like Gecko) Chrome/140.0.0.0 Safari/537.36"
51.36.33.141 - - [25/Sep/2025:15:47:36 +0300] "GET /get-total-unread HTTP/1.0" 200 4716 "https://pos.qimahsoft.co/sells" "Mozilla/5.0 (Windows NT 10.0; Win64; x64) AppleWebKit/537.36 (KHTML, like Gecko) Chrome/140.0.0.0 Safari/537.36"
51.36.33.141 - - [25/Sep/2025:15:48:36 +0300] "GET /get-total-unread HTTP/1.0" 200 4716 "https://pos.qimahsoft.co/products" "Mozilla/5.0 (Windows NT 10.0; Win64; x64) AppleWebKit/537.36 (KHTML, like Gecko) Chrome/140.0.0.0 Safari/537.36"
51.36.33.141 - - [25/Sep/2025:15:48:36 +0300] "GET /get-total-unread HTTP/1.0" 200 4722 "https://pos.qimahsoft.co/sells" "Mozilla/5.0 (Windows NT 10.0; Win64; x64) AppleWebKit/537.36 (KHTML, like Gecko) Chrome/140.0.0.0 Safari/537.36"
51.36.33.141 - - [25/Sep/2025:15:49:36 +0300] "GET /get-total-unread HTTP/1.0" 200 4718 "https://pos.qimahsoft.co/products" "Mozilla/5.0 (Windows NT 10.0; Win64; x64) AppleWebKit/537.36 (KHTML, like Gecko) Chrome/140.0.0.0 Safari/537.36"
51.36.33.141 - - [25/Sep/2025:15:49:36 +0300] "GET /get-total-unread HTTP/1.0" 200 4716 "https://pos.qimahsoft.co/sells" "Mozilla/5.0 (Windows NT 10.0; Win64; x64) AppleWebKit/537.36 (KHTML, like Gecko) Chrome/140.0.0.0 Safari/537.36"
51.36.33.141 - - [25/Sep/2025:15:50:36 +0300] "GET /get-total-unread HTTP/1.0" 200 4716 "https://pos.qimahsoft.co/sells" "Mozilla/5.0 (Windows NT 10.0; Win64; x64) AppleWebKit/537.36 (KHTML, like Gecko) Chrome/140.0.0.0 Safari/537.36"
51.36.33.141 - - [25/Sep/2025:15:50:36 +0300] "GET /get-total-unread HTTP/1.0" 200 4720 "https://pos.qimahsoft.co/products" "Mozilla/5.0 (Windows NT 10.0; Win64; x64) AppleWebKit/537.36 (KHTML, like Gecko) Chrome/140.0.0.0 Safari/537.36"
51.36.33.141 - - [25/Sep/2025:15:51:36 +0300] "GET /get-total-unread HTTP/1.0" 200 4716 "https://pos.qimahsoft.co/products" "Mozilla/5.0 (Windows NT 10.0; Win64; x64) AppleWebKit/537.36 (KHTML, like Gecko) Chrome/140.0.0.0 Safari/537.36"
51.36.33.141 - - [25/Sep/2025:15:51:36 +0300] "GET /get-total-unread HTTP/1.0" 200 4718 "https://pos.qimahsoft.co/sells" "Mozilla/5.0 (Windows NT 10.0; Win64; x64) AppleWebKit/537.36 (KHTML, like Gecko) Chrome/140.0.0.0 Safari/537.36"
51.36.33.141 - - [25/Sep/2025:15:52:36 +0300] "GET /get-total-unread HTTP/1.0" 200 4728 "https://pos.qimahsoft.co/sells" "Mozilla/5.0 (Windows NT 10.0; Win64; x64) AppleWebKit/537.36 (KHTML, like Gecko) Chrome/140.0.0.0 Safari/537.36"
51.36.33.141 - - [25/Sep/2025:15:52:37 +0300] "GET /get-total-unread HTTP/1.0" 200 4718 "https://pos.qimahsoft.co/products" "Mozilla/5.0 (Windows NT 10.0; Win64; x64) AppleWebKit/537.36 (KHTML, like Gecko) Chrome/140.0.0.0 Safari/537.36"
51.36.33.141 - - [25/Sep/2025:15:53:36 +0300] "GET /get-total-unread HTTP/1.0" 200 4716 "https://pos.qimahsoft.co/products" "Mozilla/5.0 (Windows NT 10.0; Win64; x64) AppleWebKit/537.36 (KHTML, like Gecko) Chrome/140.0.0.0 Safari/537.36"
51.36.33.141 - - [25/Sep/2025:15:53:36 +0300] "GET /get-total-unread HTTP/1.0" 200 4712 "https://pos.qimahsoft.co/sells" "Mozilla/5.0 (Windows NT 10.0; Win64; x64) AppleWebKit/537.36 (KHTML, like Gecko) Chrome/140.0.0.0 Safari/537.36"
51.36.33.141 - - [25/Sep/2025:15:54:36 +0300] "GET /get-total-unread HTTP/1.0" 200 4714 "https://pos.qimahsoft.co/products" "Mozilla/5.0 (Windows NT 10.0; Win64; x64) AppleWebKit/537.36 (KHTML, like Gecko) Chrome/140.0.0.0 Safari/537.36"
51.36.33.141 - - [25/Sep/2025:15:54:36 +0300] "GET /get-total-unread HTTP/1.0" 200 4714 "https://pos.qimahsoft.co/sells" "Mozilla/5.0 (Windows NT 10.0; Win64; x64) AppleWebKit/537.36 (KHTML, like Gecko) Chrome/140.0.0.0 Safari/537.36"
51.36.33.141 - - [25/Sep/2025:15:55:36 +0300] "GET /get-total-unread HTTP/1.0" 200 4724 "https://pos.qimahsoft.co/products" "Mozilla/5.0 (Windows NT 10.0; Win64; x64) AppleWebKit/537.36 (KHTML, like Gecko) Chrome/140.0.0.0 Safari/537.36"
51.36.33.141 - - [25/Sep/2025:15:55:36 +0300] "GET /get-total-unread HTTP/1.0" 200 4722 "https://pos.qimahsoft.co/sells" "Mozilla/5.0 (Windows NT 10.0; Win64; x64) AppleWebKit/537.36 (KHTML, like Gecko) Chrome/140.0.0.0 Safari/537.36"
51.36.33.141 - - [25/Sep/2025:15:56:36 +0300] "GET /get-total-unread HTTP/1.0" 200 4716 "https://pos.qimahsoft.co/products" "Mozilla/5.0 (Windows NT 10.0; Win64; x64) AppleWebKit/537.36 (KHTML, like Gecko) Chrome/140.0.0.0 Safari/537.36"
51.36.33.141 - - [25/Sep/2025:15:56:36 +0300] "GET /get-total-unread HTTP/1.0" 200 4726 "https://pos.qimahsoft.co/sells" "Mozilla/5.0 (Windows NT 10.0; Win64; x64) AppleWebKit/537.36 (KHTML, like Gecko) Chrome/140.0.0.0 Safari/537.36"
51.36.33.141 - - [25/Sep/2025:15:57:36 +0300] "GET /get-total-unread HTTP/1.0" 200 4720 "https://pos.qimahsoft.co/products" "Mozilla/5.0 (Windows NT 10.0; Win64; x64) AppleWebKit/537.36 (KHTML, like Gecko) Chrome/140.0.0.0 Safari/537.36"
51.36.33.141 - - [25/Sep/2025:15:57:36 +0300] "GET /get-total-unread HTTP/1.0" 200 4714 "https://pos.qimahsoft.co/sells" "Mozilla/5.0 (Windows NT 10.0; Win64; x64) AppleWebKit/537.36 (KHTML, like Gecko) Chrome/140.0.0.0 Safari/537.36"
51.36.33.141 - - [25/Sep/2025:15:58:36 +0300] "GET /get-total-unread HTTP/1.0" 200 4718 "https://pos.qimahsoft.co/products" "Mozilla/5.0 (Windows NT 10.0; Win64; x64) AppleWebKit/537.36 (KHTML, like Gecko) Chrome/140.0.0.0 Safari/537.36"
51.36.33.141 - - [25/Sep/2025:15:58:36 +0300] "GET /get-total-unread HTTP/1.0" 200 4716 "https://pos.qimahsoft.co/sells" "Mozilla/5.0 (Windows NT 10.0; Win64; x64) AppleWebKit/537.36 (KHTML, like Gecko) Chrome/140.0.0.0 Safari/537.36"
51.36.33.141 - - [25/Sep/2025:15:59:36 +0300] "GET /get-total-unread HTTP/1.0" 200 4718 "https://pos.qimahsoft.co/sells" "Mozilla/5.0 (Windows NT 10.0; Win64; x64) AppleWebKit/537.36 (KHTML, like Gecko) Chrome/140.0.0.0 Safari/537.36"
51.36.33.141 - - [25/Sep/2025:15:59:36 +0300] "GET /get-total-unread HTTP/1.0" 200 4716 "https://pos.qimahsoft.co/products" "Mozilla/5.0 (Windows NT 10.0; Win64; x64) AppleWebKit/537.36 (KHTML, like Gecko) Chrome/140.0.0.0 Safari/537.36"
51.36.33.141 - - [25/Sep/2025:16:00:36 +0300] "GET /get-total-unread HTTP/1.0" 200 4718 "https://pos.qimahsoft.co/products" "Mozilla/5.0 (Windows NT 10.0; Win64; x64) AppleWebKit/537.36 (KHTML, like Gecko) Chrome/140.0.0.0 Safari/537.36"
51.36.33.141 - - [25/Sep/2025:16:00:36 +0300] "GET /get-total-unread HTTP/1.0" 200 4716 "https://pos.qimahsoft.co/sells" "Mozilla/5.0 (Windows NT 10.0; Win64; x64) AppleWebKit/537.36 (KHTML, like Gecko) Chrome/140.0.0.0 Safari/537.36"
51.36.33.141 - - [25/Sep/2025:16:01:36 +0300] "GET /get-total-unread HTTP/1.0" 200 4716 "https://pos.qimahsoft.co/sells" "Mozilla/5.0 (Windows NT 10.0; Win64; x64) AppleWebKit/537.36 (KHTML, like Gecko) Chrome/140.0.0.0 Safari/537.36"
51.36.33.141 - - [25/Sep/2025:16:01:36 +0300] "GET /get-total-unread HTTP/1.0" 200 4722 "https://pos.qimahsoft.co/products" "Mozilla/5.0 (Windows NT 10.0; Win64; x64) AppleWebKit/537.36 (KHTML, like Gecko) Chrome/140.0.0.0 Safari/537.36"
51.36.33.141 - - [25/Sep/2025:16:02:36 +0300] "GET /get-total-unread HTTP/1.0" 200 4722 "https://pos.qimahsoft.co/sells" "Mozilla/5.0 (Windows NT 10.0; Win64; x64) AppleWebKit/537.36 (KHTML, like Gecko) Chrome/140.0.0.0 Safari/537.36"
51.36.33.141 - - [25/Sep/2025:16:02:36 +0300] "GET /get-total-unread HTTP/1.0" 200 4712 "https://pos.qimahsoft.co/products" "Mozilla/5.0 (Windows NT 10.0; Win64; x64) AppleWebKit/537.36 (KHTML, like Gecko) Chrome/140.0.0.0 Safari/537.36"
51.36.33.141 - - [25/Sep/2025:16:03:36 +0300] "GET /get-total-unread HTTP/1.0" 200 4720 "https://pos.qimahsoft.co/products" "Mozilla/5.0 (Windows NT 10.0; Win64; x64) AppleWebKit/537.36 (KHTML, like Gecko) Chrome/140.0.0.0 Safari/537.36"
51.36.33.141 - - [25/Sep/2025:16:03:36 +0300] "GET /get-total-unread HTTP/1.0" 200 4716 "https://pos.qimahsoft.co/sells" "Mozilla/5.0 (Windows NT 10.0; Win64; x64) AppleWebKit/537.36 (KHTML, like Gecko) Chrome/140.0.0.0 Safari/537.36"
51.36.33.141 - - [25/Sep/2025:16:04:36 +0300] "GET /get-total-unread HTTP/1.0" 200 4716 "https://pos.qimahsoft.co/products" "Mozilla/5.0 (Windows NT 10.0; Win64; x64) AppleWebKit/537.36 (KHTML, like Gecko) Chrome/140.0.0.0 Safari/537.36"
51.36.33.141 - - [25/Sep/2025:16:04:36 +0300] "GET /get-total-unread HTTP/1.0" 200 4724 "https://pos.qimahsoft.co/sells" "Mozilla/5.0 (Windows NT 10.0; Win64; x64) AppleWebKit/537.36 (KHTML, like Gecko) Chrome/140.0.0.0 Safari/537.36"
51.36.33.141 - - [25/Sep/2025:16:05:36 +0300] "GET /get-total-unread HTTP/1.0" 200 4718 "https://pos.qimahsoft.co/products" "Mozilla/5.0 (Windows NT 10.0; Win64; x64) AppleWebKit/537.36 (KHTML, like Gecko) Chrome/140.0.0.0 Safari/537.36"
51.36.33.141 - - [25/Sep/2025:16:05:36 +0300] "GET /get-total-unread HTTP/1.0" 200 4716 "https://pos.qimahsoft.co/sells" "Mozilla/5.0 (Windows NT 10.0; Win64; x64) AppleWebKit/537.36 (KHTML, like Gecko) Chrome/140.0.0.0 Safari/537.36"
51.36.33.141 - - [25/Sep/2025:16:06:36 +0300] "GET /get-total-unread HTTP/1.0" 200 4720 "https://pos.qimahsoft.co/products" "Mozilla/5.0 (Windows NT 10.0; Win64; x64) AppleWebKit/537.36 (KHTML, like Gecko) Chrome/140.0.0.0 Safari/537.36"
51.36.33.141 - - [25/Sep/2025:16:06:37 +0300] "GET /get-total-unread HTTP/1.0" 200 4714 "https://pos.qimahsoft.co/sells" "Mozilla/5.0 (Windows NT 10.0; Win64; x64) AppleWebKit/537.36 (KHTML, like Gecko) Chrome/140.0.0.0 Safari/537.36"
51.36.33.141 - - [25/Sep/2025:16:07:36 +0300] "GET /get-total-unread HTTP/1.0" 200 4716 "https://pos.qimahsoft.co/products" "Mozilla/5.0 (Windows NT 10.0; Win64; x64) AppleWebKit/537.36 (KHTML, like Gecko) Chrome/140.0.0.0 Safari/537.36"
51.36.33.141 - - [25/Sep/2025:16:07:36 +0300] "GET /get-total-unread HTTP/1.0" 200 4716 "https://pos.qimahsoft.co/sells" "Mozilla/5.0 (Windows NT 10.0; Win64; x64) AppleWebKit/537.36 (KHTML, like Gecko) Chrome/140.0.0.0 Safari/537.36"
51.36.33.141 - - [25/Sep/2025:16:08:36 +0300] "GET /get-total-unread HTTP/1.0" 200 4724 "https://pos.qimahsoft.co/products" "Mozilla/5.0 (Windows NT 10.0; Win64; x64) AppleWebKit/537.36 (KHTML, like Gecko) Chrome/140.0.0.0 Safari/537.36"
51.36.33.141 - - [25/Sep/2025:16:08:36 +0300] "GET /get-total-unread HTTP/1.0" 200 4712 "https://pos.qimahsoft.co/sells" "Mozilla/5.0 (Windows NT 10.0; Win64; x64) AppleWebKit/537.36 (KHTML, like Gecko) Chrome/140.0.0.0 Safari/537.36"
51.36.33.141 - - [25/Sep/2025:16:09:36 +0300] "GET /get-total-unread HTTP/1.0" 200 4720 "https://pos.qimahsoft.co/sells" "Mozilla/5.0 (Windows NT 10.0; Win64; x64) AppleWebKit/537.36 (KHTML, like Gecko) Chrome/140.0.0.0 Safari/537.36"
51.36.33.141 - - [25/Sep/2025:16:09:36 +0300] "GET /get-total-unread HTTP/1.0" 200 4714 "https://pos.qimahsoft.co/products" "Mozilla/5.0 (Windows NT 10.0; Win64; x64) AppleWebKit/537.36 (KHTML, like Gecko) Chrome/140.0.0.0 Safari/537.36"
51.36.33.141 - - [25/Sep/2025:16:10:36 +0300] "GET /get-total-unread HTTP/1.0" 200 4714 "https://pos.qimahsoft.co/sells" "Mozilla/5.0 (Windows NT 10.0; Win64; x64) AppleWebKit/537.36 (KHTML, like Gecko) Chrome/140.0.0.0 Safari/537.36"
51.36.33.141 - - [25/Sep/2025:16:10:36 +0300] "GET /get-total-unread HTTP/1.0" 200 4716 "https://pos.qimahsoft.co/products" "Mozilla/5.0 (Windows NT 10.0; Win64; x64) AppleWebKit/537.36 (KHTML, like Gecko) Chrome/140.0.0.0 Safari/537.36"
51.36.33.141 - - [25/Sep/2025:16:11:36 +0300] "GET /get-total-unread HTTP/1.0" 200 4716 "https://pos.qimahsoft.co/products" "Mozilla/5.0 (Windows NT 10.0; Win64; x64) AppleWebKit/537.36 (KHTML, like Gecko) Chrome/140.0.0.0 Safari/537.36"
51.36.33.141 - - [25/Sep/2025:16:11:36 +0300] "GET /get-total-unread HTTP/1.0" 200 4716 "https://pos.qimahsoft.co/sells" "Mozilla/5.0 (Windows NT 10.0; Win64; x64) AppleWebKit/537.36 (KHTML, like Gecko) Chrome/140.0.0.0 Safari/537.36"
94.96.221.182 - - [25/Sep/2025:16:12:22 +0300] "GET /home HTTP/1.0" 200 15910 "-" "Mozilla/5.0 (Windows NT 10.0; Win64; x64) AppleWebKit/537.36 (KHTML, like Gecko) Chrome/140.0.0.0 Safari/537.36"
94.96.221.182 - - [25/Sep/2025:16:12:23 +0300] "GET /get-total-unread HTTP/1.0" 200 4718 "https://pos.qimahsoft.co/home" "Mozilla/5.0 (Windows NT 10.0; Win64; x64) AppleWebKit/537.36 (KHTML, like Gecko) Chrome/140.0.0.0 Safari/537.36"
94.96.221.182 - - [25/Sep/2025:16:12:23 +0300] "GET /home/purchase-payment-dues?draw=1&columns%5B0%5D%5Bdata%5D=0&columns%5B0%5D%5Bname%5D=&columns%5B0%5D%5Bsearchable%5D=true&columns%5B0%5D%5Borderable%5D=false&columns%5B0%5D%5Bsearch%5D%5Bvalue%5D=&columns%5B0%5D%5Bsearch%5D%5Bregex%5D=false&columns%5B1%5D%5Bdata%5D=1&columns%5B1%5D%5Bname%5D=&columns%5B1%5D%5Bsearchable%5D=true&columns%5B1%5D%5Borderable%5D=false&columns%5B1%5D%5Bsearch%5D%5Bvalue%5D=&columns%5B1%5D%5Bsearch%5D%5Bregex%5D=false&columns%5B2%5D%5Bdata%5D=2&columns%5B2%5D%5Bname%5D=&columns%5B2%5D%5Bsearchable%5D=true&columns%5B2%5D%5Borderable%5D=false&columns%5B2%5D%5Bsearch%5D%5Bvalue%5D=&columns%5B2%5D%5Bsearch%5D%5Bregex%5D=false&columns%5B3%5D%5Bdata%5D=3&columns%5B3%5D%5Bname%5D=&columns%5B3%5D%5Bsearchable%5D=true&columns%5B3%5D%5Borderable%5D=false&columns%5B3%5D%5Bsearch%5D%5Bvalue%5D=&columns%5B3%5D%5Bsearch%5D%5Bregex%5D=false&start=0&length=25&search%5Bvalue%5D=&search%5Bregex%5D=false&_=1758805942400 HTTP/1.0" 200 4728 "https://pos.qimahsoft.co/home" "Mozilla/5.0 (Windows NT 10.0; Win64; x64) AppleWebKit/537.36 (KHTML, like Gecko) Chrome/140.0.0.0 Safari/537.36"
94.96.221.182 - - [25/Sep/2025:16:12:23 +0300] "GET /home/get-totals?start=2025-09-25&end=2025-09-25&location_id= HTTP/1.0" 200 4974 "https://pos.qimahsoft.co/home" "Mozilla/5.0 (Windows NT 10.0; Win64; x64) AppleWebKit/537.36 (KHTML, like Gecko) Chrome/140.0.0.0 Safari/537.36"
94.96.221.182 - - [25/Sep/2025:16:12:23 +0300] "GET /home/product-stock-alert?draw=1&columns%5B0%5D%5Bdata%5D=0&columns%5B0%5D%5Bname%5D=&columns%5B0%5D%5Bsearchable%5D=true&columns%5B0%5D%5Borderable%5D=false&columns%5B0%5D%5Bsearch%5D%5Bvalue%5D=&columns%5B0%5D%5Bsearch%5D%5Bregex%5D=false&columns%5B1%5D%5Bdata%5D=1&columns%5B1%5D%5Bname%5D=&columns%5B1%5D%5Bsearchable%5D=true&columns%5B1%5D%5Borderable%5D=false&columns%5B1%5D%5Bsearch%5D%5Bvalue%5D=&columns%5B1%5D%5Bsearch%5D%5Bregex%5D=false&columns%5B2%5D%5Bdata%5D=2&columns%5B2%5D%5Bname%5D=&columns%5B2%5D%5Bsearchable%5D=true&columns%5B2%5D%5Borderable%5D=false&columns%5B2%5D%5Bsearch%5D%5Bvalue%5D=&columns%5B2%5D%5Bsearch%5D%5Bregex%5D=false&start=0&length=25&search%5Bvalue%5D=&search%5Bregex%5D=false&_=1758805942399 HTTP/1.0" 200 6668 "https://pos.qimahsoft.co/home" "Mozilla/5.0 (Windows NT 10.0; Win64; x64) AppleWebKit/537.36 (KHTML, like Gecko) Chrome/140.0.0.0 Safari/537.36"
94.96.221.182 - - [25/Sep/2025:16:12:23 +0300] "GET /home/sales-payment-dues?draw=1&columns%5B0%5D%5Bdata%5D=0&columns%5B0%5D%5Bname%5D=&columns%5B0%5D%5Bsearchable%5D=true&columns%5B0%5D%5Borderable%5D=false&columns%5B0%5D%5Bsearch%5D%5Bvalue%5D=&columns%5B0%5D%5Bsearch%5D%5Bregex%5D=false&columns%5B1%5D%5Bdata%5D=1&columns%5B1%5D%5Bname%5D=&columns%5B1%5D%5Bsearchable%5D=true&columns%5B1%5D%5Borderable%5D=false&columns%5B1%5D%5Bsearch%5D%5Bvalue%5D=&columns%5B1%5D%5Bsearch%5D%5Bregex%5D=false&columns%5B2%5D%5Bdata%5D=2&columns%5B2%5D%5Bname%5D=&columns%5B2%5D%5Bsearchable%5D=true&columns%5B2%5D%5Borderable%5D=false&columns%5B2%5D%5Bsearch%5D%5Bvalue%5D=&columns%5B2%5D%5Bsearch%5D%5Bregex%5D=false&columns%5B3%5D%5Bdata%5D=3&columns%5B3%5D%5Bname%5D=&columns%5B3%5D%5Bsearchable%5D=true&columns%5B3%5D%5Borderable%5D=false&columns%5B3%5D%5Bsearch%5D%5Bvalue%5D=&columns%5B3%5D%5Bsearch%5D%5Bregex%5D=false&start=0&length=25&search%5Bvalue%5D=&search%5Bregex%5D=false&_=1758805942401 HTTP/1.0" 200 4730 "https://pos.qimahsoft.co/home" "Mozilla/5.0 (Windows NT 10.0; Win64; x64) AppleWebKit/537.36 (KHTML, like Gecko) Chrome/140.0.0.0 Safari/537.36"
94.96.221.182 - - [25/Sep/2025:16:12:24 +0300] "GET /sells?sale_type=sales_order&draw=1&columns%5B0%5D%5Bdata%5D=action&columns%5B0%5D%5Bname%5D=action&columns%5B0%5D%5Bsearchable%5D=true&columns%5B0%5D%5Borderable%5D=true&columns%5B0%5D%5Bsearch%5D%5Bvalue%5D=&columns%5B0%5D%5Bsearch%5D%5Bregex%5D=false&columns%5B1%5D%5Bdata%5D=transaction_date&columns%5B1%5D%5Bname%5D=transaction_date&columns%5B1%5D%5Bsearchable%5D=true&columns%5B1%5D%5Borderable%5D=true&columns%5B1%5D%5Bsearch%5D%5Bvalue%5D=&columns%5B1%5D%5Bsearch%5D%5Bregex%5D=false&columns%5B2%5D%5Bdata%5D=invoice_no&columns%5B2%5D%5Bname%5D=invoice_no&columns%5B2%5D%5Bsearchable%5D=true&columns%5B2%5D%5Borderable%5D=true&columns%5B2%5D%5Bsearch%5D%5Bvalue%5D=&columns%5B2%5D%5Bsearch%5D%5Bregex%5D=false&columns%5B3%5D%5Bdata%5D=conatct_name&columns%5B3%5D%5Bname%5D=conatct_name&columns%5B3%5D%5Bsearchable%5D=true&columns%5B3%5D%5Borderable%5D=true&columns%5B3%5D%5Bsearch%5D%5Bvalue%5D=&columns%5B3%5D%5Bsearch%5D%5Bregex%5D=false&columns%5B4%5D%5Bdata%5D=mobile&columns%5B4%5D%5Bname%5D=contacts.mobile&columns%5B4%5D%5Bsearchable%5D=true&columns%5B4%5D%5Borderable%5D=true&columns%5B4%5D%5Bsearch%5D%5Bvalue%5D=&columns%5B4%5D%5Bsearch%5D%5Bregex%5D=false&columns%5B5%5D%5Bdata%5D=business_location&columns%5B5%5D%5Bname%5D=bl.name&columns%5B5%5D%5Bsearchable%5D=true&columns%5B5%5D%5Borderable%5D=true&columns%5B5%5D%5Bsearch%5D%5Bvalue%5D=&columns%5B5%5D%5Bsearch%5D%5Bregex%5D=false&columns%5B6%5D%5Bdata%5D=status&columns%5B6%5D%5Bname%5D=status&columns%5B6%5D%5Bsearchable%5D=true&columns%5B6%5D%5Borderable%5D=true&columns%5B6%5D%5Bsearch%5D%5Bvalue%5D=&columns%5B6%5D%5Bsearch%5D%5Bregex%5D=false&columns%5B7%5D%5Bdata%5D=shipping_status&columns%5B7%5D%5Bname%5D=shipping_status&columns%5B7%5D%5Bsearchable%5D=false&columns%5B7%5D%5Borderable%5D=false&columns%5B7%5D%5Bsearch%5D%5Bvalue%5D=&columns%5B7%5D%5Bsearch%5D%5Bregex%5D=false&columns%5B8%5D%5Bdata%5D=so_qty_remaining&columns%5B8%5D%5Bname%5D=so_qty_remaining&columns%5B8%5D%5Bsearchable%5D=false&columns%5B8%5D%5Borderable%5D=true&columns%5B8%5D%5Bsearch%5D%5Bvalue%5D=&columns%5B8%5D%5Bsearch%5D%5Bregex%5D=false&columns%5B9%5D%5Bdata%5D=added_by&columns%5B9%5D%5Bname%5D=u.first_name&columns%5B9%5D%5Bsearchable%5D=true&columns%5B9%5D%5Borderable%5D=true&columns%5B9%5D%5Bsearch%5D%5Bvalue%5D=&columns%5B9%5D%5Bsearch%5D%5Bregex%5D=false&order%5B0%5D%5Bcolumn%5D=1&order%5B0%5D%5Bdir%5D=desc&start=0&length=25&search%5Bvalue%5D=&search%5Bregex%5D=false&for_dashboard_sales_order=true&_=1758805942402 HTTP/1.0" 200 4736 "https://pos.qimahsoft.co/home" "Mozilla/5.0 (Windows NT 10.0; Win64; x64) AppleWebKit/537.36 (KHTML, like Gecko) Chrome/140.0.0.0 Safari/537.36"
94.96.221.182 - - [25/Sep/2025:16:12:24 +0300] "GET /sells?draw=1&columns%5B0%5D%5Bdata%5D=action&columns%5B0%5D%5Bname%5D=action&columns%5B0%5D%5Bsearchable%5D=false&columns%5B0%5D%5Borderable%5D=false&columns%5B0%5D%5Bsearch%5D%5Bvalue%5D=&columns%5B0%5D%5Bsearch%5D%5Bregex%5D=false&columns%5B1%5D%5Bdata%5D=transaction_date&columns%5B1%5D%5Bname%5D=transaction_date&columns%5B1%5D%5Bsearchable%5D=true&columns%5B1%5D%5Borderable%5D=true&columns%5B1%5D%5Bsearch%5D%5Bvalue%5D=&columns%5B1%5D%5Bsearch%5D%5Bregex%5D=false&columns%5B2%5D%5Bdata%5D=invoice_no&columns%5B2%5D%5Bname%5D=invoice_no&columns%5B2%5D%5Bsearchable%5D=true&columns%5B2%5D%5Borderable%5D=true&columns%5B2%5D%5Bsearch%5D%5Bvalue%5D=&columns%5B2%5D%5Bsearch%5D%5Bregex%5D=false&columns%5B3%5D%5Bdata%5D=conatct_name&columns%5B3%5D%5Bname%5D=conatct_name&columns%5B3%5D%5Bsearchable%5D=true&columns%5B3%5D%5Borderable%5D=true&columns%5B3%5D%5Bsearch%5D%5Bvalue%5D=&columns%5B3%5D%5Bsearch%5D%5Bregex%5D=false&columns%5B4%5D%5Bdata%5D=mobile&columns%5B4%5D%5Bname%5D=contacts.mobile&columns%5B4%5D%5Bsearchable%5D=true&columns%5B4%5D%5Borderable%5D=true&columns%5B4%5D%5Bsearch%5D%5Bvalue%5D=&columns%5B4%5D%5Bsearch%5D%5Bregex%5D=false&columns%5B5%5D%5Bdata%5D=business_location&columns%5B5%5D%5Bname%5D=bl.name&columns%5B5%5D%5Bsearchable%5D=true&columns%5B5%5D%5Borderable%5D=true&columns%5B5%5D%5Bsearch%5D%5Bvalue%5D=&columns%5B5%5D%5Bsearch%5D%5Bregex%5D=false&columns%5B6%5D%5Bdata%5D=shipping_status&columns%5B6%5D%5Bname%5D=shipping_status&columns%5B6%5D%5Bsearchable%5D=true&columns%5B6%5D%5Borderable%5D=true&columns%5B6%5D%5Bsearch%5D%5Bvalue%5D=&columns%5B6%5D%5Bsearch%5D%5Bregex%5D=false&columns%5B7%5D%5Bdata%5D=payment_status&columns%5B7%5D%5Bname%5D=payment_status&columns%5B7%5D%5Bsearchable%5D=true&columns%5B7%5D%5Borderable%5D=true&columns%5B7%5D%5Bsearch%5D%5Bvalue%5D=&columns%5B7%5D%5Bsearch%5D%5Bregex%5D=false&columns%5B8%5D%5Bdata%5D=waiter&columns%5B8%5D%5Bname%5D=ss.first_name&columns%5B8%5D%5Bsearchable%5D=true&columns%5B8%5D%5Borderable%5D=true&columns%5B8%5D%5Bsearch%5D%5Bvalue%5D=&columns%5B8%5D%5Bsearch%5D%5Bregex%5D=false&order%5B0%5D%5Bcolumn%5D=1&order%5B0%5D%5Bdir%5D=desc&start=0&length=25&search%5Bvalue%5D=&search%5Bregex%5D=false&only_pending_shipments=true&_=1758805942403 HTTP/1.0" 200 4728 "https://pos.qimahsoft.co/home" "Mozilla/5.0 (Windows NT 10.0; Win64; x64) AppleWebKit/537.36 (KHTML, like Gecko) Chrome/140.0.0.0 Safari/537.36"
51.36.33.141 - - [25/Sep/2025:16:12:36 +0300] "GET /get-total-unread HTTP/1.0" 200 4716 "https://pos.qimahsoft.co/products" "Mozilla/5.0 (Windows NT 10.0; Win64; x64) AppleWebKit/537.36 (KHTML, like Gecko) Chrome/140.0.0.0 Safari/537.36"
51.36.33.141 - - [25/Sep/2025:16:12:36 +0300] "GET /get-total-unread HTTP/1.0" 200 4722 "https://pos.qimahsoft.co/sells" "Mozilla/5.0 (Windows NT 10.0; Win64; x64) AppleWebKit/537.36 (KHTML, like Gecko) Chrome/140.0.0.0 Safari/537.36"
94.96.221.182 - - [25/Sep/2025:16:12:44 +0300] "GET /products/create HTTP/1.0" 200 15024 "https://pos.qimahsoft.co/home" "Mozilla/5.0 (Windows NT 10.0; Win64; x64) AppleWebKit/537.36 (KHTML, like Gecko) Chrome/140.0.0.0 Safari/537.36"
94.96.221.182 - - [25/Sep/2025:16:12:44 +0300] "GET /get-total-unread HTTP/1.0" 200 4716 "https://pos.qimahsoft.co/products/create" "Mozilla/5.0 (Windows NT 10.0; Win64; x64) AppleWebKit/537.36 (KHTML, like Gecko) Chrome/140.0.0.0 Safari/537.36"
51.36.33.141 - - [25/Sep/2025:16:13:36 +0300] "GET /get-total-unread HTTP/1.0" 200 4712 "https://pos.qimahsoft.co/sells" "Mozilla/5.0 (Windows NT 10.0; Win64; x64) AppleWebKit/537.36 (KHTML, like Gecko) Chrome/140.0.0.0 Safari/537.36"
51.36.33.141 - - [25/Sep/2025:16:13:36 +0300] "GET /get-total-unread HTTP/1.0" 200 4716 "https://pos.qimahsoft.co/products" "Mozilla/5.0 (Windows NT 10.0; Win64; x64) AppleWebKit/537.36 (KHTML, like Gecko) Chrome/140.0.0.0 Safari/537.36"
94.96.221.182 - - [25/Sep/2025:16:13:45 +0300] "GET /get-total-unread HTTP/1.0" 200 4724 "https://pos.qimahsoft.co/products/create" "Mozilla/5.0 (Windows NT 10.0; Win64; x64) AppleWebKit/537.36 (KHTML, like Gecko) Chrome/140.0.0.0 Safari/537.36"
51.36.33.141 - - [25/Sep/2025:16:14:36 +0300] "GET /get-total-unread HTTP/1.0" 200 4716 "https://pos.qimahsoft.co/sells" "Mozilla/5.0 (Windows NT 10.0; Win64; x64) AppleWebKit/537.36 (KHTML, like Gecko) Chrome/140.0.0.0 Safari/537.36"
51.36.33.141 - - [25/Sep/2025:16:14:36 +0300] "GET /get-total-unread HTTP/1.0" 200 4716 "https://pos.qimahsoft.co/products" "Mozilla/5.0 (Windows NT 10.0; Win64; x64) AppleWebKit/537.36 (KHTML, like Gecko) Chrome/140.0.0.0 Safari/537.36"
94.96.221.182 - - [25/Sep/2025:16:14:48 +0300] "GET /get-total-unread HTTP/1.0" 200 4714 "https://pos.qimahsoft.co/products/create" "Mozilla/5.0 (Windows NT 10.0; Win64; x64) AppleWebKit/537.36 (KHTML, like Gecko) Chrome/140.0.0.0 Safari/537.36"
51.36.33.141 - - [25/Sep/2025:16:15:36 +0300] "GET /get-total-unread HTTP/1.0" 200 4716 "https://pos.qimahsoft.co/products" "Mozilla/5.0 (Windows NT 10.0; Win64; x64) AppleWebKit/537.36 (KHTML, like Gecko) Chrome/140.0.0.0 Safari/537.36"
51.36.33.141 - - [25/Sep/2025:16:15:36 +0300] "GET /get-total-unread HTTP/1.0" 200 4716 "https://pos.qimahsoft.co/sells" "Mozilla/5.0 (Windows NT 10.0; Win64; x64) AppleWebKit/537.36 (KHTML, like Gecko) Chrome/140.0.0.0 Safari/537.36"
94.96.221.182 - - [25/Sep/2025:16:15:46 +0300] "GET /get-total-unread HTTP/1.0" 200 4714 "https://pos.qimahsoft.co/products/create" "Mozilla/5.0 (Windows NT 10.0; Win64; x64) AppleWebKit/537.36 (KHTML, like Gecko) Chrome/140.0.0.0 Safari/537.36"
51.36.33.141 - - [25/Sep/2025:16:16:36 +0300] "GET /get-total-unread HTTP/1.0" 200 4716 "https://pos.qimahsoft.co/sells" "Mozilla/5.0 (Windows NT 10.0; Win64; x64) AppleWebKit/537.36 (KHTML, like Gecko) Chrome/140.0.0.0 Safari/537.36"
51.36.33.141 - - [25/Sep/2025:16:16:36 +0300] "GET /get-total-unread HTTP/1.0" 200 4718 "https://pos.qimahsoft.co/products" "Mozilla/5.0 (Windows NT 10.0; Win64; x64) AppleWebKit/537.36 (KHTML, like Gecko) Chrome/140.0.0.0 Safari/537.36"
94.96.221.182 - - [25/Sep/2025:16:16:53 +0300] "GET /get-total-unread HTTP/1.0" 200 4724 "https://pos.qimahsoft.co/products/create" "Mozilla/5.0 (Windows NT 10.0; Win64; x64) AppleWebKit/537.36 (KHTML, like Gecko) Chrome/140.0.0.0 Safari/537.36"
51.36.33.141 - - [25/Sep/2025:16:17:36 +0300] "GET /get-total-unread HTTP/1.0" 200 4718 "https://pos.qimahsoft.co/products" "Mozilla/5.0 (Windows NT 10.0; Win64; x64) AppleWebKit/537.36 (KHTML, like Gecko) Chrome/140.0.0.0 Safari/537.36"
51.36.33.141 - - [25/Sep/2025:16:17:36 +0300] "GET /get-total-unread HTTP/1.0" 200 4714 "https://pos.qimahsoft.co/sells" "Mozilla/5.0 (Windows NT 10.0; Win64; x64) AppleWebKit/537.36 (KHTML, like Gecko) Chrome/140.0.0.0 Safari/537.36"
94.96.221.182 - - [25/Sep/2025:16:17:45 +0300] "GET /get-total-unread HTTP/1.0" 200 4720 "https://pos.qimahsoft.co/products/create" "Mozilla/5.0 (Windows NT 10.0; Win64; x64) AppleWebKit/537.36 (KHTML, like Gecko) Chrome/140.0.0.0 Safari/537.36"
51.36.33.141 - - [25/Sep/2025:16:18:36 +0300] "GET /get-total-unread HTTP/1.0" 200 4720 "https://pos.qimahsoft.co/sells" "Mozilla/5.0 (Windows NT 10.0; Win64; x64) AppleWebKit/537.36 (KHTML, like Gecko) Chrome/140.0.0.0 Safari/537.36"
51.36.33.141 - - [25/Sep/2025:16:18:36 +0300] "GET /get-total-unread HTTP/1.0" 200 4718 "https://pos.qimahsoft.co/products" "Mozilla/5.0 (Windows NT 10.0; Win64; x64) AppleWebKit/537.36 (KHTML, like Gecko) Chrome/140.0.0.0 Safari/537.36"
51.36.33.141 - - [25/Sep/2025:16:19:36 +0300] "GET /get-total-unread HTTP/1.0" 200 4714 "https://pos.qimahsoft.co/products" "Mozilla/5.0 (Windows NT 10.0; Win64; x64) AppleWebKit/537.36 (KHTML, like Gecko) Chrome/140.0.0.0 Safari/537.36"
51.36.33.141 - - [25/Sep/2025:16:19:36 +0300] "GET /get-total-unread HTTP/1.0" 200 4716 "https://pos.qimahsoft.co/sells" "Mozilla/5.0 (Windows NT 10.0; Win64; x64) AppleWebKit/537.36 (KHTML, like Gecko) Chrome/140.0.0.0 Safari/537.36"
51.36.33.141 - - [25/Sep/2025:16:20:36 +0300] "GET /get-total-unread HTTP/1.0" 200 4718 "https://pos.qimahsoft.co/sells" "Mozilla/5.0 (Windows NT 10.0; Win64; x64) AppleWebKit/537.36 (KHTML, like Gecko) Chrome/140.0.0.0 Safari/537.36"
51.36.33.141 - - [25/Sep/2025:16:20:36 +0300] "GET /get-total-unread HTTP/1.0" 200 4724 "https://pos.qimahsoft.co/products" "Mozilla/5.0 (Windows NT 10.0; Win64; x64) AppleWebKit/537.36 (KHTML, like Gecko) Chrome/140.0.0.0 Safari/537.36"
51.36.33.141 - - [25/Sep/2025:16:21:36 +0300] "GET /get-total-unread HTTP/1.0" 200 4718 "https://pos.qimahsoft.co/sells" "Mozilla/5.0 (Windows NT 10.0; Win64; x64) AppleWebKit/537.36 (KHTML, like Gecko) Chrome/140.0.0.0 Safari/537.36"
51.36.33.141 - - [25/Sep/2025:16:21:36 +0300] "GET /get-total-unread HTTP/1.0" 200 4716 "https://pos.qimahsoft.co/products" "Mozilla/5.0 (Windows NT 10.0; Win64; x64) AppleWebKit/537.36 (KHTML, like Gecko) Chrome/140.0.0.0 Safari/537.36"
51.36.33.141 - - [25/Sep/2025:16:22:36 +0300] "GET /get-total-unread HTTP/1.0" 200 4722 "https://pos.qimahsoft.co/sells" "Mozilla/5.0 (Windows NT 10.0; Win64; x64) AppleWebKit/537.36 (KHTML, like Gecko) Chrome/140.0.0.0 Safari/537.36"
51.36.33.141 - - [25/Sep/2025:16:22:36 +0300] "GET /get-total-unread HTTP/1.0" 200 4714 "https://pos.qimahsoft.co/products" "Mozilla/5.0 (Windows NT 10.0; Win64; x64) AppleWebKit/537.36 (KHTML, like Gecko) Chrome/140.0.0.0 Safari/537.36"
51.36.33.141 - - [25/Sep/2025:16:23:36 +0300] "GET /get-total-unread HTTP/1.0" 200 4714 "https://pos.qimahsoft.co/products" "Mozilla/5.0 (Windows NT 10.0; Win64; x64) AppleWebKit/537.36 (KHTML, like Gecko) Chrome/140.0.0.0 Safari/537.36"
51.36.33.141 - - [25/Sep/2025:16:23:36 +0300] "GET /get-total-unread HTTP/1.0" 200 4718 "https://pos.qimahsoft.co/sells" "Mozilla/5.0 (Windows NT 10.0; Win64; x64) AppleWebKit/537.36 (KHTML, like Gecko) Chrome/140.0.0.0 Safari/537.36"
51.36.33.141 - - [25/Sep/2025:16:24:36 +0300] "GET /get-total-unread HTTP/1.0" 200 4718 "https://pos.qimahsoft.co/products" "Mozilla/5.0 (Windows NT 10.0; Win64; x64) AppleWebKit/537.36 (KHTML, like Gecko) Chrome/140.0.0.0 Safari/537.36"
51.36.33.141 - - [25/Sep/2025:16:24:36 +0300] "GET /get-total-unread HTTP/1.0" 200 4714 "https://pos.qimahsoft.co/sells" "Mozilla/5.0 (Windows NT 10.0; Win64; x64) AppleWebKit/537.36 (KHTML, like Gecko) Chrome/140.0.0.0 Safari/537.36"
51.36.33.141 - - [25/Sep/2025:16:25:36 +0300] "GET /get-total-unread HTTP/1.0" 200 4716 "https://pos.qimahsoft.co/products" "Mozilla/5.0 (Windows NT 10.0; Win64; x64) AppleWebKit/537.36 (KHTML, like Gecko) Chrome/140.0.0.0 Safari/537.36"
51.36.33.141 - - [25/Sep/2025:16:25:36 +0300] "GET /get-total-unread HTTP/1.0" 200 4718 "https://pos.qimahsoft.co/sells" "Mozilla/5.0 (Windows NT 10.0; Win64; x64) AppleWebKit/537.36 (KHTML, like Gecko) Chrome/140.0.0.0 Safari/537.36"
51.36.33.141 - - [25/Sep/2025:16:26:36 +0300] "GET /get-total-unread HTTP/1.0" 200 4718 "https://pos.qimahsoft.co/products" "Mozilla/5.0 (Windows NT 10.0; Win64; x64) AppleWebKit/537.36 (KHTML, like Gecko) Chrome/140.0.0.0 Safari/537.36"
51.36.33.141 - - [25/Sep/2025:16:26:36 +0300] "GET /get-total-unread HTTP/1.0" 200 4712 "https://pos.qimahsoft.co/sells" "Mozilla/5.0 (Windows NT 10.0; Win64; x64) AppleWebKit/537.36 (KHTML, like Gecko) Chrome/140.0.0.0 Safari/537.36"
51.36.33.141 - - [25/Sep/2025:16:27:36 +0300] "GET /get-total-unread HTTP/1.0" 200 4714 "https://pos.qimahsoft.co/products" "Mozilla/5.0 (Windows NT 10.0; Win64; x64) AppleWebKit/537.36 (KHTML, like Gecko) Chrome/140.0.0.0 Safari/537.36"
51.36.33.141 - - [25/Sep/2025:16:27:36 +0300] "GET /get-total-unread HTTP/1.0" 200 4722 "https://pos.qimahsoft.co/sells" "Mozilla/5.0 (Windows NT 10.0; Win64; x64) AppleWebKit/537.36 (KHTML, like Gecko) Chrome/140.0.0.0 Safari/537.36"
94.98.112.92 - - [25/Sep/2025:16:28:28 +0300] "GET /get-total-unread HTTP/1.0" 200 4716 "https://pos.qimahsoft.co/products/create" "Mozilla/5.0 (Windows NT 10.0; Win64; x64) AppleWebKit/537.36 (KHTML, like Gecko) Chrome/140.0.0.0 Safari/537.36"
51.36.33.141 - - [25/Sep/2025:16:28:36 +0300] "GET /get-total-unread HTTP/1.0" 200 4718 "https://pos.qimahsoft.co/products" "Mozilla/5.0 (Windows NT 10.0; Win64; x64) AppleWebKit/537.36 (KHTML, like Gecko) Chrome/140.0.0.0 Safari/537.36"
94.98.112.92 - - [25/Sep/2025:16:28:36 +0300] "POST /products HTTP/1.0" 302 5109 "https://pos.qimahsoft.co/products/create" "Mozilla/5.0 (Windows NT 10.0; Win64; x64) AppleWebKit/537.36 (KHTML, like Gecko) Chrome/140.0.0.0 Safari/537.36"
51.36.33.141 - - [25/Sep/2025:16:28:36 +0300] "GET /get-total-unread HTTP/1.0" 200 4714 "https://pos.qimahsoft.co/sells" "Mozilla/5.0 (Windows NT 10.0; Win64; x64) AppleWebKit/537.36 (KHTML, like Gecko) Chrome/140.0.0.0 Safari/537.36"
94.98.112.92 - - [25/Sep/2025:16:28:37 +0300] "GET /products HTTP/1.0" 200 16847 "https://pos.qimahsoft.co/products/create" "Mozilla/5.0 (Windows NT 10.0; Win64; x64) AppleWebKit/537.36 (KHTML, like Gecko) Chrome/140.0.0.0 Safari/537.36"
94.98.112.92 - - [25/Sep/2025:16:28:38 +0300] "GET /get-total-unread HTTP/1.0" 200 4724 "https://pos.qimahsoft.co/products" "Mozilla/5.0 (Windows NT 10.0; Win64; x64) AppleWebKit/537.36 (KHTML, like Gecko) Chrome/140.0.0.0 Safari/537.36"
94.98.112.92 - - [25/Sep/2025:16:28:38 +0300] "GET /products?draw=1&columns%5B0%5D%5Bdata%5D=mass_delete&columns%5B0%5D%5Bname%5D=&columns%5B0%5D%5Bsearchable%5D=false&columns%5B0%5D%5Borderable%5D=false&columns%5B1%5D%5Bdata%5D=image&columns%5B1%5D%5Bname%5D=products.image&columns%5B1%5D%5Bsearchable%5D=false&columns%5B1%5D%5Borderable%5D=false&columns%5B2%5D%5Bdata%5D=action&columns%5B2%5D%5Bsearchable%5D=false&columns%5B2%5D%5Borderable%5D=false&columns%5B3%5D%5Bdata%5D=product&columns%5B3%5D%5Bname%5D=products.name&columns%5B4%5D%5Bdata%5D=product_locations&columns%5B5%5D%5Bdata%5D=purchase_price&columns%5B5%5D%5Bname%5D=max_purchase_price&columns%5B5%5D%5Bsearchable%5D=false&columns%5B6%5D%5Bdata%5D=selling_price&columns%5B6%5D%5Bname%5D=max_price&columns%5B6%5D%5Bsearchable%5D=false&columns%5B7%5D%5Bdata%5D=current_stock&columns%5B7%5D%5Bname%5D=&columns%5B7%5D%5Bsearchable%5D=false&columns%5B8%5D%5Bdata%5D=type&columns%5B8%5D%5Bname%5D=products.type&columns%5B9%5D%5Bdata%5D=category&columns%5B9%5D%5Bname%5D=c1.name&columns%5B10%5D%5Bdata%5D=brand&columns%5B10%5D%5Bname%5D=brands.name&columns%5B11%5D%5Bdata%5D=tax&columns%5B11%5D%5Bname%5D=tax_rates.name&columns%5B11%5D%5Bsearchable%5D=false&columns%5B12%5D%5Bdata%5D=sku&columns%5B12%5D%5Bname%5D=products.sku&columns%5B13%5D%5Bdata%5D=product_custom_field1&columns%5B13%5D%5Bname%5D=products.product_custom_field1&columns%5B14%5D%5Bdata%5D=product_custom_field2&columns%5B14%5D%5Bname%5D=products.product_custom_field2&columns%5B15%5D%5Bdata%5D=product_custom_field3&columns%5B15%5D%5Bname%5D=products.product_custom_field3&columns%5B16%5D%5Bdata%5D=product_custom_field4&columns%5B16%5D%5Bname%5D=products.product_custom_field4&order%5B0%5D%5Bcolumn%5D=3&order%5B0%5D%5Bdir%5D=asc&start=0&length=25&search%5Bvalue%5D=&type=&category_id=&brand_id=&unit_id=&tax_id=&active_state=&not_for_selling=false&location_id=&_=1758806917552 HTTP/1.0" 200 87003 "https://pos.qimahsoft.co/products" "Mozilla/5.0 (Windows NT 10.0; Win64; x64) AppleWebKit/537.36 (KHTML, like Gecko) Chrome/140.0.0.0 Safari/537.36"
94.98.112.92 - - [25/Sep/2025:16:28:46 +0300] "GET /pos/create HTTP/1.0" 200 19322 "https://pos.qimahsoft.co/products" "Mozilla/5.0 (Windows NT 10.0; Win64; x64) AppleWebKit/537.36 (KHTML, like Gecko) Chrome/140.0.0.0 Safari/537.36"
94.98.112.92 - - [25/Sep/2025:16:28:46 +0300] "GET /sells/pos/get-product-suggestion?brand_id=all&location_id=52&page=1&is_enabled_stock=&repair_model_id= HTTP/1.0" 200 7335 "https://pos.qimahsoft.co/pos/create" "Mozilla/5.0 (Windows NT 10.0; Win64; x64) AppleWebKit/537.36 (KHTML, like Gecko) Chrome/140.0.0.0 Safari/537.36"
94.98.112.92 - - [25/Sep/2025:16:29:30 +0300] "GET /contacts/customers?q=%D8%B4 HTTP/1.0" 200 12314 "https://pos.qimahsoft.co/pos/create" "Mozilla/5.0 (Windows NT 10.0; Win64; x64) AppleWebKit/537.36 (KHTML, like Gecko) Chrome/140.0.0.0 Safari/537.36"
94.98.112.92 - - [25/Sep/2025:16:29:31 +0300] "GET /contacts/customers?q=%D8%B4%D8%B1 HTTP/1.0" 200 10097 "https://pos.qimahsoft.co/pos/create" "Mozilla/5.0 (Windows NT 10.0; Win64; x64) AppleWebKit/537.36 (KHTML, like Gecko) Chrome/140.0.0.0 Safari/537.36"
94.98.112.92 - - [25/Sep/2025:16:29:32 +0300] "GET /contacts/customers?q=%D8%B4%D8%B1%D9%83 HTTP/1.0" 200 9998 "https://pos.qimahsoft.co/pos/create" "Mozilla/5.0 (Windows NT 10.0; Win64; x64) AppleWebKit/537.36 (KHTML, like Gecko) Chrome/140.0.0.0 Safari/537.36"
94.98.112.92 - - [25/Sep/2025:16:29:32 +0300] "GET /contacts/customers?q=%D8%B4%D8%B1%D9%83%D9%87 HTTP/1.0" 200 5463 "https://pos.qimahsoft.co/pos/create" "Mozilla/5.0 (Windows NT 10.0; Win64; x64) AppleWebKit/537.36 (KHTML, like Gecko) Chrome/140.0.0.0 Safari/537.36"
94.98.112.92 - - [25/Sep/2025:16:29:34 +0300] "GET /contacts/customers?q=%D8%B4%D8%B1%D9%83%D9%87%20 HTTP/1.0" 200 5457 "https://pos.qimahsoft.co/pos/create" "Mozilla/5.0 (Windows NT 10.0; Win64; x64) AppleWebKit/537.36 (KHTML, like Gecko) Chrome/140.0.0.0 Safari/537.36"
94.98.112.92 - - [25/Sep/2025:16:29:35 +0300] "GET /contacts/customers?q=%D8%B4%D8%B1%D9%83%D9%87%20%D8%A7%D9%84%D8%A7 HTTP/1.0" 200 4772 "https://pos.qimahsoft.co/pos/create" "Mozilla/5.0 (Windows NT 10.0; Win64; x64) AppleWebKit/537.36 (KHTML, like Gecko) Chrome/140.0.0.0 Safari/537.36"
94.98.112.92 - - [25/Sep/2025:16:29:36 +0300] "GET /contacts/customers?q=%D8%B4%D8%B1%D9%83%D9%87%20%D8%A7%D9%84%D8%A7%D9%82 HTTP/1.0" 200 4770 "https://pos.qimahsoft.co/pos/create" "Mozilla/5.0 (Windows NT 10.0; Win64; x64) AppleWebKit/537.36 (KHTML, like Gecko) Chrome/140.0.0.0 Safari/537.36"
51.36.33.141 - - [25/Sep/2025:16:29:36 +0300] "GET /get-total-unread HTTP/1.0" 200 4714 "https://pos.qimahsoft.co/sells" "Mozilla/5.0 (Windows NT 10.0; Win64; x64) AppleWebKit/537.36 (KHTML, like Gecko) Chrome/140.0.0.0 Safari/537.36"
51.36.33.141 - - [25/Sep/2025:16:29:36 +0300] "GET /get-total-unread HTTP/1.0" 200 4716 "https://pos.qimahsoft.co/products" "Mozilla/5.0 (Windows NT 10.0; Win64; x64) AppleWebKit/537.36 (KHTML, like Gecko) Chrome/140.0.0.0 Safari/537.36"
94.98.112.92 - - [25/Sep/2025:16:29:47 +0300] "GET /contacts/customers?q=%D8%B4%D8%B1%D9%83%D9%87 HTTP/1.0" 200 5461 "https://pos.qimahsoft.co/pos/create" "Mozilla/5.0 (Windows NT 10.0; Win64; x64) AppleWebKit/537.36 (KHTML, like Gecko) Chrome/140.0.0.0 Safari/537.36"
94.98.112.92 - - [25/Sep/2025:16:29:47 +0300] "GET /contacts/customers?q=%D8%B4%D8%B1%D9%83 HTTP/1.0" 200 9996 "https://pos.qimahsoft.co/pos/create" "Mozilla/5.0 (Windows NT 10.0; Win64; x64) AppleWebKit/537.36 (KHTML, like Gecko) Chrome/140.0.0.0 Safari/537.36"
94.98.112.92 - - [25/Sep/2025:16:29:48 +0300] "GET /contacts/customers?q=%D8%B4%D8%B1%D9%83%D8%A9 HTTP/1.0" 200 9669 "https://pos.qimahsoft.co/pos/create" "Mozilla/5.0 (Windows NT 10.0; Win64; x64) AppleWebKit/537.36 (KHTML, like Gecko) Chrome/140.0.0.0 Safari/537.36"
94.98.112.92 - - [25/Sep/2025:16:29:50 +0300] "GET /contacts/customers?q=%D8%B4%D8%B1%D9%83%D8%A9%20 HTTP/1.0" 200 9671 "https://pos.qimahsoft.co/pos/create" "Mozilla/5.0 (Windows NT 10.0; Win64; x64) AppleWebKit/537.36 (KHTML, like Gecko) Chrome/140.0.0.0 Safari/537.36"
94.98.112.92 - - [25/Sep/2025:16:29:51 +0300] "GET /contacts/customers?q=%D8%B4%D8%B1%D9%83%D8%A9%20%D8%A7%D9%84%D8%A7 HTTP/1.0" 200 5151 "https://pos.qimahsoft.co/pos/create" "Mozilla/5.0 (Windows NT 10.0; Win64; x64) AppleWebKit/537.36 (KHTML, like Gecko) Chrome/140.0.0.0 Safari/537.36"
94.98.112.92 - - [25/Sep/2025:16:29:51 +0300] "GET /contacts/customers?q=%D8%B4%D8%B1%D9%83%D8%A9%20%D8%A7%D9%84%D8%A7%D9%82 HTTP/1.0" 200 5080 "https://pos.qimahsoft.co/pos/create" "Mozilla/5.0 (Windows NT 10.0; Win64; x64) AppleWebKit/537.36 (KHTML, like Gecko) Chrome/140.0.0.0 Safari/537.36"
94.98.112.92 - - [25/Sep/2025:16:29:53 +0300] "GET /get-contact-due/4195 HTTP/1.0" 200 4700 "https://pos.qimahsoft.co/pos/create" "Mozilla/5.0 (Windows NT 10.0; Win64; x64) AppleWebKit/537.36 (KHTML, like Gecko) Chrome/140.0.0.0 Safari/537.36"
94.98.112.92 - - [25/Sep/2025:16:30:02 +0300] "GET /products/list?price_group=&location_id=52&term=7%20%D9%84%D8%AA&not_for_selling=0&search_fields%5B%5D=name&search_fields%5B%5D=sku HTTP/1.0" 200 5031 "https://pos.qimahsoft.co/pos/create" "Mozilla/5.0 (Windows NT 10.0; Win64; x64) AppleWebKit/537.36 (KHTML, like Gecko) Chrome/140.0.0.0 Safari/537.36"
94.98.112.92 - - [25/Sep/2025:16:30:03 +0300] "GET /sells/pos/get_product_row/24499/52?product_row=0&customer_id=4195&is_direct_sell=false&price_group=NaN&purchase_line_id=&weighing_scale_barcode=&quantity=1&is_sales_order=false HTTP/1.0" 200 11470 "https://pos.qimahsoft.co/pos/create" "Mozilla/5.0 (Windows NT 10.0; Win64; x64) AppleWebKit/537.36 (KHTML, like Gecko) Chrome/140.0.0.0 Safari/537.36"
94.98.112.92 - - [25/Sep/2025:16:30:14 +0300] "POST /pos HTTP/1.0" 200 16022 "https://pos.qimahsoft.co/pos/create" "Mozilla/5.0 (Windows NT 10.0; Win64; x64) AppleWebKit/537.36 (KHTML, like Gecko) Chrome/140.0.0.0 Safari/537.36"
51.36.33.141 - - [25/Sep/2025:16:30:36 +0300] "GET /get-total-unread HTTP/1.0" 200 4718 "https://pos.qimahsoft.co/sells" "Mozilla/5.0 (Windows NT 10.0; Win64; x64) AppleWebKit/537.36 (KHTML, like Gecko) Chrome/140.0.0.0 Safari/537.36"
51.36.33.141 - - [25/Sep/2025:16:30:36 +0300] "GET /get-total-unread HTTP/1.0" 200 4716 "https://pos.qimahsoft.co/products" "Mozilla/5.0 (Windows NT 10.0; Win64; x64) AppleWebKit/537.36 (KHTML, like Gecko) Chrome/140.0.0.0 Safari/537.36"
51.36.33.141 - - [25/Sep/2025:16:31:36 +0300] "GET /get-total-unread HTTP/1.0" 200 4714 "https://pos.qimahsoft.co/products" "Mozilla/5.0 (Windows NT 10.0; Win64; x64) AppleWebKit/537.36 (KHTML, like Gecko) Chrome/140.0.0.0 Safari/537.36"
51.36.33.141 - - [25/Sep/2025:16:31:36 +0300] "GET /get-total-unread HTTP/1.0" 200 4714 "https://pos.qimahsoft.co/sells" "Mozilla/5.0 (Windows NT 10.0; Win64; x64) AppleWebKit/537.36 (KHTML, like Gecko) Chrome/140.0.0.0 Safari/537.36"
51.36.33.141 - - [25/Sep/2025:16:32:36 +0300] "GET /get-total-unread HTTP/1.0" 200 4714 "https://pos.qimahsoft.co/products" "Mozilla/5.0 (Windows NT 10.0; Win64; x64) AppleWebKit/537.36 (KHTML, like Gecko) Chrome/140.0.0.0 Safari/537.36"
