51.36.33.141 - - [25/Sep/2025:13:37:36 +0300] "GET /get-total-unread HTTP/1.0" 200 4724 "https://pos.qimahsoft.co/sells" "Mozilla/5.0 (Windows NT 10.0; Win64; x64) AppleWebKit/537.36 (KHTML, like Gecko) Chrome/140.0.0.0 Safari/537.36"
89.39.107.198 - - [25/Sep/2025:13:37:40 +0300] "GET /get-total-unread HTTP/1.0" 200 4714 "https://pos.qimahsoft.co/home" "Mozilla/5.0 (Windows NT 10.0; Win64; x64) AppleWebKit/537.36 (KHTML, like Gecko) Chrome/140.0.0.0 Safari/537.36"
51.36.33.141 - - [25/Sep/2025:13:38:36 +0300] "GET /get-total-unread HTTP/1.0" 200 4720 "https://pos.qimahsoft.co/sells" "Mozilla/5.0 (Windows NT 10.0; Win64; x64) AppleWebKit/537.36 (KHTML, like Gecko) Chrome/140.0.0.0 Safari/537.36"
51.36.33.141 - - [25/Sep/2025:13:38:36 +0300] "GET /get-total-unread HTTP/1.0" 200 4720 "https://pos.qimahsoft.co/products" "Mozilla/5.0 (Windows NT 10.0; Win64; x64) AppleWebKit/537.36 (KHTML, like Gecko) Chrome/140.0.0.0 Safari/537.36"
89.39.107.198 - - [25/Sep/2025:13:38:40 +0300] "GET /get-total-unread HTTP/1.0" 200 4722 "https://pos.qimahsoft.co/home" "Mozilla/5.0 (Windows NT 10.0; Win64; x64) AppleWebKit/537.36 (KHTML, like Gecko) Chrome/140.0.0.0 Safari/537.36"
89.39.107.198 - - [25/Sep/2025:13:39:01 +0300] "GET /get-total-unread HTTP/1.0" 200 4714 "https://pos.qimahsoft.co/home" "Mozilla/5.0 (Windows NT 10.0; Win64; x64) AppleWebKit/537.36 (KHTML, like Gecko) Chrome/140.0.0.0 Safari/537.36"
51.36.33.141 - - [25/Sep/2025:13:39:36 +0300] "GET /get-total-unread HTTP/1.0" 200 4712 "https://pos.qimahsoft.co/sells" "Mozilla/5.0 (Windows NT 10.0; Win64; x64) AppleWebKit/537.36 (KHTML, like Gecko) Chrome/140.0.0.0 Safari/537.36"
51.36.33.141 - - [25/Sep/2025:13:39:36 +0300] "GET /get-total-unread HTTP/1.0" 200 4720 "https://pos.qimahsoft.co/products" "Mozilla/5.0 (Windows NT 10.0; Win64; x64) AppleWebKit/537.36 (KHTML, like Gecko) Chrome/140.0.0.0 Safari/537.36"
51.36.33.141 - - [25/Sep/2025:13:40:36 +0300] "GET /get-total-unread HTTP/1.0" 200 4712 "https://pos.qimahsoft.co/products" "Mozilla/5.0 (Windows NT 10.0; Win64; x64) AppleWebKit/537.36 (KHTML, like Gecko) Chrome/140.0.0.0 Safari/537.36"
51.36.33.141 - - [25/Sep/2025:13:40:36 +0300] "GET /get-total-unread HTTP/1.0" 200 4714 "https://pos.qimahsoft.co/sells" "Mozilla/5.0 (Windows NT 10.0; Win64; x64) AppleWebKit/537.36 (KHTML, like Gecko) Chrome/140.0.0.0 Safari/537.36"
89.39.107.198 - - [25/Sep/2025:13:40:40 +0300] "GET /get-total-unread HTTP/1.0" 200 4720 "https://pos.qimahsoft.co/home" "Mozilla/5.0 (Windows NT 10.0; Win64; x64) AppleWebKit/537.36 (KHTML, like Gecko) Chrome/140.0.0.0 Safari/537.36"
51.36.33.141 - - [25/Sep/2025:13:41:36 +0300] "GET /get-total-unread HTTP/1.0" 200 4716 "https://pos.qimahsoft.co/products" "Mozilla/5.0 (Windows NT 10.0; Win64; x64) AppleWebKit/537.36 (KHTML, like Gecko) Chrome/140.0.0.0 Safari/537.36"
51.36.33.141 - - [25/Sep/2025:13:41:36 +0300] "GET /get-total-unread HTTP/1.0" 200 4712 "https://pos.qimahsoft.co/sells" "Mozilla/5.0 (Windows NT 10.0; Win64; x64) AppleWebKit/537.36 (KHTML, like Gecko) Chrome/140.0.0.0 Safari/537.36"
89.39.107.198 - - [25/Sep/2025:13:41:40 +0300] "GET /get-total-unread HTTP/1.0" 200 4716 "https://pos.qimahsoft.co/home" "Mozilla/5.0 (Windows NT 10.0; Win64; x64) AppleWebKit/537.36 (KHTML, like Gecko) Chrome/140.0.0.0 Safari/537.36"
51.36.33.141 - - [25/Sep/2025:13:42:36 +0300] "GET /get-total-unread HTTP/1.0" 200 4714 "https://pos.qimahsoft.co/sells" "Mozilla/5.0 (Windows NT 10.0; Win64; x64) AppleWebKit/537.36 (KHTML, like Gecko) Chrome/140.0.0.0 Safari/537.36"
51.36.33.141 - - [25/Sep/2025:13:42:36 +0300] "GET /get-total-unread HTTP/1.0" 200 4728 "https://pos.qimahsoft.co/products" "Mozilla/5.0 (Windows NT 10.0; Win64; x64) AppleWebKit/537.36 (KHTML, like Gecko) Chrome/140.0.0.0 Safari/537.36"
89.39.107.198 - - [25/Sep/2025:13:42:40 +0300] "GET /get-total-unread HTTP/1.0" 200 4716 "https://pos.qimahsoft.co/home" "Mozilla/5.0 (Windows NT 10.0; Win64; x64) AppleWebKit/537.36 (KHTML, like Gecko) Chrome/140.0.0.0 Safari/537.36"
51.36.33.141 - - [25/Sep/2025:13:43:36 +0300] "GET /get-total-unread HTTP/1.0" 200 4714 "https://pos.qimahsoft.co/products" "Mozilla/5.0 (Windows NT 10.0; Win64; x64) AppleWebKit/537.36 (KHTML, like Gecko) Chrome/140.0.0.0 Safari/537.36"
51.36.33.141 - - [25/Sep/2025:13:43:36 +0300] "GET /get-total-unread HTTP/1.0" 200 4714 "https://pos.qimahsoft.co/sells" "Mozilla/5.0 (Windows NT 10.0; Win64; x64) AppleWebKit/537.36 (KHTML, like Gecko) Chrome/140.0.0.0 Safari/537.36"
89.39.107.198 - - [25/Sep/2025:13:43:40 +0300] "GET /get-total-unread HTTP/1.0" 200 4720 "https://pos.qimahsoft.co/home" "Mozilla/5.0 (Windows NT 10.0; Win64; x64) AppleWebKit/537.36 (KHTML, like Gecko) Chrome/140.0.0.0 Safari/537.36"
51.36.33.141 - - [25/Sep/2025:13:44:36 +0300] "GET /get-total-unread HTTP/1.0" 200 4714 "https://pos.qimahsoft.co/products" "Mozilla/5.0 (Windows NT 10.0; Win64; x64) AppleWebKit/537.36 (KHTML, like Gecko) Chrome/140.0.0.0 Safari/537.36"
51.36.33.141 - - [25/Sep/2025:13:44:36 +0300] "GET /get-total-unread HTTP/1.0" 200 4716 "https://pos.qimahsoft.co/sells" "Mozilla/5.0 (Windows NT 10.0; Win64; x64) AppleWebKit/537.36 (KHTML, like Gecko) Chrome/140.0.0.0 Safari/537.36"
89.39.107.198 - - [25/Sep/2025:13:44:40 +0300] "GET /get-total-unread HTTP/1.0" 200 4722 "https://pos.qimahsoft.co/home" "Mozilla/5.0 (Windows NT 10.0; Win64; x64) AppleWebKit/537.36 (KHTML, like Gecko) Chrome/140.0.0.0 Safari/537.36"
51.36.33.141 - - [25/Sep/2025:13:45:36 +0300] "GET /get-total-unread HTTP/1.0" 200 4718 "https://pos.qimahsoft.co/products" "Mozilla/5.0 (Windows NT 10.0; Win64; x64) AppleWebKit/537.36 (KHTML, like Gecko) Chrome/140.0.0.0 Safari/537.36"
51.36.33.141 - - [25/Sep/2025:13:45:36 +0300] "GET /get-total-unread HTTP/1.0" 200 4716 "https://pos.qimahsoft.co/sells" "Mozilla/5.0 (Windows NT 10.0; Win64; x64) AppleWebKit/537.36 (KHTML, like Gecko) Chrome/140.0.0.0 Safari/537.36"
89.39.107.198 - - [25/Sep/2025:13:45:40 +0300] "GET /get-total-unread HTTP/1.0" 200 4718 "https://pos.qimahsoft.co/home" "Mozilla/5.0 (Windows NT 10.0; Win64; x64) AppleWebKit/537.36 (KHTML, like Gecko) Chrome/140.0.0.0 Safari/537.36"
51.36.33.141 - - [25/Sep/2025:13:46:36 +0300] "GET /get-total-unread HTTP/1.0" 200 4714 "https://pos.qimahsoft.co/sells" "Mozilla/5.0 (Windows NT 10.0; Win64; x64) AppleWebKit/537.36 (KHTML, like Gecko) Chrome/140.0.0.0 Safari/537.36"
51.36.33.141 - - [25/Sep/2025:13:46:36 +0300] "GET /get-total-unread HTTP/1.0" 200 4714 "https://pos.qimahsoft.co/products" "Mozilla/5.0 (Windows NT 10.0; Win64; x64) AppleWebKit/537.36 (KHTML, like Gecko) Chrome/140.0.0.0 Safari/537.36"
89.39.107.198 - - [25/Sep/2025:13:46:40 +0300] "GET /get-total-unread HTTP/1.0" 200 4718 "https://pos.qimahsoft.co/home" "Mozilla/5.0 (Windows NT 10.0; Win64; x64) AppleWebKit/537.36 (KHTML, like Gecko) Chrome/140.0.0.0 Safari/537.36"
51.36.33.141 - - [25/Sep/2025:13:47:36 +0300] "GET /get-total-unread HTTP/1.0" 200 4722 "https://pos.qimahsoft.co/products" "Mozilla/5.0 (Windows NT 10.0; Win64; x64) AppleWebKit/537.36 (KHTML, like Gecko) Chrome/140.0.0.0 Safari/537.36"
51.36.33.141 - - [25/Sep/2025:13:47:36 +0300] "GET /get-total-unread HTTP/1.0" 200 4722 "https://pos.qimahsoft.co/sells" "Mozilla/5.0 (Windows NT 10.0; Win64; x64) AppleWebKit/537.36 (KHTML, like Gecko) Chrome/140.0.0.0 Safari/537.36"
89.39.107.198 - - [25/Sep/2025:13:47:40 +0300] "GET /get-total-unread HTTP/1.0" 200 4716 "https://pos.qimahsoft.co/home" "Mozilla/5.0 (Windows NT 10.0; Win64; x64) AppleWebKit/537.36 (KHTML, like Gecko) Chrome/140.0.0.0 Safari/537.36"
51.36.33.141 - - [25/Sep/2025:13:48:36 +0300] "GET /get-total-unread HTTP/1.0" 200 4716 "https://pos.qimahsoft.co/sells" "Mozilla/5.0 (Windows NT 10.0; Win64; x64) AppleWebKit/537.36 (KHTML, like Gecko) Chrome/140.0.0.0 Safari/537.36"
51.36.33.141 - - [25/Sep/2025:13:48:36 +0300] "GET /get-total-unread HTTP/1.0" 200 4718 "https://pos.qimahsoft.co/products" "Mozilla/5.0 (Windows NT 10.0; Win64; x64) AppleWebKit/537.36 (KHTML, like Gecko) Chrome/140.0.0.0 Safari/537.36"
89.39.107.198 - - [25/Sep/2025:13:48:40 +0300] "GET /get-total-unread HTTP/1.0" 200 4724 "https://pos.qimahsoft.co/home" "Mozilla/5.0 (Windows NT 10.0; Win64; x64) AppleWebKit/537.36 (KHTML, like Gecko) Chrome/140.0.0.0 Safari/537.36"
51.36.33.141 - - [25/Sep/2025:13:49:36 +0300] "GET /get-total-unread HTTP/1.0" 200 4714 "https://pos.qimahsoft.co/sells" "Mozilla/5.0 (Windows NT 10.0; Win64; x64) AppleWebKit/537.36 (KHTML, like Gecko) Chrome/140.0.0.0 Safari/537.36"
51.36.33.141 - - [25/Sep/2025:13:49:36 +0300] "GET /get-total-unread HTTP/1.0" 200 4714 "https://pos.qimahsoft.co/products" "Mozilla/5.0 (Windows NT 10.0; Win64; x64) AppleWebKit/537.36 (KHTML, like Gecko) Chrome/140.0.0.0 Safari/537.36"
89.39.107.198 - - [25/Sep/2025:13:49:40 +0300] "GET /get-total-unread HTTP/1.0" 200 4716 "https://pos.qimahsoft.co/home" "Mozilla/5.0 (Windows NT 10.0; Win64; x64) AppleWebKit/537.36 (KHTML, like Gecko) Chrome/140.0.0.0 Safari/537.36"
51.36.33.141 - - [25/Sep/2025:13:50:36 +0300] "GET /get-total-unread HTTP/1.0" 200 4720 "https://pos.qimahsoft.co/products" "Mozilla/5.0 (Windows NT 10.0; Win64; x64) AppleWebKit/537.36 (KHTML, like Gecko) Chrome/140.0.0.0 Safari/537.36"
51.36.33.141 - - [25/Sep/2025:13:50:36 +0300] "GET /get-total-unread HTTP/1.0" 200 4718 "https://pos.qimahsoft.co/sells" "Mozilla/5.0 (Windows NT 10.0; Win64; x64) AppleWebKit/537.36 (KHTML, like Gecko) Chrome/140.0.0.0 Safari/537.36"
89.39.107.198 - - [25/Sep/2025:13:50:40 +0300] "GET /get-total-unread HTTP/1.0" 200 4720 "https://pos.qimahsoft.co/home" "Mozilla/5.0 (Windows NT 10.0; Win64; x64) AppleWebKit/537.36 (KHTML, like Gecko) Chrome/140.0.0.0 Safari/537.36"
51.36.33.141 - - [25/Sep/2025:13:51:36 +0300] "GET /get-total-unread HTTP/1.0" 200 4718 "https://pos.qimahsoft.co/products" "Mozilla/5.0 (Windows NT 10.0; Win64; x64) AppleWebKit/537.36 (KHTML, like Gecko) Chrome/140.0.0.0 Safari/537.36"
51.36.33.141 - - [25/Sep/2025:13:51:36 +0300] "GET /get-total-unread HTTP/1.0" 200 4720 "https://pos.qimahsoft.co/sells" "Mozilla/5.0 (Windows NT 10.0; Win64; x64) AppleWebKit/537.36 (KHTML, like Gecko) Chrome/140.0.0.0 Safari/537.36"
89.39.107.198 - - [25/Sep/2025:13:51:40 +0300] "GET /get-total-unread HTTP/1.0" 200 4718 "https://pos.qimahsoft.co/home" "Mozilla/5.0 (Windows NT 10.0; Win64; x64) AppleWebKit/537.36 (KHTML, like Gecko) Chrome/140.0.0.0 Safari/537.36"
51.36.33.141 - - [25/Sep/2025:13:52:36 +0300] "GET /get-total-unread HTTP/1.0" 200 4714 "https://pos.qimahsoft.co/sells" "Mozilla/5.0 (Windows NT 10.0; Win64; x64) AppleWebKit/537.36 (KHTML, like Gecko) Chrome/140.0.0.0 Safari/537.36"
51.36.33.141 - - [25/Sep/2025:13:52:36 +0300] "GET /get-total-unread HTTP/1.0" 200 4716 "https://pos.qimahsoft.co/products" "Mozilla/5.0 (Windows NT 10.0; Win64; x64) AppleWebKit/537.36 (KHTML, like Gecko) Chrome/140.0.0.0 Safari/537.36"
89.39.107.198 - - [25/Sep/2025:13:52:40 +0300] "GET /get-total-unread HTTP/1.0" 200 4714 "https://pos.qimahsoft.co/home" "Mozilla/5.0 (Windows NT 10.0; Win64; x64) AppleWebKit/537.36 (KHTML, like Gecko) Chrome/140.0.0.0 Safari/537.36"
51.36.33.141 - - [25/Sep/2025:13:53:36 +0300] "GET /get-total-unread HTTP/1.0" 200 4720 "https://pos.qimahsoft.co/products" "Mozilla/5.0 (Windows NT 10.0; Win64; x64) AppleWebKit/537.36 (KHTML, like Gecko) Chrome/140.0.0.0 Safari/537.36"
51.36.33.141 - - [25/Sep/2025:13:53:36 +0300] "GET /get-total-unread HTTP/1.0" 200 4720 "https://pos.qimahsoft.co/sells" "Mozilla/5.0 (Windows NT 10.0; Win64; x64) AppleWebKit/537.36 (KHTML, like Gecko) Chrome/140.0.0.0 Safari/537.36"
89.39.107.198 - - [25/Sep/2025:13:53:40 +0300] "GET /get-total-unread HTTP/1.0" 200 4720 "https://pos.qimahsoft.co/home" "Mozilla/5.0 (Windows NT 10.0; Win64; x64) AppleWebKit/537.36 (KHTML, like Gecko) Chrome/140.0.0.0 Safari/537.36"
51.36.33.141 - - [25/Sep/2025:13:54:36 +0300] "GET /get-total-unread HTTP/1.0" 200 4716 "https://pos.qimahsoft.co/products" "Mozilla/5.0 (Windows NT 10.0; Win64; x64) AppleWebKit/537.36 (KHTML, like Gecko) Chrome/140.0.0.0 Safari/537.36"
51.36.33.141 - - [25/Sep/2025:13:54:36 +0300] "GET /get-total-unread HTTP/1.0" 200 4714 "https://pos.qimahsoft.co/sells" "Mozilla/5.0 (Windows NT 10.0; Win64; x64) AppleWebKit/537.36 (KHTML, like Gecko) Chrome/140.0.0.0 Safari/537.36"
89.39.107.198 - - [25/Sep/2025:13:54:40 +0300] "GET /get-total-unread HTTP/1.0" 200 4720 "https://pos.qimahsoft.co/home" "Mozilla/5.0 (Windows NT 10.0; Win64; x64) AppleWebKit/537.36 (KHTML, like Gecko) Chrome/140.0.0.0 Safari/537.36"
51.36.33.141 - - [25/Sep/2025:13:55:36 +0300] "GET /get-total-unread HTTP/1.0" 200 4720 "https://pos.qimahsoft.co/products" "Mozilla/5.0 (Windows NT 10.0; Win64; x64) AppleWebKit/537.36 (KHTML, like Gecko) Chrome/140.0.0.0 Safari/537.36"
51.36.33.141 - - [25/Sep/2025:13:55:36 +0300] "GET /get-total-unread HTTP/1.0" 200 4716 "https://pos.qimahsoft.co/sells" "Mozilla/5.0 (Windows NT 10.0; Win64; x64) AppleWebKit/537.36 (KHTML, like Gecko) Chrome/140.0.0.0 Safari/537.36"
89.39.107.198 - - [25/Sep/2025:13:55:40 +0300] "GET /get-total-unread HTTP/1.0" 200 4716 "https://pos.qimahsoft.co/home" "Mozilla/5.0 (Windows NT 10.0; Win64; x64) AppleWebKit/537.36 (KHTML, like Gecko) Chrome/140.0.0.0 Safari/537.36"
51.36.33.141 - - [25/Sep/2025:13:56:36 +0300] "GET /get-total-unread HTTP/1.0" 200 4716 "https://pos.qimahsoft.co/products" "Mozilla/5.0 (Windows NT 10.0; Win64; x64) AppleWebKit/537.36 (KHTML, like Gecko) Chrome/140.0.0.0 Safari/537.36"
51.36.33.141 - - [25/Sep/2025:13:56:36 +0300] "GET /get-total-unread HTTP/1.0" 200 4722 "https://pos.qimahsoft.co/sells" "Mozilla/5.0 (Windows NT 10.0; Win64; x64) AppleWebKit/537.36 (KHTML, like Gecko) Chrome/140.0.0.0 Safari/537.36"
89.39.107.198 - - [25/Sep/2025:13:56:40 +0300] "GET /get-total-unread HTTP/1.0" 200 4724 "https://pos.qimahsoft.co/home" "Mozilla/5.0 (Windows NT 10.0; Win64; x64) AppleWebKit/537.36 (KHTML, like Gecko) Chrome/140.0.0.0 Safari/537.36"
51.36.33.141 - - [25/Sep/2025:13:57:36 +0300] "GET /get-total-unread HTTP/1.0" 200 4712 "https://pos.qimahsoft.co/sells" "Mozilla/5.0 (Windows NT 10.0; Win64; x64) AppleWebKit/537.36 (KHTML, like Gecko) Chrome/140.0.0.0 Safari/537.36"
51.36.33.141 - - [25/Sep/2025:13:57:36 +0300] "GET /get-total-unread HTTP/1.0" 200 4716 "https://pos.qimahsoft.co/products" "Mozilla/5.0 (Windows NT 10.0; Win64; x64) AppleWebKit/537.36 (KHTML, like Gecko) Chrome/140.0.0.0 Safari/537.36"
89.39.107.198 - - [25/Sep/2025:13:57:40 +0300] "GET /get-total-unread HTTP/1.0" 200 4724 "https://pos.qimahsoft.co/home" "Mozilla/5.0 (Windows NT 10.0; Win64; x64) AppleWebKit/537.36 (KHTML, like Gecko) Chrome/140.0.0.0 Safari/537.36"
51.36.33.141 - - [25/Sep/2025:13:58:36 +0300] "GET /get-total-unread HTTP/1.0" 200 4724 "https://pos.qimahsoft.co/products" "Mozilla/5.0 (Windows NT 10.0; Win64; x64) AppleWebKit/537.36 (KHTML, like Gecko) Chrome/140.0.0.0 Safari/537.36"
51.36.33.141 - - [25/Sep/2025:13:58:36 +0300] "GET /get-total-unread HTTP/1.0" 200 4722 "https://pos.qimahsoft.co/sells" "Mozilla/5.0 (Windows NT 10.0; Win64; x64) AppleWebKit/537.36 (KHTML, like Gecko) Chrome/140.0.0.0 Safari/537.36"
89.39.107.198 - - [25/Sep/2025:13:58:40 +0300] "GET /get-total-unread HTTP/1.0" 200 4722 "https://pos.qimahsoft.co/home" "Mozilla/5.0 (Windows NT 10.0; Win64; x64) AppleWebKit/537.36 (KHTML, like Gecko) Chrome/140.0.0.0 Safari/537.36"
51.36.33.141 - - [25/Sep/2025:13:59:36 +0300] "GET /get-total-unread HTTP/1.0" 200 4716 "https://pos.qimahsoft.co/products" "Mozilla/5.0 (Windows NT 10.0; Win64; x64) AppleWebKit/537.36 (KHTML, like Gecko) Chrome/140.0.0.0 Safari/537.36"
51.36.33.141 - - [25/Sep/2025:13:59:36 +0300] "GET /get-total-unread HTTP/1.0" 200 4720 "https://pos.qimahsoft.co/sells" "Mozilla/5.0 (Windows NT 10.0; Win64; x64) AppleWebKit/537.36 (KHTML, like Gecko) Chrome/140.0.0.0 Safari/537.36"
89.39.107.198 - - [25/Sep/2025:13:59:40 +0300] "GET /get-total-unread HTTP/1.0" 200 4724 "https://pos.qimahsoft.co/home" "Mozilla/5.0 (Windows NT 10.0; Win64; x64) AppleWebKit/537.36 (KHTML, like Gecko) Chrome/140.0.0.0 Safari/537.36"
51.36.33.141 - - [25/Sep/2025:14:00:36 +0300] "GET /get-total-unread HTTP/1.0" 200 4718 "https://pos.qimahsoft.co/products" "Mozilla/5.0 (Windows NT 10.0; Win64; x64) AppleWebKit/537.36 (KHTML, like Gecko) Chrome/140.0.0.0 Safari/537.36"
51.36.33.141 - - [25/Sep/2025:14:00:36 +0300] "GET /get-total-unread HTTP/1.0" 200 4716 "https://pos.qimahsoft.co/sells" "Mozilla/5.0 (Windows NT 10.0; Win64; x64) AppleWebKit/537.36 (KHTML, like Gecko) Chrome/140.0.0.0 Safari/537.36"
89.39.107.198 - - [25/Sep/2025:14:00:40 +0300] "GET /get-total-unread HTTP/1.0" 200 4722 "https://pos.qimahsoft.co/home" "Mozilla/5.0 (Windows NT 10.0; Win64; x64) AppleWebKit/537.36 (KHTML, like Gecko) Chrome/140.0.0.0 Safari/537.36"
51.36.33.141 - - [25/Sep/2025:14:01:36 +0300] "GET /get-total-unread HTTP/1.0" 200 4720 "https://pos.qimahsoft.co/products" "Mozilla/5.0 (Windows NT 10.0; Win64; x64) AppleWebKit/537.36 (KHTML, like Gecko) Chrome/140.0.0.0 Safari/537.36"
51.36.33.141 - - [25/Sep/2025:14:01:36 +0300] "GET /get-total-unread HTTP/1.0" 200 4716 "https://pos.qimahsoft.co/sells" "Mozilla/5.0 (Windows NT 10.0; Win64; x64) AppleWebKit/537.36 (KHTML, like Gecko) Chrome/140.0.0.0 Safari/537.36"
151.254.6.176 - - [25/Sep/2025:14:01:40 +0300] "GET /img/logo.png HTTP/1.0" 200 10860 "https://www.google.com/" "Mozilla/5.0 (Macintosh; Intel Mac OS X 10_15_7) AppleWebKit/605.1.15 (KHTML, like Gecko) Version/18.0 Safari/605.1.15"
89.39.107.198 - - [25/Sep/2025:14:01:40 +0300] "GET /get-total-unread HTTP/1.0" 200 4714 "https://pos.qimahsoft.co/home" "Mozilla/5.0 (Windows NT 10.0; Win64; x64) AppleWebKit/537.36 (KHTML, like Gecko) Chrome/140.0.0.0 Safari/537.36"
151.254.6.176 - - [25/Sep/2025:14:01:41 +0300] "GET / HTTP/1.0" 200 7024 "https://www.google.com/" "Mozilla/5.0 (Macintosh; Intel Mac OS X 10_15_7) AppleWebKit/605.1.15 (KHTML, like Gecko) Version/18.0 Safari/605.1.15"
151.254.6.176 - - [25/Sep/2025:14:01:42 +0300] "GET /js/lang/ar.js?v=4763 HTTP/1.0" 200 6889 "https://pos.qimahsoft.co/" "Mozilla/5.0 (Macintosh; Intel Mac OS X 10_15_7) AppleWebKit/605.1.15 (KHTML, like Gecko) Version/18.0 Safari/605.1.15"
151.254.6.176 - - [25/Sep/2025:14:01:42 +0300] "GET /css/home.css HTTP/1.0" 200 4418 "https://pos.qimahsoft.co/" "Mozilla/5.0 (Macintosh; Intel Mac OS X 10_15_7) AppleWebKit/605.1.15 (KHTML, like Gecko) Version/18.0 Safari/605.1.15"
151.254.6.176 - - [25/Sep/2025:14:01:42 +0300] "GET /js/functions.js?v=4763 HTTP/1.0" 200 7935 "https://pos.qimahsoft.co/" "Mozilla/5.0 (Macintosh; Intel Mac OS X 10_15_7) AppleWebKit/605.1.15 (KHTML, like Gecko) Version/18.0 Safari/605.1.15"
151.254.6.176 - - [25/Sep/2025:14:01:42 +0300] "GET /js/common.js?v=4763 HTTP/1.0" 200 9493 "https://pos.qimahsoft.co/" "Mozilla/5.0 (Macintosh; Intel Mac OS X 10_15_7) AppleWebKit/605.1.15 (KHTML, like Gecko) Version/18.0 Safari/605.1.15"
151.254.6.176 - - [25/Sep/2025:14:01:42 +0300] "GET /js/help-tour.js?v=4763 HTTP/1.0" 200 4765 "https://pos.qimahsoft.co/" "Mozilla/5.0 (Macintosh; Intel Mac OS X 10_15_7) AppleWebKit/605.1.15 (KHTML, like Gecko) Version/18.0 Safari/605.1.15"
151.254.6.176 - - [25/Sep/2025:14:01:42 +0300] "GET /js/app.js?v=4763 HTTP/1.0" 200 17268 "https://pos.qimahsoft.co/" "Mozilla/5.0 (Macintosh; Intel Mac OS X 10_15_7) AppleWebKit/605.1.15 (KHTML, like Gecko) Version/18.0 Safari/605.1.15"
151.254.6.176 - - [25/Sep/2025:14:01:42 +0300] "GET /js/documents_and_note.js?v=4763 HTTP/1.0" 200 5508 "https://pos.qimahsoft.co/" "Mozilla/5.0 (Macintosh; Intel Mac OS X 10_15_7) AppleWebKit/605.1.15 (KHTML, like Gecko) Version/18.0 Safari/605.1.15"
151.254.6.176 - - [25/Sep/2025:14:01:42 +0300] "GET /js/login.js?v=4763 HTTP/1.0" 200 5111 "https://pos.qimahsoft.co/" "Mozilla/5.0 (Macintosh; Intel Mac OS X 10_15_7) AppleWebKit/605.1.15 (KHTML, like Gecko) Version/18.0 Safari/605.1.15"
151.254.6.176 - - [25/Sep/2025:14:01:42 +0300] "GET /css/vendor.css HTTP/1.0" 200 109562 "https://pos.qimahsoft.co/" "Mozilla/5.0 (Macintosh; Intel Mac OS X 10_15_7) AppleWebKit/605.1.15 (KHTML, like Gecko) Version/18.0 Safari/605.1.15"
151.254.6.176 - - [25/Sep/2025:14:01:42 +0300] "GET /js/vendor.js?v=4763 HTTP/1.0" 200 2962281 "https://pos.qimahsoft.co/" "Mozilla/5.0 (Macintosh; Intel Mac OS X 10_15_7) AppleWebKit/605.1.15 (KHTML, like Gecko) Version/18.0 Safari/605.1.15"
151.254.6.176 - - [25/Sep/2025:14:01:43 +0300] "GET /fonts/Tajawal/Tajawal-Regular.ttf HTTP/1.0" 200 60239 "https://pos.qimahsoft.co/" "Mozilla/5.0 (Macintosh; Intel Mac OS X 10_15_7) AppleWebKit/605.1.15 (KHTML, like Gecko) Version/18.0 Safari/605.1.15"
151.254.6.176 - - [25/Sep/2025:14:01:44 +0300] "GET /favicon.ico HTTP/1.0" 200 4006 "https://pos.qimahsoft.co/" "Mozilla/5.0 (Macintosh; Intel Mac OS X 10_15_7) AppleWebKit/605.1.15 (KHTML, like Gecko) Version/18.0 Safari/605.1.15"
51.36.33.141 - - [25/Sep/2025:14:02:36 +0300] "GET /get-total-unread HTTP/1.0" 200 4716 "https://pos.qimahsoft.co/products" "Mozilla/5.0 (Windows NT 10.0; Win64; x64) AppleWebKit/537.36 (KHTML, like Gecko) Chrome/140.0.0.0 Safari/537.36"
51.36.33.141 - - [25/Sep/2025:14:02:36 +0300] "GET /get-total-unread HTTP/1.0" 200 4724 "https://pos.qimahsoft.co/sells" "Mozilla/5.0 (Windows NT 10.0; Win64; x64) AppleWebKit/537.36 (KHTML, like Gecko) Chrome/140.0.0.0 Safari/537.36"
89.39.107.198 - - [25/Sep/2025:14:02:40 +0300] "GET /get-total-unread HTTP/1.0" 200 4716 "https://pos.qimahsoft.co/home" "Mozilla/5.0 (Windows NT 10.0; Win64; x64) AppleWebKit/537.36 (KHTML, like Gecko) Chrome/140.0.0.0 Safari/537.36"
51.36.33.141 - - [25/Sep/2025:14:03:36 +0300] "GET /get-total-unread HTTP/1.0" 200 4716 "https://pos.qimahsoft.co/sells" "Mozilla/5.0 (Windows NT 10.0; Win64; x64) AppleWebKit/537.36 (KHTML, like Gecko) Chrome/140.0.0.0 Safari/537.36"
51.36.33.141 - - [25/Sep/2025:14:03:36 +0300] "GET /get-total-unread HTTP/1.0" 200 4718 "https://pos.qimahsoft.co/products" "Mozilla/5.0 (Windows NT 10.0; Win64; x64) AppleWebKit/537.36 (KHTML, like Gecko) Chrome/140.0.0.0 Safari/537.36"
89.39.107.198 - - [25/Sep/2025:14:03:40 +0300] "GET /get-total-unread HTTP/1.0" 200 4714 "https://pos.qimahsoft.co/home" "Mozilla/5.0 (Windows NT 10.0; Win64; x64) AppleWebKit/537.36 (KHTML, like Gecko) Chrome/140.0.0.0 Safari/537.36"
51.36.33.141 - - [25/Sep/2025:14:04:36 +0300] "GET /get-total-unread HTTP/1.0" 200 4716 "https://pos.qimahsoft.co/products" "Mozilla/5.0 (Windows NT 10.0; Win64; x64) AppleWebKit/537.36 (KHTML, like Gecko) Chrome/140.0.0.0 Safari/537.36"
51.36.33.141 - - [25/Sep/2025:14:04:36 +0300] "GET /get-total-unread HTTP/1.0" 200 4724 "https://pos.qimahsoft.co/sells" "Mozilla/5.0 (Windows NT 10.0; Win64; x64) AppleWebKit/537.36 (KHTML, like Gecko) Chrome/140.0.0.0 Safari/537.36"
89.39.107.198 - - [25/Sep/2025:14:04:40 +0300] "GET /get-total-unread HTTP/1.0" 200 4724 "https://pos.qimahsoft.co/home" "Mozilla/5.0 (Windows NT 10.0; Win64; x64) AppleWebKit/537.36 (KHTML, like Gecko) Chrome/140.0.0.0 Safari/537.36"
51.36.33.141 - - [25/Sep/2025:14:05:36 +0300] "GET /get-total-unread HTTP/1.0" 200 4720 "https://pos.qimahsoft.co/products" "Mozilla/5.0 (Windows NT 10.0; Win64; x64) AppleWebKit/537.36 (KHTML, like Gecko) Chrome/140.0.0.0 Safari/537.36"
51.36.33.141 - - [25/Sep/2025:14:05:36 +0300] "GET /get-total-unread HTTP/1.0" 200 4718 "https://pos.qimahsoft.co/sells" "Mozilla/5.0 (Windows NT 10.0; Win64; x64) AppleWebKit/537.36 (KHTML, like Gecko) Chrome/140.0.0.0 Safari/537.36"
89.39.107.198 - - [25/Sep/2025:14:05:40 +0300] "GET /get-total-unread HTTP/1.0" 200 4714 "https://pos.qimahsoft.co/home" "Mozilla/5.0 (Windows NT 10.0; Win64; x64) AppleWebKit/537.36 (KHTML, like Gecko) Chrome/140.0.0.0 Safari/537.36"
51.36.33.141 - - [25/Sep/2025:14:06:36 +0300] "GET /get-total-unread HTTP/1.0" 200 4714 "https://pos.qimahsoft.co/sells" "Mozilla/5.0 (Windows NT 10.0; Win64; x64) AppleWebKit/537.36 (KHTML, like Gecko) Chrome/140.0.0.0 Safari/537.36"
51.36.33.141 - - [25/Sep/2025:14:06:36 +0300] "GET /get-total-unread HTTP/1.0" 200 4718 "https://pos.qimahsoft.co/products" "Mozilla/5.0 (Windows NT 10.0; Win64; x64) AppleWebKit/537.36 (KHTML, like Gecko) Chrome/140.0.0.0 Safari/537.36"
89.39.107.198 - - [25/Sep/2025:14:06:40 +0300] "GET /get-total-unread HTTP/1.0" 200 4716 "https://pos.qimahsoft.co/home" "Mozilla/5.0 (Windows NT 10.0; Win64; x64) AppleWebKit/537.36 (KHTML, like Gecko) Chrome/140.0.0.0 Safari/537.36"
51.36.33.141 - - [25/Sep/2025:14:07:36 +0300] "GET /get-total-unread HTTP/1.0" 200 4720 "https://pos.qimahsoft.co/sells" "Mozilla/5.0 (Windows NT 10.0; Win64; x64) AppleWebKit/537.36 (KHTML, like Gecko) Chrome/140.0.0.0 Safari/537.36"
51.36.33.141 - - [25/Sep/2025:14:07:36 +0300] "GET /get-total-unread HTTP/1.0" 200 4718 "https://pos.qimahsoft.co/products" "Mozilla/5.0 (Windows NT 10.0; Win64; x64) AppleWebKit/537.36 (KHTML, like Gecko) Chrome/140.0.0.0 Safari/537.36"
89.39.107.198 - - [25/Sep/2025:14:07:40 +0300] "GET /get-total-unread HTTP/1.0" 200 4712 "https://pos.qimahsoft.co/home" "Mozilla/5.0 (Windows NT 10.0; Win64; x64) AppleWebKit/537.36 (KHTML, like Gecko) Chrome/140.0.0.0 Safari/537.36"
51.36.33.141 - - [25/Sep/2025:14:08:36 +0300] "GET /get-total-unread HTTP/1.0" 200 4722 "https://pos.qimahsoft.co/sells" "Mozilla/5.0 (Windows NT 10.0; Win64; x64) AppleWebKit/537.36 (KHTML, like Gecko) Chrome/140.0.0.0 Safari/537.36"
51.36.33.141 - - [25/Sep/2025:14:08:36 +0300] "GET /get-total-unread HTTP/1.0" 200 4714 "https://pos.qimahsoft.co/products" "Mozilla/5.0 (Windows NT 10.0; Win64; x64) AppleWebKit/537.36 (KHTML, like Gecko) Chrome/140.0.0.0 Safari/537.36"
89.39.107.198 - - [25/Sep/2025:14:08:40 +0300] "GET /get-total-unread HTTP/1.0" 200 4714 "https://pos.qimahsoft.co/home" "Mozilla/5.0 (Windows NT 10.0; Win64; x64) AppleWebKit/537.36 (KHTML, like Gecko) Chrome/140.0.0.0 Safari/537.36"
51.36.33.141 - - [25/Sep/2025:14:09:36 +0300] "GET /get-total-unread HTTP/1.0" 200 4716 "https://pos.qimahsoft.co/products" "Mozilla/5.0 (Windows NT 10.0; Win64; x64) AppleWebKit/537.36 (KHTML, like Gecko) Chrome/140.0.0.0 Safari/537.36"
51.36.33.141 - - [25/Sep/2025:14:09:36 +0300] "GET /get-total-unread HTTP/1.0" 200 4716 "https://pos.qimahsoft.co/sells" "Mozilla/5.0 (Windows NT 10.0; Win64; x64) AppleWebKit/537.36 (KHTML, like Gecko) Chrome/140.0.0.0 Safari/537.36"
89.39.107.198 - - [25/Sep/2025:14:09:40 +0300] "GET /get-total-unread HTTP/1.0" 200 4716 "https://pos.qimahsoft.co/home" "Mozilla/5.0 (Windows NT 10.0; Win64; x64) AppleWebKit/537.36 (KHTML, like Gecko) Chrome/140.0.0.0 Safari/537.36"
51.36.33.141 - - [25/Sep/2025:14:10:36 +0300] "GET /get-total-unread HTTP/1.0" 200 4716 "https://pos.qimahsoft.co/products" "Mozilla/5.0 (Windows NT 10.0; Win64; x64) AppleWebKit/537.36 (KHTML, like Gecko) Chrome/140.0.0.0 Safari/537.36"
51.36.33.141 - - [25/Sep/2025:14:10:36 +0300] "GET /get-total-unread HTTP/1.0" 200 4720 "https://pos.qimahsoft.co/sells" "Mozilla/5.0 (Windows NT 10.0; Win64; x64) AppleWebKit/537.36 (KHTML, like Gecko) Chrome/140.0.0.0 Safari/537.36"
89.39.107.198 - - [25/Sep/2025:14:10:40 +0300] "GET /get-total-unread HTTP/1.0" 200 4718 "https://pos.qimahsoft.co/home" "Mozilla/5.0 (Windows NT 10.0; Win64; x64) AppleWebKit/537.36 (KHTML, like Gecko) Chrome/140.0.0.0 Safari/537.36"
51.36.33.141 - - [25/Sep/2025:14:11:36 +0300] "GET /get-total-unread HTTP/1.0" 200 4722 "https://pos.qimahsoft.co/sells" "Mozilla/5.0 (Windows NT 10.0; Win64; x64) AppleWebKit/537.36 (KHTML, like Gecko) Chrome/140.0.0.0 Safari/537.36"
51.36.33.141 - - [25/Sep/2025:14:11:36 +0300] "GET /get-total-unread HTTP/1.0" 200 4716 "https://pos.qimahsoft.co/products" "Mozilla/5.0 (Windows NT 10.0; Win64; x64) AppleWebKit/537.36 (KHTML, like Gecko) Chrome/140.0.0.0 Safari/537.36"
89.39.107.198 - - [25/Sep/2025:14:11:40 +0300] "GET /get-total-unread HTTP/1.0" 200 4714 "https://pos.qimahsoft.co/home" "Mozilla/5.0 (Windows NT 10.0; Win64; x64) AppleWebKit/537.36 (KHTML, like Gecko) Chrome/140.0.0.0 Safari/537.36"
51.36.33.141 - - [25/Sep/2025:14:12:36 +0300] "GET /get-total-unread HTTP/1.0" 200 4720 "https://pos.qimahsoft.co/sells" "Mozilla/5.0 (Windows NT 10.0; Win64; x64) AppleWebKit/537.36 (KHTML, like Gecko) Chrome/140.0.0.0 Safari/537.36"
51.36.33.141 - - [25/Sep/2025:14:12:36 +0300] "GET /get-total-unread HTTP/1.0" 200 4728 "https://pos.qimahsoft.co/products" "Mozilla/5.0 (Windows NT 10.0; Win64; x64) AppleWebKit/537.36 (KHTML, like Gecko) Chrome/140.0.0.0 Safari/537.36"
89.39.107.198 - - [25/Sep/2025:14:12:40 +0300] "GET /get-total-unread HTTP/1.0" 200 4718 "https://pos.qimahsoft.co/home" "Mozilla/5.0 (Windows NT 10.0; Win64; x64) AppleWebKit/537.36 (KHTML, like Gecko) Chrome/140.0.0.0 Safari/537.36"
51.36.33.141 - - [25/Sep/2025:14:13:36 +0300] "GET /get-total-unread HTTP/1.0" 200 4716 "https://pos.qimahsoft.co/sells" "Mozilla/5.0 (Windows NT 10.0; Win64; x64) AppleWebKit/537.36 (KHTML, like Gecko) Chrome/140.0.0.0 Safari/537.36"
51.36.33.141 - - [25/Sep/2025:14:13:36 +0300] "GET /get-total-unread HTTP/1.0" 200 4718 "https://pos.qimahsoft.co/products" "Mozilla/5.0 (Windows NT 10.0; Win64; x64) AppleWebKit/537.36 (KHTML, like Gecko) Chrome/140.0.0.0 Safari/537.36"
89.39.107.198 - - [25/Sep/2025:14:13:40 +0300] "GET /get-total-unread HTTP/1.0" 200 4718 "https://pos.qimahsoft.co/home" "Mozilla/5.0 (Windows NT 10.0; Win64; x64) AppleWebKit/537.36 (KHTML, like Gecko) Chrome/140.0.0.0 Safari/537.36"
51.36.33.141 - - [25/Sep/2025:14:14:36 +0300] "GET /get-total-unread HTTP/1.0" 200 4716 "https://pos.qimahsoft.co/products" "Mozilla/5.0 (Windows NT 10.0; Win64; x64) AppleWebKit/537.36 (KHTML, like Gecko) Chrome/140.0.0.0 Safari/537.36"
51.36.33.141 - - [25/Sep/2025:14:14:36 +0300] "GET /get-total-unread HTTP/1.0" 200 4712 "https://pos.qimahsoft.co/sells" "Mozilla/5.0 (Windows NT 10.0; Win64; x64) AppleWebKit/537.36 (KHTML, like Gecko) Chrome/140.0.0.0 Safari/537.36"
89.39.107.198 - - [25/Sep/2025:14:14:40 +0300] "GET /get-total-unread HTTP/1.0" 200 4718 "https://pos.qimahsoft.co/home" "Mozilla/5.0 (Windows NT 10.0; Win64; x64) AppleWebKit/537.36 (KHTML, like Gecko) Chrome/140.0.0.0 Safari/537.36"
51.36.33.141 - - [25/Sep/2025:14:15:36 +0300] "GET /get-total-unread HTTP/1.0" 200 4718 "https://pos.qimahsoft.co/products" "Mozilla/5.0 (Windows NT 10.0; Win64; x64) AppleWebKit/537.36 (KHTML, like Gecko) Chrome/140.0.0.0 Safari/537.36"
51.36.33.141 - - [25/Sep/2025:14:15:36 +0300] "GET /get-total-unread HTTP/1.0" 200 4718 "https://pos.qimahsoft.co/sells" "Mozilla/5.0 (Windows NT 10.0; Win64; x64) AppleWebKit/537.36 (KHTML, like Gecko) Chrome/140.0.0.0 Safari/537.36"
89.39.107.198 - - [25/Sep/2025:14:15:40 +0300] "GET /get-total-unread HTTP/1.0" 200 4714 "https://pos.qimahsoft.co/home" "Mozilla/5.0 (Windows NT 10.0; Win64; x64) AppleWebKit/537.36 (KHTML, like Gecko) Chrome/140.0.0.0 Safari/537.36"
51.36.33.141 - - [25/Sep/2025:14:16:36 +0300] "GET /get-total-unread HTTP/1.0" 200 4720 "https://pos.qimahsoft.co/products" "Mozilla/5.0 (Windows NT 10.0; Win64; x64) AppleWebKit/537.36 (KHTML, like Gecko) Chrome/140.0.0.0 Safari/537.36"
51.36.33.141 - - [25/Sep/2025:14:16:36 +0300] "GET /get-total-unread HTTP/1.0" 200 4718 "https://pos.qimahsoft.co/sells" "Mozilla/5.0 (Windows NT 10.0; Win64; x64) AppleWebKit/537.36 (KHTML, like Gecko) Chrome/140.0.0.0 Safari/537.36"
89.39.107.198 - - [25/Sep/2025:14:16:40 +0300] "GET /get-total-unread HTTP/1.0" 200 4716 "https://pos.qimahsoft.co/home" "Mozilla/5.0 (Windows NT 10.0; Win64; x64) AppleWebKit/537.36 (KHTML, like Gecko) Chrome/140.0.0.0 Safari/537.36"
51.36.33.141 - - [25/Sep/2025:14:17:36 +0300] "GET /get-total-unread HTTP/1.0" 200 4718 "https://pos.qimahsoft.co/products" "Mozilla/5.0 (Windows NT 10.0; Win64; x64) AppleWebKit/537.36 (KHTML, like Gecko) Chrome/140.0.0.0 Safari/537.36"
51.36.33.141 - - [25/Sep/2025:14:17:36 +0300] "GET /get-total-unread HTTP/1.0" 200 4718 "https://pos.qimahsoft.co/sells" "Mozilla/5.0 (Windows NT 10.0; Win64; x64) AppleWebKit/537.36 (KHTML, like Gecko) Chrome/140.0.0.0 Safari/537.36"
89.39.107.198 - - [25/Sep/2025:14:17:40 +0300] "GET /get-total-unread HTTP/1.0" 200 4724 "https://pos.qimahsoft.co/home" "Mozilla/5.0 (Windows NT 10.0; Win64; x64) AppleWebKit/537.36 (KHTML, like Gecko) Chrome/140.0.0.0 Safari/537.36"
51.36.33.141 - - [25/Sep/2025:14:18:36 +0300] "GET /get-total-unread HTTP/1.0" 200 4718 "https://pos.qimahsoft.co/sells" "Mozilla/5.0 (Windows NT 10.0; Win64; x64) AppleWebKit/537.36 (KHTML, like Gecko) Chrome/140.0.0.0 Safari/537.36"
51.36.33.141 - - [25/Sep/2025:14:18:36 +0300] "GET /get-total-unread HTTP/1.0" 200 4714 "https://pos.qimahsoft.co/products" "Mozilla/5.0 (Windows NT 10.0; Win64; x64) AppleWebKit/537.36 (KHTML, like Gecko) Chrome/140.0.0.0 Safari/537.36"
89.39.107.198 - - [25/Sep/2025:14:18:40 +0300] "GET /get-total-unread HTTP/1.0" 200 4722 "https://pos.qimahsoft.co/home" "Mozilla/5.0 (Windows NT 10.0; Win64; x64) AppleWebKit/537.36 (KHTML, like Gecko) Chrome/140.0.0.0 Safari/537.36"
51.36.33.141 - - [25/Sep/2025:14:19:36 +0300] "GET /get-total-unread HTTP/1.0" 200 4714 "https://pos.qimahsoft.co/products" "Mozilla/5.0 (Windows NT 10.0; Win64; x64) AppleWebKit/537.36 (KHTML, like Gecko) Chrome/140.0.0.0 Safari/537.36"
51.36.33.141 - - [25/Sep/2025:14:19:36 +0300] "GET /get-total-unread HTTP/1.0" 200 4714 "https://pos.qimahsoft.co/sells" "Mozilla/5.0 (Windows NT 10.0; Win64; x64) AppleWebKit/537.36 (KHTML, like Gecko) Chrome/140.0.0.0 Safari/537.36"
89.39.107.198 - - [25/Sep/2025:14:19:40 +0300] "GET /get-total-unread HTTP/1.0" 200 4718 "https://pos.qimahsoft.co/home" "Mozilla/5.0 (Windows NT 10.0; Win64; x64) AppleWebKit/537.36 (KHTML, like Gecko) Chrome/140.0.0.0 Safari/537.36"
51.36.33.141 - - [25/Sep/2025:14:20:36 +0300] "GET /get-total-unread HTTP/1.0" 200 4714 "https://pos.qimahsoft.co/products" "Mozilla/5.0 (Windows NT 10.0; Win64; x64) AppleWebKit/537.36 (KHTML, like Gecko) Chrome/140.0.0.0 Safari/537.36"
51.36.33.141 - - [25/Sep/2025:14:20:36 +0300] "GET /get-total-unread HTTP/1.0" 200 4724 "https://pos.qimahsoft.co/sells" "Mozilla/5.0 (Windows NT 10.0; Win64; x64) AppleWebKit/537.36 (KHTML, like Gecko) Chrome/140.0.0.0 Safari/537.36"
89.39.107.198 - - [25/Sep/2025:14:20:40 +0300] "GET /get-total-unread HTTP/1.0" 200 4714 "https://pos.qimahsoft.co/home" "Mozilla/5.0 (Windows NT 10.0; Win64; x64) AppleWebKit/537.36 (KHTML, like Gecko) Chrome/140.0.0.0 Safari/537.36"
51.36.33.141 - - [25/Sep/2025:14:21:36 +0300] "GET /get-total-unread HTTP/1.0" 200 4722 "https://pos.qimahsoft.co/sells" "Mozilla/5.0 (Windows NT 10.0; Win64; x64) AppleWebKit/537.36 (KHTML, like Gecko) Chrome/140.0.0.0 Safari/537.36"
51.36.33.141 - - [25/Sep/2025:14:21:36 +0300] "GET /get-total-unread HTTP/1.0" 200 4718 "https://pos.qimahsoft.co/products" "Mozilla/5.0 (Windows NT 10.0; Win64; x64) AppleWebKit/537.36 (KHTML, like Gecko) Chrome/140.0.0.0 Safari/537.36"
89.39.107.198 - - [25/Sep/2025:14:21:40 +0300] "GET /get-total-unread HTTP/1.0" 200 4714 "https://pos.qimahsoft.co/home" "Mozilla/5.0 (Windows NT 10.0; Win64; x64) AppleWebKit/537.36 (KHTML, like Gecko) Chrome/140.0.0.0 Safari/537.36"
51.36.33.141 - - [25/Sep/2025:14:22:36 +0300] "GET /get-total-unread HTTP/1.0" 200 4724 "https://pos.qimahsoft.co/products" "Mozilla/5.0 (Windows NT 10.0; Win64; x64) AppleWebKit/537.36 (KHTML, like Gecko) Chrome/140.0.0.0 Safari/537.36"
51.36.33.141 - - [25/Sep/2025:14:22:36 +0300] "GET /get-total-unread HTTP/1.0" 200 4716 "https://pos.qimahsoft.co/sells" "Mozilla/5.0 (Windows NT 10.0; Win64; x64) AppleWebKit/537.36 (KHTML, like Gecko) Chrome/140.0.0.0 Safari/537.36"
89.39.107.198 - - [25/Sep/2025:14:22:40 +0300] "GET /get-total-unread HTTP/1.0" 200 4716 "https://pos.qimahsoft.co/home" "Mozilla/5.0 (Windows NT 10.0; Win64; x64) AppleWebKit/537.36 (KHTML, like Gecko) Chrome/140.0.0.0 Safari/537.36"
51.36.33.141 - - [25/Sep/2025:14:23:36 +0300] "GET /get-total-unread HTTP/1.0" 200 4716 "https://pos.qimahsoft.co/products" "Mozilla/5.0 (Windows NT 10.0; Win64; x64) AppleWebKit/537.36 (KHTML, like Gecko) Chrome/140.0.0.0 Safari/537.36"
51.36.33.141 - - [25/Sep/2025:14:23:36 +0300] "GET /get-total-unread HTTP/1.0" 200 4716 "https://pos.qimahsoft.co/sells" "Mozilla/5.0 (Windows NT 10.0; Win64; x64) AppleWebKit/537.36 (KHTML, like Gecko) Chrome/140.0.0.0 Safari/537.36"
89.39.107.198 - - [25/Sep/2025:14:23:40 +0300] "GET /get-total-unread HTTP/1.0" 200 4718 "https://pos.qimahsoft.co/home" "Mozilla/5.0 (Windows NT 10.0; Win64; x64) AppleWebKit/537.36 (KHTML, like Gecko) Chrome/140.0.0.0 Safari/537.36"
51.36.33.141 - - [25/Sep/2025:14:24:36 +0300] "GET /get-total-unread HTTP/1.0" 200 4718 "https://pos.qimahsoft.co/sells" "Mozilla/5.0 (Windows NT 10.0; Win64; x64) AppleWebKit/537.36 (KHTML, like Gecko) Chrome/140.0.0.0 Safari/537.36"
51.36.33.141 - - [25/Sep/2025:14:24:36 +0300] "GET /get-total-unread HTTP/1.0" 200 4716 "https://pos.qimahsoft.co/products" "Mozilla/5.0 (Windows NT 10.0; Win64; x64) AppleWebKit/537.36 (KHTML, like Gecko) Chrome/140.0.0.0 Safari/537.36"
89.39.107.198 - - [25/Sep/2025:14:24:40 +0300] "GET /get-total-unread HTTP/1.0" 200 4722 "https://pos.qimahsoft.co/home" "Mozilla/5.0 (Windows NT 10.0; Win64; x64) AppleWebKit/537.36 (KHTML, like Gecko) Chrome/140.0.0.0 Safari/537.36"
51.36.33.141 - - [25/Sep/2025:14:25:36 +0300] "GET /get-total-unread HTTP/1.0" 200 4722 "https://pos.qimahsoft.co/sells" "Mozilla/5.0 (Windows NT 10.0; Win64; x64) AppleWebKit/537.36 (KHTML, like Gecko) Chrome/140.0.0.0 Safari/537.36"
51.36.33.141 - - [25/Sep/2025:14:25:36 +0300] "GET /get-total-unread HTTP/1.0" 200 4716 "https://pos.qimahsoft.co/products" "Mozilla/5.0 (Windows NT 10.0; Win64; x64) AppleWebKit/537.36 (KHTML, like Gecko) Chrome/140.0.0.0 Safari/537.36"
89.39.107.198 - - [25/Sep/2025:14:25:40 +0300] "GET /get-total-unread HTTP/1.0" 200 4714 "https://pos.qimahsoft.co/home" "Mozilla/5.0 (Windows NT 10.0; Win64; x64) AppleWebKit/537.36 (KHTML, like Gecko) Chrome/140.0.0.0 Safari/537.36"
51.36.33.141 - - [25/Sep/2025:14:26:36 +0300] "GET /get-total-unread HTTP/1.0" 200 4716 "https://pos.qimahsoft.co/products" "Mozilla/5.0 (Windows NT 10.0; Win64; x64) AppleWebKit/537.36 (KHTML, like Gecko) Chrome/140.0.0.0 Safari/537.36"
51.36.33.141 - - [25/Sep/2025:14:26:36 +0300] "GET /get-total-unread HTTP/1.0" 200 4718 "https://pos.qimahsoft.co/sells" "Mozilla/5.0 (Windows NT 10.0; Win64; x64) AppleWebKit/537.36 (KHTML, like Gecko) Chrome/140.0.0.0 Safari/537.36"
89.39.107.198 - - [25/Sep/2025:14:26:40 +0300] "GET /get-total-unread HTTP/1.0" 200 4720 "https://pos.qimahsoft.co/home" "Mozilla/5.0 (Windows NT 10.0; Win64; x64) AppleWebKit/537.36 (KHTML, like Gecko) Chrome/140.0.0.0 Safari/537.36"
51.36.33.141 - - [25/Sep/2025:14:27:36 +0300] "GET /get-total-unread HTTP/1.0" 200 4712 "https://pos.qimahsoft.co/sells" "Mozilla/5.0 (Windows NT 10.0; Win64; x64) AppleWebKit/537.36 (KHTML, like Gecko) Chrome/140.0.0.0 Safari/537.36"
51.36.33.141 - - [25/Sep/2025:14:27:36 +0300] "GET /get-total-unread HTTP/1.0" 200 4728 "https://pos.qimahsoft.co/products" "Mozilla/5.0 (Windows NT 10.0; Win64; x64) AppleWebKit/537.36 (KHTML, like Gecko) Chrome/140.0.0.0 Safari/537.36"
89.39.107.198 - - [25/Sep/2025:14:27:40 +0300] "GET /get-total-unread HTTP/1.0" 200 4716 "https://pos.qimahsoft.co/home" "Mozilla/5.0 (Windows NT 10.0; Win64; x64) AppleWebKit/537.36 (KHTML, like Gecko) Chrome/140.0.0.0 Safari/537.36"
94.96.221.182 - - [25/Sep/2025:14:28:04 +0300] "GET /home HTTP/1.0" 200 15909 "-" "Mozilla/5.0 (Windows NT 10.0; Win64; x64) AppleWebKit/537.36 (KHTML, like Gecko) Chrome/140.0.0.0 Safari/537.36"
94.96.221.182 - - [25/Sep/2025:14:28:05 +0300] "GET /get-total-unread HTTP/1.0" 200 4720 "https://pos.qimahsoft.co/home" "Mozilla/5.0 (Windows NT 10.0; Win64; x64) AppleWebKit/537.36 (KHTML, like Gecko) Chrome/140.0.0.0 Safari/537.36"
94.96.221.182 - - [25/Sep/2025:14:28:05 +0300] "GET /home/get-totals?start=2025-09-25&end=2025-09-25&location_id= HTTP/1.0" 200 4958 "https://pos.qimahsoft.co/home" "Mozilla/5.0 (Windows NT 10.0; Win64; x64) AppleWebKit/537.36 (KHTML, like Gecko) Chrome/140.0.0.0 Safari/537.36"
94.96.221.182 - - [25/Sep/2025:14:28:05 +0300] "GET /home/product-stock-alert?draw=1&columns%5B0%5D%5Bdata%5D=0&columns%5B0%5D%5Bname%5D=&columns%5B0%5D%5Bsearchable%5D=true&columns%5B0%5D%5Borderable%5D=false&columns%5B0%5D%5Bsearch%5D%5Bvalue%5D=&columns%5B0%5D%5Bsearch%5D%5Bregex%5D=false&columns%5B1%5D%5Bdata%5D=1&columns%5B1%5D%5Bname%5D=&columns%5B1%5D%5Bsearchable%5D=true&columns%5B1%5D%5Borderable%5D=false&columns%5B1%5D%5Bsearch%5D%5Bvalue%5D=&columns%5B1%5D%5Bsearch%5D%5Bregex%5D=false&columns%5B2%5D%5Bdata%5D=2&columns%5B2%5D%5Bname%5D=&columns%5B2%5D%5Bsearchable%5D=true&columns%5B2%5D%5Borderable%5D=false&columns%5B2%5D%5Bsearch%5D%5Bvalue%5D=&columns%5B2%5D%5Bsearch%5D%5Bregex%5D=false&start=0&length=25&search%5Bvalue%5D=&search%5Bregex%5D=false&_=1758799684371 HTTP/1.0" 200 6670 "https://pos.qimahsoft.co/home" "Mozilla/5.0 (Windows NT 10.0; Win64; x64) AppleWebKit/537.36 (KHTML, like Gecko) Chrome/140.0.0.0 Safari/537.36"
94.96.221.182 - - [25/Sep/2025:14:28:05 +0300] "GET /home/purchase-payment-dues?draw=1&columns%5B0%5D%5Bdata%5D=0&columns%5B0%5D%5Bname%5D=&columns%5B0%5D%5Bsearchable%5D=true&columns%5B0%5D%5Borderable%5D=false&columns%5B0%5D%5Bsearch%5D%5Bvalue%5D=&columns%5B0%5D%5Bsearch%5D%5Bregex%5D=false&columns%5B1%5D%5Bdata%5D=1&columns%5B1%5D%5Bname%5D=&columns%5B1%5D%5Bsearchable%5D=true&columns%5B1%5D%5Borderable%5D=false&columns%5B1%5D%5Bsearch%5D%5Bvalue%5D=&columns%5B1%5D%5Bsearch%5D%5Bregex%5D=false&columns%5B2%5D%5Bdata%5D=2&columns%5B2%5D%5Bname%5D=&columns%5B2%5D%5Bsearchable%5D=true&columns%5B2%5D%5Borderable%5D=false&columns%5B2%5D%5Bsearch%5D%5Bvalue%5D=&columns%5B2%5D%5Bsearch%5D%5Bregex%5D=false&columns%5B3%5D%5Bdata%5D=3&columns%5B3%5D%5Bname%5D=&columns%5B3%5D%5Bsearchable%5D=true&columns%5B3%5D%5Borderable%5D=false&columns%5B3%5D%5Bsearch%5D%5Bvalue%5D=&columns%5B3%5D%5Bsearch%5D%5Bregex%5D=false&start=0&length=25&search%5Bvalue%5D=&search%5Bregex%5D=false&_=1758799684372 HTTP/1.0" 200 4736 "https://pos.qimahsoft.co/home" "Mozilla/5.0 (Windows NT 10.0; Win64; x64) AppleWebKit/537.36 (KHTML, like Gecko) Chrome/140.0.0.0 Safari/537.36"
94.96.221.182 - - [25/Sep/2025:14:28:05 +0300] "GET /home/sales-payment-dues?draw=1&columns%5B0%5D%5Bdata%5D=0&columns%5B0%5D%5Bname%5D=&columns%5B0%5D%5Bsearchable%5D=true&columns%5B0%5D%5Borderable%5D=false&columns%5B0%5D%5Bsearch%5D%5Bvalue%5D=&columns%5B0%5D%5Bsearch%5D%5Bregex%5D=false&columns%5B1%5D%5Bdata%5D=1&columns%5B1%5D%5Bname%5D=&columns%5B1%5D%5Bsearchable%5D=true&columns%5B1%5D%5Borderable%5D=false&columns%5B1%5D%5Bsearch%5D%5Bvalue%5D=&columns%5B1%5D%5Bsearch%5D%5Bregex%5D=false&columns%5B2%5D%5Bdata%5D=2&columns%5B2%5D%5Bname%5D=&columns%5B2%5D%5Bsearchable%5D=true&columns%5B2%5D%5Borderable%5D=false&columns%5B2%5D%5Bsearch%5D%5Bvalue%5D=&columns%5B2%5D%5Bsearch%5D%5Bregex%5D=false&columns%5B3%5D%5Bdata%5D=3&columns%5B3%5D%5Bname%5D=&columns%5B3%5D%5Bsearchable%5D=true&columns%5B3%5D%5Borderable%5D=false&columns%5B3%5D%5Bsearch%5D%5Bvalue%5D=&columns%5B3%5D%5Bsearch%5D%5Bregex%5D=false&start=0&length=25&search%5Bvalue%5D=&search%5Bregex%5D=false&_=1758799684373 HTTP/1.0" 200 4732 "https://pos.qimahsoft.co/home" "Mozilla/5.0 (Windows NT 10.0; Win64; x64) AppleWebKit/537.36 (KHTML, like Gecko) Chrome/140.0.0.0 Safari/537.36"
94.96.221.182 - - [25/Sep/2025:14:28:05 +0300] "GET /sells?sale_type=sales_order&draw=1&columns%5B0%5D%5Bdata%5D=action&columns%5B0%5D%5Bname%5D=action&columns%5B0%5D%5Bsearchable%5D=true&columns%5B0%5D%5Borderable%5D=true&columns%5B0%5D%5Bsearch%5D%5Bvalue%5D=&columns%5B0%5D%5Bsearch%5D%5Bregex%5D=false&columns%5B1%5D%5Bdata%5D=transaction_date&columns%5B1%5D%5Bname%5D=transaction_date&columns%5B1%5D%5Bsearchable%5D=true&columns%5B1%5D%5Borderable%5D=true&columns%5B1%5D%5Bsearch%5D%5Bvalue%5D=&columns%5B1%5D%5Bsearch%5D%5Bregex%5D=false&columns%5B2%5D%5Bdata%5D=invoice_no&columns%5B2%5D%5Bname%5D=invoice_no&columns%5B2%5D%5Bsearchable%5D=true&columns%5B2%5D%5Borderable%5D=true&columns%5B2%5D%5Bsearch%5D%5Bvalue%5D=&columns%5B2%5D%5Bsearch%5D%5Bregex%5D=false&columns%5B3%5D%5Bdata%5D=conatct_name&columns%5B3%5D%5Bname%5D=conatct_name&columns%5B3%5D%5Bsearchable%5D=true&columns%5B3%5D%5Borderable%5D=true&columns%5B3%5D%5Bsearch%5D%5Bvalue%5D=&columns%5B3%5D%5Bsearch%5D%5Bregex%5D=false&columns%5B4%5D%5Bdata%5D=mobile&columns%5B4%5D%5Bname%5D=contacts.mobile&columns%5B4%5D%5Bsearchable%5D=true&columns%5B4%5D%5Borderable%5D=true&columns%5B4%5D%5Bsearch%5D%5Bvalue%5D=&columns%5B4%5D%5Bsearch%5D%5Bregex%5D=false&columns%5B5%5D%5Bdata%5D=business_location&columns%5B5%5D%5Bname%5D=bl.name&columns%5B5%5D%5Bsearchable%5D=true&columns%5B5%5D%5Borderable%5D=true&columns%5B5%5D%5Bsearch%5D%5Bvalue%5D=&columns%5B5%5D%5Bsearch%5D%5Bregex%5D=false&columns%5B6%5D%5Bdata%5D=status&columns%5B6%5D%5Bname%5D=status&columns%5B6%5D%5Bsearchable%5D=true&columns%5B6%5D%5Borderable%5D=true&columns%5B6%5D%5Bsearch%5D%5Bvalue%5D=&columns%5B6%5D%5Bsearch%5D%5Bregex%5D=false&columns%5B7%5D%5Bdata%5D=shipping_status&columns%5B7%5D%5Bname%5D=shipping_status&columns%5B7%5D%5Bsearchable%5D=false&columns%5B7%5D%5Borderable%5D=false&columns%5B7%5D%5Bsearch%5D%5Bvalue%5D=&columns%5B7%5D%5Bsearch%5D%5Bregex%5D=false&columns%5B8%5D%5Bdata%5D=so_qty_remaining&columns%5B8%5D%5Bname%5D=so_qty_remaining&columns%5B8%5D%5Bsearchable%5D=false&columns%5B8%5D%5Borderable%5D=true&columns%5B8%5D%5Bsearch%5D%5Bvalue%5D=&columns%5B8%5D%5Bsearch%5D%5Bregex%5D=false&columns%5B9%5D%5Bdata%5D=added_by&columns%5B9%5D%5Bname%5D=u.first_name&columns%5B9%5D%5Bsearchable%5D=true&columns%5B9%5D%5Borderable%5D=true&columns%5B9%5D%5Bsearch%5D%5Bvalue%5D=&columns%5B9%5D%5Bsearch%5D%5Bregex%5D=false&order%5B0%5D%5Bcolumn%5D=1&order%5B0%5D%5Bdir%5D=desc&start=0&length=25&search%5Bvalue%5D=&search%5Bregex%5D=false&for_dashboard_sales_order=true&_=1758799684374 HTTP/1.0" 200 4730 "https://pos.qimahsoft.co/home" "Mozilla/5.0 (Windows NT 10.0; Win64; x64) AppleWebKit/537.36 (KHTML, like Gecko) Chrome/140.0.0.0 Safari/537.36"
94.96.221.182 - - [25/Sep/2025:14:28:05 +0300] "GET /sells?draw=1&columns%5B0%5D%5Bdata%5D=action&columns%5B0%5D%5Bname%5D=action&columns%5B0%5D%5Bsearchable%5D=false&columns%5B0%5D%5Borderable%5D=false&columns%5B0%5D%5Bsearch%5D%5Bvalue%5D=&columns%5B0%5D%5Bsearch%5D%5Bregex%5D=false&columns%5B1%5D%5Bdata%5D=transaction_date&columns%5B1%5D%5Bname%5D=transaction_date&columns%5B1%5D%5Bsearchable%5D=true&columns%5B1%5D%5Borderable%5D=true&columns%5B1%5D%5Bsearch%5D%5Bvalue%5D=&columns%5B1%5D%5Bsearch%5D%5Bregex%5D=false&columns%5B2%5D%5Bdata%5D=invoice_no&columns%5B2%5D%5Bname%5D=invoice_no&columns%5B2%5D%5Bsearchable%5D=true&columns%5B2%5D%5Borderable%5D=true&columns%5B2%5D%5Bsearch%5D%5Bvalue%5D=&columns%5B2%5D%5Bsearch%5D%5Bregex%5D=false&columns%5B3%5D%5Bdata%5D=conatct_name&columns%5B3%5D%5Bname%5D=conatct_name&columns%5B3%5D%5Bsearchable%5D=true&columns%5B3%5D%5Borderable%5D=true&columns%5B3%5D%5Bsearch%5D%5Bvalue%5D=&columns%5B3%5D%5Bsearch%5D%5Bregex%5D=false&columns%5B4%5D%5Bdata%5D=mobile&columns%5B4%5D%5Bname%5D=contacts.mobile&columns%5B4%5D%5Bsearchable%5D=true&columns%5B4%5D%5Borderable%5D=true&columns%5B4%5D%5Bsearch%5D%5Bvalue%5D=&columns%5B4%5D%5Bsearch%5D%5Bregex%5D=false&columns%5B5%5D%5Bdata%5D=business_location&columns%5B5%5D%5Bname%5D=bl.name&columns%5B5%5D%5Bsearchable%5D=true&columns%5B5%5D%5Borderable%5D=true&columns%5B5%5D%5Bsearch%5D%5Bvalue%5D=&columns%5B5%5D%5Bsearch%5D%5Bregex%5D=false&columns%5B6%5D%5Bdata%5D=shipping_status&columns%5B6%5D%5Bname%5D=shipping_status&columns%5B6%5D%5Bsearchable%5D=true&columns%5B6%5D%5Borderable%5D=true&columns%5B6%5D%5Bsearch%5D%5Bvalue%5D=&columns%5B6%5D%5Bsearch%5D%5Bregex%5D=false&columns%5B7%5D%5Bdata%5D=payment_status&columns%5B7%5D%5Bname%5D=payment_status&columns%5B7%5D%5Bsearchable%5D=true&columns%5B7%5D%5Borderable%5D=true&columns%5B7%5D%5Bsearch%5D%5Bvalue%5D=&columns%5B7%5D%5Bsearch%5D%5Bregex%5D=false&columns%5B8%5D%5Bdata%5D=waiter&columns%5B8%5D%5Bname%5D=ss.first_name&columns%5B8%5D%5Bsearchable%5D=true&columns%5B8%5D%5Borderable%5D=true&columns%5B8%5D%5Bsearch%5D%5Bvalue%5D=&columns%5B8%5D%5Bsearch%5D%5Bregex%5D=false&order%5B0%5D%5Bcolumn%5D=1&order%5B0%5D%5Bdir%5D=desc&start=0&length=25&search%5Bvalue%5D=&search%5Bregex%5D=false&only_pending_shipments=true&_=1758799684375 HTTP/1.0" 200 4736 "https://pos.qimahsoft.co/home" "Mozilla/5.0 (Windows NT 10.0; Win64; x64) AppleWebKit/537.36 (KHTML, like Gecko) Chrome/140.0.0.0 Safari/537.36"
94.96.221.182 - - [25/Sep/2025:14:28:12 +0300] "GET /products/create HTTP/1.0" 200 15026 "https://pos.qimahsoft.co/home" "Mozilla/5.0 (Windows NT 10.0; Win64; x64) AppleWebKit/537.36 (KHTML, like Gecko) Chrome/140.0.0.0 Safari/537.36"
94.96.221.182 - - [25/Sep/2025:14:28:13 +0300] "GET /get-total-unread HTTP/1.0" 200 4718 "https://pos.qimahsoft.co/products/create" "Mozilla/5.0 (Windows NT 10.0; Win64; x64) AppleWebKit/537.36 (KHTML, like Gecko) Chrome/140.0.0.0 Safari/537.36"
51.36.33.141 - - [25/Sep/2025:14:28:36 +0300] "GET /get-total-unread HTTP/1.0" 200 4716 "https://pos.qimahsoft.co/sells" "Mozilla/5.0 (Windows NT 10.0; Win64; x64) AppleWebKit/537.36 (KHTML, like Gecko) Chrome/140.0.0.0 Safari/537.36"
51.36.33.141 - - [25/Sep/2025:14:28:36 +0300] "GET /get-total-unread HTTP/1.0" 200 4718 "https://pos.qimahsoft.co/products" "Mozilla/5.0 (Windows NT 10.0; Win64; x64) AppleWebKit/537.36 (KHTML, like Gecko) Chrome/140.0.0.0 Safari/537.36"
89.39.107.198 - - [25/Sep/2025:14:28:40 +0300] "GET /get-total-unread HTTP/1.0" 200 4722 "https://pos.qimahsoft.co/home" "Mozilla/5.0 (Windows NT 10.0; Win64; x64) AppleWebKit/537.36 (KHTML, like Gecko) Chrome/140.0.0.0 Safari/537.36"
94.96.221.182 - - [25/Sep/2025:14:29:13 +0300] "GET /get-total-unread HTTP/1.0" 200 4724 "https://pos.qimahsoft.co/products/create" "Mozilla/5.0 (Windows NT 10.0; Win64; x64) AppleWebKit/537.36 (KHTML, like Gecko) Chrome/140.0.0.0 Safari/537.36"
