51.36.33.141 - - [25/Sep/2025:14:29:36 +0300] "GET /get-total-unread HTTP/1.0" 200 4716 "https://pos.qimahsoft.co/products" "Mozilla/5.0 (Windows NT 10.0; Win64; x64) AppleWebKit/537.36 (KHTML, like Gecko) Chrome/140.0.0.0 Safari/537.36"
51.36.33.141 - - [25/Sep/2025:14:29:36 +0300] "GET /get-total-unread HTTP/1.0" 200 4724 "https://pos.qimahsoft.co/sells" "Mozilla/5.0 (Windows NT 10.0; Win64; x64) AppleWebKit/537.36 (KHTML, like Gecko) Chrome/140.0.0.0 Safari/537.36"
89.39.107.198 - - [25/Sep/2025:14:29:40 +0300] "GET /get-total-unread HTTP/1.0" 200 4722 "https://pos.qimahsoft.co/home" "Mozilla/5.0 (Windows NT 10.0; Win64; x64) AppleWebKit/537.36 (KHTML, like Gecko) Chrome/140.0.0.0 Safari/537.36"
94.96.221.182 - - [25/Sep/2025:14:30:13 +0300] "GET /get-total-unread HTTP/1.0" 200 4724 "https://pos.qimahsoft.co/products/create" "Mozilla/5.0 (Windows NT 10.0; Win64; x64) AppleWebKit/537.36 (KHTML, like Gecko) Chrome/140.0.0.0 Safari/537.36"
51.36.33.141 - - [25/Sep/2025:14:30:36 +0300] "GET /get-total-unread HTTP/1.0" 200 4714 "https://pos.qimahsoft.co/sells" "Mozilla/5.0 (Windows NT 10.0; Win64; x64) AppleWebKit/537.36 (KHTML, like Gecko) Chrome/140.0.0.0 Safari/537.36"
51.36.33.141 - - [25/Sep/2025:14:30:36 +0300] "GET /get-total-unread HTTP/1.0" 200 4712 "https://pos.qimahsoft.co/products" "Mozilla/5.0 (Windows NT 10.0; Win64; x64) AppleWebKit/537.36 (KHTML, like Gecko) Chrome/140.0.0.0 Safari/537.36"
89.39.107.198 - - [25/Sep/2025:14:30:40 +0300] "GET /get-total-unread HTTP/1.0" 200 4714 "https://pos.qimahsoft.co/home" "Mozilla/5.0 (Windows NT 10.0; Win64; x64) AppleWebKit/537.36 (KHTML, like Gecko) Chrome/140.0.0.0 Safari/537.36"
94.96.221.182 - - [25/Sep/2025:14:30:49 +0300] "POST /products HTTP/1.0" 302 5107 "https://pos.qimahsoft.co/products/create" "Mozilla/5.0 (Windows NT 10.0; Win64; x64) AppleWebKit/537.36 (KHTML, like Gecko) Chrome/140.0.0.0 Safari/537.36"
94.96.221.182 - - [25/Sep/2025:14:30:49 +0300] "GET /products HTTP/1.0" 200 16845 "https://pos.qimahsoft.co/products/create" "Mozilla/5.0 (Windows NT 10.0; Win64; x64) AppleWebKit/537.36 (KHTML, like Gecko) Chrome/140.0.0.0 Safari/537.36"
94.96.221.182 - - [25/Sep/2025:14:30:50 +0300] "GET /get-total-unread HTTP/1.0" 200 4726 "https://pos.qimahsoft.co/products" "Mozilla/5.0 (Windows NT 10.0; Win64; x64) AppleWebKit/537.36 (KHTML, like Gecko) Chrome/140.0.0.0 Safari/537.36"
94.96.221.182 - - [25/Sep/2025:14:30:50 +0300] "GET /products?draw=1&columns%5B0%5D%5Bdata%5D=mass_delete&columns%5B0%5D%5Bname%5D=&columns%5B0%5D%5Bsearchable%5D=false&columns%5B0%5D%5Borderable%5D=false&columns%5B1%5D%5Bdata%5D=image&columns%5B1%5D%5Bname%5D=products.image&columns%5B1%5D%5Bsearchable%5D=false&columns%5B1%5D%5Borderable%5D=false&columns%5B2%5D%5Bdata%5D=action&columns%5B2%5D%5Bsearchable%5D=false&columns%5B2%5D%5Borderable%5D=false&columns%5B3%5D%5Bdata%5D=product&columns%5B3%5D%5Bname%5D=products.name&columns%5B4%5D%5Bdata%5D=product_locations&columns%5B5%5D%5Bdata%5D=purchase_price&columns%5B5%5D%5Bname%5D=max_purchase_price&columns%5B5%5D%5Bsearchable%5D=false&columns%5B6%5D%5Bdata%5D=selling_price&columns%5B6%5D%5Bname%5D=max_price&columns%5B6%5D%5Bsearchable%5D=false&columns%5B7%5D%5Bdata%5D=current_stock&columns%5B7%5D%5Bname%5D=&columns%5B7%5D%5Bsearchable%5D=false&columns%5B8%5D%5Bdata%5D=type&columns%5B8%5D%5Bname%5D=products.type&columns%5B9%5D%5Bdata%5D=category&columns%5B9%5D%5Bname%5D=c1.name&columns%5B10%5D%5Bdata%5D=brand&columns%5B10%5D%5Bname%5D=brands.name&columns%5B11%5D%5Bdata%5D=tax&columns%5B11%5D%5Bname%5D=tax_rates.name&columns%5B11%5D%5Bsearchable%5D=false&columns%5B12%5D%5Bdata%5D=sku&columns%5B12%5D%5Bname%5D=products.sku&columns%5B13%5D%5Bdata%5D=product_custom_field1&columns%5B13%5D%5Bname%5D=products.product_custom_field1&columns%5B14%5D%5Bdata%5D=product_custom_field2&columns%5B14%5D%5Bname%5D=products.product_custom_field2&columns%5B15%5D%5Bdata%5D=product_custom_field3&columns%5B15%5D%5Bname%5D=products.product_custom_field3&columns%5B16%5D%5Bdata%5D=product_custom_field4&columns%5B16%5D%5Bname%5D=products.product_custom_field4&order%5B0%5D%5Bcolumn%5D=3&order%5B0%5D%5Bdir%5D=asc&start=0&length=25&search%5Bvalue%5D=&type=&category_id=&brand_id=&unit_id=&tax_id=&active_state=&not_for_selling=false&location_id=&_=1758799849434 HTTP/1.0" 200 87075 "https://pos.qimahsoft.co/products" "Mozilla/5.0 (Windows NT 10.0; Win64; x64) AppleWebKit/537.36 (KHTML, like Gecko) Chrome/140.0.0.0 Safari/537.36"
94.96.221.182 - - [25/Sep/2025:14:31:01 +0300] "GET /pos/create HTTP/1.0" 200 19312 "https://pos.qimahsoft.co/products" "Mozilla/5.0 (Windows NT 10.0; Win64; x64) AppleWebKit/537.36 (KHTML, like Gecko) Chrome/140.0.0.0 Safari/537.36"
94.96.221.182 - - [25/Sep/2025:14:31:01 +0300] "GET /sells/pos/get-product-suggestion?brand_id=all&location_id=52&page=1&is_enabled_stock=&repair_model_id= HTTP/1.0" 200 7325 "https://pos.qimahsoft.co/pos/create" "Mozilla/5.0 (Windows NT 10.0; Win64; x64) AppleWebKit/537.36 (KHTML, like Gecko) Chrome/140.0.0.0 Safari/537.36"
94.96.221.182 - - [25/Sep/2025:14:31:09 +0300] "GET /products/list?price_group=0&location_id=52&term=%D9%81%D9%83%20%D8%A8%D8%AE%D8%A7%D8%AE&not_for_selling=0&search_fields%5B%5D=name&search_fields%5B%5D=sku HTTP/1.0" 200 5772 "https://pos.qimahsoft.co/pos/create" "Mozilla/5.0 (Windows NT 10.0; Win64; x64) AppleWebKit/537.36 (KHTML, like Gecko) Chrome/140.0.0.0 Safari/537.36"
94.96.221.182 - - [25/Sep/2025:14:31:12 +0300] "GET /products/list?price_group=0&location_id=52&term=%D9%81%D9%83%20%D8%A8%D8%AE%D8%A7%D8%AE%D8%A7%D8%AA&not_for_selling=0&search_fields%5B%5D=name&search_fields%5B%5D=sku HTTP/1.0" 200 5748 "https://pos.qimahsoft.co/pos/create" "Mozilla/5.0 (Windows NT 10.0; Win64; x64) AppleWebKit/537.36 (KHTML, like Gecko) Chrome/140.0.0.0 Safari/537.36"
94.96.221.182 - - [25/Sep/2025:14:31:23 +0300] "GET /products/list?price_group=0&location_id=52&term=%D9%81%D9%83%20%D8%A8%D8%AE%D8%A7%D8%AE%D8%A7%D8%AA%20&not_for_selling=0&search_fields%5B%5D=name&search_fields%5B%5D=sku HTTP/1.0" 200 5743 "https://pos.qimahsoft.co/pos/create" "Mozilla/5.0 (Windows NT 10.0; Win64; x64) AppleWebKit/537.36 (KHTML, like Gecko) Chrome/140.0.0.0 Safari/537.36"
94.96.221.182 - - [25/Sep/2025:14:31:33 +0300] "GET /products/list?price_group=0&location_id=52&term=%D9%81%D9%83%20%D8%A8%D8%AE%D8%A7%D8%AE%D8%A7%D8%AA%20%2B&not_for_selling=0&search_fields%5B%5D=name&search_fields%5B%5D=sku HTTP/1.0" 200 5026 "https://pos.qimahsoft.co/pos/create" "Mozilla/5.0 (Windows NT 10.0; Win64; x64) AppleWebKit/537.36 (KHTML, like Gecko) Chrome/140.0.0.0 Safari/537.36"
94.96.221.182 - - [25/Sep/2025:14:31:33 +0300] "GET /sells/pos/get_product_row/24498/52?product_row=0&customer_id=1716&is_direct_sell=false&price_group=0&purchase_line_id=&weighing_scale_barcode=&quantity=1&is_sales_order=false HTTP/1.0" 200 11450 "https://pos.qimahsoft.co/pos/create" "Mozilla/5.0 (Windows NT 10.0; Win64; x64) AppleWebKit/537.36 (KHTML, like Gecko) Chrome/140.0.0.0 Safari/537.36"
51.36.33.141 - - [25/Sep/2025:14:31:36 +0300] "GET /get-total-unread HTTP/1.0" 200 4716 "https://pos.qimahsoft.co/products" "Mozilla/5.0 (Windows NT 10.0; Win64; x64) AppleWebKit/537.36 (KHTML, like Gecko) Chrome/140.0.0.0 Safari/537.36"
51.36.33.141 - - [25/Sep/2025:14:31:36 +0300] "GET /get-total-unread HTTP/1.0" 200 4716 "https://pos.qimahsoft.co/sells" "Mozilla/5.0 (Windows NT 10.0; Win64; x64) AppleWebKit/537.36 (KHTML, like Gecko) Chrome/140.0.0.0 Safari/537.36"
94.96.221.182 - - [25/Sep/2025:14:31:36 +0300] "GET /products/list?price_group=0&location_id=52&term=%D9%88%D8%B1%D8%AF&not_for_selling=0&search_fields%5B%5D=name&search_fields%5B%5D=sku HTTP/1.0" 200 5466 "https://pos.qimahsoft.co/pos/create" "Mozilla/5.0 (Windows NT 10.0; Win64; x64) AppleWebKit/537.36 (KHTML, like Gecko) Chrome/140.0.0.0 Safari/537.36"
89.39.107.198 - - [25/Sep/2025:14:31:40 +0300] "GET /get-total-unread HTTP/1.0" 200 4714 "https://pos.qimahsoft.co/home" "Mozilla/5.0 (Windows NT 10.0; Win64; x64) AppleWebKit/537.36 (KHTML, like Gecko) Chrome/140.0.0.0 Safari/537.36"
51.36.33.141 - - [25/Sep/2025:14:32:36 +0300] "GET /get-total-unread HTTP/1.0" 200 4712 "https://pos.qimahsoft.co/sells" "Mozilla/5.0 (Windows NT 10.0; Win64; x64) AppleWebKit/537.36 (KHTML, like Gecko) Chrome/140.0.0.0 Safari/537.36"
51.36.33.141 - - [25/Sep/2025:14:32:36 +0300] "GET /get-total-unread HTTP/1.0" 200 4722 "https://pos.qimahsoft.co/products" "Mozilla/5.0 (Windows NT 10.0; Win64; x64) AppleWebKit/537.36 (KHTML, like Gecko) Chrome/140.0.0.0 Safari/537.36"
89.39.107.198 - - [25/Sep/2025:14:32:40 +0300] "GET /get-total-unread HTTP/1.0" 200 4720 "https://pos.qimahsoft.co/home" "Mozilla/5.0 (Windows NT 10.0; Win64; x64) AppleWebKit/537.36 (KHTML, like Gecko) Chrome/140.0.0.0 Safari/537.36"
89.39.107.198 - - [25/Sep/2025:14:33:01 +0300] "GET /get-total-unread HTTP/1.0" 200 4716 "https://pos.qimahsoft.co/home" "Mozilla/5.0 (Windows NT 10.0; Win64; x64) AppleWebKit/537.36 (KHTML, like Gecko) Chrome/140.0.0.0 Safari/537.36"
51.36.33.141 - - [25/Sep/2025:14:33:36 +0300] "GET /get-total-unread HTTP/1.0" 200 4716 "https://pos.qimahsoft.co/products" "Mozilla/5.0 (Windows NT 10.0; Win64; x64) AppleWebKit/537.36 (KHTML, like Gecko) Chrome/140.0.0.0 Safari/537.36"
51.36.33.141 - - [25/Sep/2025:14:33:36 +0300] "GET /get-total-unread HTTP/1.0" 200 4714 "https://pos.qimahsoft.co/sells" "Mozilla/5.0 (Windows NT 10.0; Win64; x64) AppleWebKit/537.36 (KHTML, like Gecko) Chrome/140.0.0.0 Safari/537.36"
51.36.33.141 - - [25/Sep/2025:14:34:36 +0300] "GET /get-total-unread HTTP/1.0" 200 4716 "https://pos.qimahsoft.co/sells" "Mozilla/5.0 (Windows NT 10.0; Win64; x64) AppleWebKit/537.36 (KHTML, like Gecko) Chrome/140.0.0.0 Safari/537.36"
51.36.33.141 - - [25/Sep/2025:14:34:36 +0300] "GET /get-total-unread HTTP/1.0" 200 4726 "https://pos.qimahsoft.co/products" "Mozilla/5.0 (Windows NT 10.0; Win64; x64) AppleWebKit/537.36 (KHTML, like Gecko) Chrome/140.0.0.0 Safari/537.36"
89.39.107.198 - - [25/Sep/2025:14:34:40 +0300] "GET /get-total-unread HTTP/1.0" 200 4716 "https://pos.qimahsoft.co/home" "Mozilla/5.0 (Windows NT 10.0; Win64; x64) AppleWebKit/537.36 (KHTML, like Gecko) Chrome/140.0.0.0 Safari/537.36"
94.96.221.182 - - [25/Sep/2025:14:34:44 +0300] "POST /check-mobile HTTP/1.0" 200 4750 "https://pos.qimahsoft.co/pos/create" "Mozilla/5.0 (Windows NT 10.0; Win64; x64) AppleWebKit/537.36 (KHTML, like Gecko) Chrome/140.0.0.0 Safari/537.36"
94.96.221.182 - - [25/Sep/2025:14:34:44 +0300] "POST /contacts HTTP/1.0" 200 5665 "https://pos.qimahsoft.co/pos/create" "Mozilla/5.0 (Windows NT 10.0; Win64; x64) AppleWebKit/537.36 (KHTML, like Gecko) Chrome/140.0.0.0 Safari/537.36"
94.96.221.182 - - [25/Sep/2025:14:34:47 +0300] "POST /pos HTTP/1.0" 200 15908 "https://pos.qimahsoft.co/pos/create" "Mozilla/5.0 (Windows NT 10.0; Win64; x64) AppleWebKit/537.36 (KHTML, like Gecko) Chrome/140.0.0.0 Safari/537.36"
51.36.33.141 - - [25/Sep/2025:14:35:36 +0300] "GET /get-total-unread HTTP/1.0" 200 4716 "https://pos.qimahsoft.co/products" "Mozilla/5.0 (Windows NT 10.0; Win64; x64) AppleWebKit/537.36 (KHTML, like Gecko) Chrome/140.0.0.0 Safari/537.36"
51.36.33.141 - - [25/Sep/2025:14:35:36 +0300] "GET /get-total-unread HTTP/1.0" 200 4718 "https://pos.qimahsoft.co/sells" "Mozilla/5.0 (Windows NT 10.0; Win64; x64) AppleWebKit/537.36 (KHTML, like Gecko) Chrome/140.0.0.0 Safari/537.36"
51.36.33.141 - - [25/Sep/2025:14:36:36 +0300] "GET /get-total-unread HTTP/1.0" 200 4718 "https://pos.qimahsoft.co/products" "Mozilla/5.0 (Windows NT 10.0; Win64; x64) AppleWebKit/537.36 (KHTML, like Gecko) Chrome/140.0.0.0 Safari/537.36"
51.36.33.141 - - [25/Sep/2025:14:36:36 +0300] "GET /get-total-unread HTTP/1.0" 200 4716 "https://pos.qimahsoft.co/sells" "Mozilla/5.0 (Windows NT 10.0; Win64; x64) AppleWebKit/537.36 (KHTML, like Gecko) Chrome/140.0.0.0 Safari/537.36"
51.36.33.141 - - [25/Sep/2025:14:37:36 +0300] "GET /get-total-unread HTTP/1.0" 200 4720 "https://pos.qimahsoft.co/products" "Mozilla/5.0 (Windows NT 10.0; Win64; x64) AppleWebKit/537.36 (KHTML, like Gecko) Chrome/140.0.0.0 Safari/537.36"
51.36.33.141 - - [25/Sep/2025:14:37:36 +0300] "GET /get-total-unread HTTP/1.0" 200 4716 "https://pos.qimahsoft.co/sells" "Mozilla/5.0 (Windows NT 10.0; Win64; x64) AppleWebKit/537.36 (KHTML, like Gecko) Chrome/140.0.0.0 Safari/537.36"
51.36.33.141 - - [25/Sep/2025:14:38:36 +0300] "GET /get-total-unread HTTP/1.0" 200 4714 "https://pos.qimahsoft.co/sells" "Mozilla/5.0 (Windows NT 10.0; Win64; x64) AppleWebKit/537.36 (KHTML, like Gecko) Chrome/140.0.0.0 Safari/537.36"
51.36.33.141 - - [25/Sep/2025:14:38:36 +0300] "GET /get-total-unread HTTP/1.0" 200 4716 "https://pos.qimahsoft.co/products" "Mozilla/5.0 (Windows NT 10.0; Win64; x64) AppleWebKit/537.36 (KHTML, like Gecko) Chrome/140.0.0.0 Safari/537.36"
51.36.33.141 - - [25/Sep/2025:14:39:36 +0300] "GET /get-total-unread HTTP/1.0" 200 4716 "https://pos.qimahsoft.co/sells" "Mozilla/5.0 (Windows NT 10.0; Win64; x64) AppleWebKit/537.36 (KHTML, like Gecko) Chrome/140.0.0.0 Safari/537.36"
51.36.33.141 - - [25/Sep/2025:14:39:36 +0300] "GET /get-total-unread HTTP/1.0" 200 4714 "https://pos.qimahsoft.co/products" "Mozilla/5.0 (Windows NT 10.0; Win64; x64) AppleWebKit/537.36 (KHTML, like Gecko) Chrome/140.0.0.0 Safari/537.36"
51.36.33.141 - - [25/Sep/2025:14:40:36 +0300] "GET /get-total-unread HTTP/1.0" 200 4724 "https://pos.qimahsoft.co/products" "Mozilla/5.0 (Windows NT 10.0; Win64; x64) AppleWebKit/537.36 (KHTML, like Gecko) Chrome/140.0.0.0 Safari/537.36"
51.36.33.141 - - [25/Sep/2025:14:40:36 +0300] "GET /get-total-unread HTTP/1.0" 200 4716 "https://pos.qimahsoft.co/sells" "Mozilla/5.0 (Windows NT 10.0; Win64; x64) AppleWebKit/537.36 (KHTML, like Gecko) Chrome/140.0.0.0 Safari/537.36"
51.36.33.141 - - [25/Sep/2025:14:41:36 +0300] "GET /get-total-unread HTTP/1.0" 200 4722 "https://pos.qimahsoft.co/sells" "Mozilla/5.0 (Windows NT 10.0; Win64; x64) AppleWebKit/537.36 (KHTML, like Gecko) Chrome/140.0.0.0 Safari/537.36"
51.36.33.141 - - [25/Sep/2025:14:41:36 +0300] "GET /get-total-unread HTTP/1.0" 200 4716 "https://pos.qimahsoft.co/products" "Mozilla/5.0 (Windows NT 10.0; Win64; x64) AppleWebKit/537.36 (KHTML, like Gecko) Chrome/140.0.0.0 Safari/537.36"
51.36.33.141 - - [25/Sep/2025:14:42:36 +0300] "GET /get-total-unread HTTP/1.0" 200 4722 "https://pos.qimahsoft.co/products" "Mozilla/5.0 (Windows NT 10.0; Win64; x64) AppleWebKit/537.36 (KHTML, like Gecko) Chrome/140.0.0.0 Safari/537.36"
51.36.33.141 - - [25/Sep/2025:14:42:36 +0300] "GET /get-total-unread HTTP/1.0" 200 4724 "https://pos.qimahsoft.co/sells" "Mozilla/5.0 (Windows NT 10.0; Win64; x64) AppleWebKit/537.36 (KHTML, like Gecko) Chrome/140.0.0.0 Safari/537.36"
51.36.33.141 - - [25/Sep/2025:14:43:36 +0300] "GET /get-total-unread HTTP/1.0" 200 4722 "https://pos.qimahsoft.co/products" "Mozilla/5.0 (Windows NT 10.0; Win64; x64) AppleWebKit/537.36 (KHTML, like Gecko) Chrome/140.0.0.0 Safari/537.36"
51.36.33.141 - - [25/Sep/2025:14:43:36 +0300] "GET /get-total-unread HTTP/1.0" 200 4720 "https://pos.qimahsoft.co/sells" "Mozilla/5.0 (Windows NT 10.0; Win64; x64) AppleWebKit/537.36 (KHTML, like Gecko) Chrome/140.0.0.0 Safari/537.36"
51.36.33.141 - - [25/Sep/2025:14:44:36 +0300] "GET /get-total-unread HTTP/1.0" 200 4718 "https://pos.qimahsoft.co/products" "Mozilla/5.0 (Windows NT 10.0; Win64; x64) AppleWebKit/537.36 (KHTML, like Gecko) Chrome/140.0.0.0 Safari/537.36"
51.36.33.141 - - [25/Sep/2025:14:44:36 +0300] "GET /get-total-unread HTTP/1.0" 200 4718 "https://pos.qimahsoft.co/sells" "Mozilla/5.0 (Windows NT 10.0; Win64; x64) AppleWebKit/537.36 (KHTML, like Gecko) Chrome/140.0.0.0 Safari/537.36"
51.36.33.141 - - [25/Sep/2025:14:45:36 +0300] "GET /get-total-unread HTTP/1.0" 200 4714 "https://pos.qimahsoft.co/products" "Mozilla/5.0 (Windows NT 10.0; Win64; x64) AppleWebKit/537.36 (KHTML, like Gecko) Chrome/140.0.0.0 Safari/537.36"
51.36.33.141 - - [25/Sep/2025:14:45:36 +0300] "GET /get-total-unread HTTP/1.0" 200 4718 "https://pos.qimahsoft.co/sells" "Mozilla/5.0 (Windows NT 10.0; Win64; x64) AppleWebKit/537.36 (KHTML, like Gecko) Chrome/140.0.0.0 Safari/537.36"
51.36.33.141 - - [25/Sep/2025:14:46:36 +0300] "GET /get-total-unread HTTP/1.0" 200 4722 "https://pos.qimahsoft.co/products" "Mozilla/5.0 (Windows NT 10.0; Win64; x64) AppleWebKit/537.36 (KHTML, like Gecko) Chrome/140.0.0.0 Safari/537.36"
51.36.33.141 - - [25/Sep/2025:14:46:36 +0300] "GET /get-total-unread HTTP/1.0" 200 4714 "https://pos.qimahsoft.co/sells" "Mozilla/5.0 (Windows NT 10.0; Win64; x64) AppleWebKit/537.36 (KHTML, like Gecko) Chrome/140.0.0.0 Safari/537.36"
149.50.211.146 - - [25/Sep/2025:14:46:42 +0300] "GET /get-total-unread HTTP/1.0" 200 4720 "https://pos.qimahsoft.co/home" "Mozilla/5.0 (Windows NT 10.0; Win64; x64) AppleWebKit/537.36 (KHTML, like Gecko) Chrome/140.0.0.0 Safari/537.36"
51.36.33.141 - - [25/Sep/2025:14:47:36 +0300] "GET /get-total-unread HTTP/1.0" 200 4716 "https://pos.qimahsoft.co/products" "Mozilla/5.0 (Windows NT 10.0; Win64; x64) AppleWebKit/537.36 (KHTML, like Gecko) Chrome/140.0.0.0 Safari/537.36"
51.36.33.141 - - [25/Sep/2025:14:47:36 +0300] "GET /get-total-unread HTTP/1.0" 200 4716 "https://pos.qimahsoft.co/sells" "Mozilla/5.0 (Windows NT 10.0; Win64; x64) AppleWebKit/537.36 (KHTML, like Gecko) Chrome/140.0.0.0 Safari/537.36"
149.50.211.146 - - [25/Sep/2025:14:47:40 +0300] "GET /get-total-unread HTTP/1.0" 200 4716 "https://pos.qimahsoft.co/home" "Mozilla/5.0 (Windows NT 10.0; Win64; x64) AppleWebKit/537.36 (KHTML, like Gecko) Chrome/140.0.0.0 Safari/537.36"
51.36.33.141 - - [25/Sep/2025:14:48:36 +0300] "GET /get-total-unread HTTP/1.0" 200 4724 "https://pos.qimahsoft.co/products" "Mozilla/5.0 (Windows NT 10.0; Win64; x64) AppleWebKit/537.36 (KHTML, like Gecko) Chrome/140.0.0.0 Safari/537.36"
51.36.33.141 - - [25/Sep/2025:14:48:36 +0300] "GET /get-total-unread HTTP/1.0" 200 4720 "https://pos.qimahsoft.co/sells" "Mozilla/5.0 (Windows NT 10.0; Win64; x64) AppleWebKit/537.36 (KHTML, like Gecko) Chrome/140.0.0.0 Safari/537.36"
149.50.211.146 - - [25/Sep/2025:14:48:40 +0300] "GET /get-total-unread HTTP/1.0" 200 4714 "https://pos.qimahsoft.co/home" "Mozilla/5.0 (Windows NT 10.0; Win64; x64) AppleWebKit/537.36 (KHTML, like Gecko) Chrome/140.0.0.0 Safari/537.36"
51.36.33.141 - - [25/Sep/2025:14:49:36 +0300] "GET /get-total-unread HTTP/1.0" 200 4722 "https://pos.qimahsoft.co/sells" "Mozilla/5.0 (Windows NT 10.0; Win64; x64) AppleWebKit/537.36 (KHTML, like Gecko) Chrome/140.0.0.0 Safari/537.36"
51.36.33.141 - - [25/Sep/2025:14:49:36 +0300] "GET /get-total-unread HTTP/1.0" 200 4722 "https://pos.qimahsoft.co/products" "Mozilla/5.0 (Windows NT 10.0; Win64; x64) AppleWebKit/537.36 (KHTML, like Gecko) Chrome/140.0.0.0 Safari/537.36"
149.50.211.146 - - [25/Sep/2025:14:49:40 +0300] "GET /get-total-unread HTTP/1.0" 200 4716 "https://pos.qimahsoft.co/home" "Mozilla/5.0 (Windows NT 10.0; Win64; x64) AppleWebKit/537.36 (KHTML, like Gecko) Chrome/140.0.0.0 Safari/537.36"
51.36.33.141 - - [25/Sep/2025:14:50:36 +0300] "GET /get-total-unread HTTP/1.0" 200 4722 "https://pos.qimahsoft.co/products" "Mozilla/5.0 (Windows NT 10.0; Win64; x64) AppleWebKit/537.36 (KHTML, like Gecko) Chrome/140.0.0.0 Safari/537.36"
51.36.33.141 - - [25/Sep/2025:14:50:36 +0300] "GET /get-total-unread HTTP/1.0" 200 4718 "https://pos.qimahsoft.co/sells" "Mozilla/5.0 (Windows NT 10.0; Win64; x64) AppleWebKit/537.36 (KHTML, like Gecko) Chrome/140.0.0.0 Safari/537.36"
149.50.211.146 - - [25/Sep/2025:14:50:40 +0300] "GET /get-total-unread HTTP/1.0" 200 4716 "https://pos.qimahsoft.co/home" "Mozilla/5.0 (Windows NT 10.0; Win64; x64) AppleWebKit/537.36 (KHTML, like Gecko) Chrome/140.0.0.0 Safari/537.36"
51.36.33.141 - - [25/Sep/2025:14:51:36 +0300] "GET /get-total-unread HTTP/1.0" 200 4716 "https://pos.qimahsoft.co/products" "Mozilla/5.0 (Windows NT 10.0; Win64; x64) AppleWebKit/537.36 (KHTML, like Gecko) Chrome/140.0.0.0 Safari/537.36"
51.36.33.141 - - [25/Sep/2025:14:51:36 +0300] "GET /get-total-unread HTTP/1.0" 200 4714 "https://pos.qimahsoft.co/sells" "Mozilla/5.0 (Windows NT 10.0; Win64; x64) AppleWebKit/537.36 (KHTML, like Gecko) Chrome/140.0.0.0 Safari/537.36"
149.50.211.146 - - [25/Sep/2025:14:51:40 +0300] "GET /get-total-unread HTTP/1.0" 200 4714 "https://pos.qimahsoft.co/home" "Mozilla/5.0 (Windows NT 10.0; Win64; x64) AppleWebKit/537.36 (KHTML, like Gecko) Chrome/140.0.0.0 Safari/537.36"
51.36.33.141 - - [25/Sep/2025:14:52:36 +0300] "GET /get-total-unread HTTP/1.0" 200 4712 "https://pos.qimahsoft.co/sells" "Mozilla/5.0 (Windows NT 10.0; Win64; x64) AppleWebKit/537.36 (KHTML, like Gecko) Chrome/140.0.0.0 Safari/537.36"
51.36.33.141 - - [25/Sep/2025:14:52:36 +0300] "GET /get-total-unread HTTP/1.0" 200 4720 "https://pos.qimahsoft.co/products" "Mozilla/5.0 (Windows NT 10.0; Win64; x64) AppleWebKit/537.36 (KHTML, like Gecko) Chrome/140.0.0.0 Safari/537.36"
149.50.211.146 - - [25/Sep/2025:14:52:40 +0300] "GET /get-total-unread HTTP/1.0" 200 4716 "https://pos.qimahsoft.co/home" "Mozilla/5.0 (Windows NT 10.0; Win64; x64) AppleWebKit/537.36 (KHTML, like Gecko) Chrome/140.0.0.0 Safari/537.36"
51.36.33.141 - - [25/Sep/2025:14:53:36 +0300] "GET /get-total-unread HTTP/1.0" 200 4716 "https://pos.qimahsoft.co/products" "Mozilla/5.0 (Windows NT 10.0; Win64; x64) AppleWebKit/537.36 (KHTML, like Gecko) Chrome/140.0.0.0 Safari/537.36"
51.36.33.141 - - [25/Sep/2025:14:53:36 +0300] "GET /get-total-unread HTTP/1.0" 200 4722 "https://pos.qimahsoft.co/sells" "Mozilla/5.0 (Windows NT 10.0; Win64; x64) AppleWebKit/537.36 (KHTML, like Gecko) Chrome/140.0.0.0 Safari/537.36"
149.50.211.146 - - [25/Sep/2025:14:53:40 +0300] "GET /get-total-unread HTTP/1.0" 200 4716 "https://pos.qimahsoft.co/home" "Mozilla/5.0 (Windows NT 10.0; Win64; x64) AppleWebKit/537.36 (KHTML, like Gecko) Chrome/140.0.0.0 Safari/537.36"
51.36.33.141 - - [25/Sep/2025:14:54:36 +0300] "GET /get-total-unread HTTP/1.0" 200 4718 "https://pos.qimahsoft.co/products" "Mozilla/5.0 (Windows NT 10.0; Win64; x64) AppleWebKit/537.36 (KHTML, like Gecko) Chrome/140.0.0.0 Safari/537.36"
51.36.33.141 - - [25/Sep/2025:14:54:36 +0300] "GET /get-total-unread HTTP/1.0" 200 4716 "https://pos.qimahsoft.co/sells" "Mozilla/5.0 (Windows NT 10.0; Win64; x64) AppleWebKit/537.36 (KHTML, like Gecko) Chrome/140.0.0.0 Safari/537.36"
149.50.211.146 - - [25/Sep/2025:14:54:40 +0300] "GET /get-total-unread HTTP/1.0" 200 4716 "https://pos.qimahsoft.co/home" "Mozilla/5.0 (Windows NT 10.0; Win64; x64) AppleWebKit/537.36 (KHTML, like Gecko) Chrome/140.0.0.0 Safari/537.36"
51.36.33.141 - - [25/Sep/2025:14:55:36 +0300] "GET /get-total-unread HTTP/1.0" 200 4712 "https://pos.qimahsoft.co/products" "Mozilla/5.0 (Windows NT 10.0; Win64; x64) AppleWebKit/537.36 (KHTML, like Gecko) Chrome/140.0.0.0 Safari/537.36"
51.36.33.141 - - [25/Sep/2025:14:55:36 +0300] "GET /get-total-unread HTTP/1.0" 200 4724 "https://pos.qimahsoft.co/sells" "Mozilla/5.0 (Windows NT 10.0; Win64; x64) AppleWebKit/537.36 (KHTML, like Gecko) Chrome/140.0.0.0 Safari/537.36"
149.50.211.146 - - [25/Sep/2025:14:55:40 +0300] "GET /get-total-unread HTTP/1.0" 200 4714 "https://pos.qimahsoft.co/home" "Mozilla/5.0 (Windows NT 10.0; Win64; x64) AppleWebKit/537.36 (KHTML, like Gecko) Chrome/140.0.0.0 Safari/537.36"
51.36.33.141 - - [25/Sep/2025:14:56:36 +0300] "GET /get-total-unread HTTP/1.0" 200 4724 "https://pos.qimahsoft.co/products" "Mozilla/5.0 (Windows NT 10.0; Win64; x64) AppleWebKit/537.36 (KHTML, like Gecko) Chrome/140.0.0.0 Safari/537.36"
51.36.33.141 - - [25/Sep/2025:14:56:36 +0300] "GET /get-total-unread HTTP/1.0" 200 4726 "https://pos.qimahsoft.co/sells" "Mozilla/5.0 (Windows NT 10.0; Win64; x64) AppleWebKit/537.36 (KHTML, like Gecko) Chrome/140.0.0.0 Safari/537.36"
149.50.211.146 - - [25/Sep/2025:14:56:40 +0300] "GET /get-total-unread HTTP/1.0" 200 4726 "https://pos.qimahsoft.co/home" "Mozilla/5.0 (Windows NT 10.0; Win64; x64) AppleWebKit/537.36 (KHTML, like Gecko) Chrome/140.0.0.0 Safari/537.36"
51.36.33.141 - - [25/Sep/2025:14:57:36 +0300] "GET /get-total-unread HTTP/1.0" 200 4722 "https://pos.qimahsoft.co/sells" "Mozilla/5.0 (Windows NT 10.0; Win64; x64) AppleWebKit/537.36 (KHTML, like Gecko) Chrome/140.0.0.0 Safari/537.36"
51.36.33.141 - - [25/Sep/2025:14:57:36 +0300] "GET /get-total-unread HTTP/1.0" 200 4716 "https://pos.qimahsoft.co/products" "Mozilla/5.0 (Windows NT 10.0; Win64; x64) AppleWebKit/537.36 (KHTML, like Gecko) Chrome/140.0.0.0 Safari/537.36"
149.50.211.146 - - [25/Sep/2025:14:57:40 +0300] "GET /get-total-unread HTTP/1.0" 200 4716 "https://pos.qimahsoft.co/home" "Mozilla/5.0 (Windows NT 10.0; Win64; x64) AppleWebKit/537.36 (KHTML, like Gecko) Chrome/140.0.0.0 Safari/537.36"
51.36.33.141 - - [25/Sep/2025:14:58:36 +0300] "GET /get-total-unread HTTP/1.0" 200 4714 "https://pos.qimahsoft.co/products" "Mozilla/5.0 (Windows NT 10.0; Win64; x64) AppleWebKit/537.36 (KHTML, like Gecko) Chrome/140.0.0.0 Safari/537.36"
51.36.33.141 - - [25/Sep/2025:14:58:36 +0300] "GET /get-total-unread HTTP/1.0" 200 4718 "https://pos.qimahsoft.co/sells" "Mozilla/5.0 (Windows NT 10.0; Win64; x64) AppleWebKit/537.36 (KHTML, like Gecko) Chrome/140.0.0.0 Safari/537.36"
149.50.211.146 - - [25/Sep/2025:14:58:40 +0300] "GET /get-total-unread HTTP/1.0" 200 4714 "https://pos.qimahsoft.co/home" "Mozilla/5.0 (Windows NT 10.0; Win64; x64) AppleWebKit/537.36 (KHTML, like Gecko) Chrome/140.0.0.0 Safari/537.36"
51.36.33.141 - - [25/Sep/2025:14:59:36 +0300] "GET /get-total-unread HTTP/1.0" 200 4722 "https://pos.qimahsoft.co/products" "Mozilla/5.0 (Windows NT 10.0; Win64; x64) AppleWebKit/537.36 (KHTML, like Gecko) Chrome/140.0.0.0 Safari/537.36"
51.36.33.141 - - [25/Sep/2025:14:59:36 +0300] "GET /get-total-unread HTTP/1.0" 200 4716 "https://pos.qimahsoft.co/sells" "Mozilla/5.0 (Windows NT 10.0; Win64; x64) AppleWebKit/537.36 (KHTML, like Gecko) Chrome/140.0.0.0 Safari/537.36"
149.50.211.146 - - [25/Sep/2025:14:59:40 +0300] "GET /get-total-unread HTTP/1.0" 200 4718 "https://pos.qimahsoft.co/home" "Mozilla/5.0 (Windows NT 10.0; Win64; x64) AppleWebKit/537.36 (KHTML, like Gecko) Chrome/140.0.0.0 Safari/537.36"
51.36.33.141 - - [25/Sep/2025:15:00:36 +0300] "GET /get-total-unread HTTP/1.0" 200 4724 "https://pos.qimahsoft.co/products" "Mozilla/5.0 (Windows NT 10.0; Win64; x64) AppleWebKit/537.36 (KHTML, like Gecko) Chrome/140.0.0.0 Safari/537.36"
51.36.33.141 - - [25/Sep/2025:15:00:36 +0300] "GET /get-total-unread HTTP/1.0" 200 4718 "https://pos.qimahsoft.co/sells" "Mozilla/5.0 (Windows NT 10.0; Win64; x64) AppleWebKit/537.36 (KHTML, like Gecko) Chrome/140.0.0.0 Safari/537.36"
149.50.211.146 - - [25/Sep/2025:15:00:40 +0300] "GET /get-total-unread HTTP/1.0" 200 4718 "https://pos.qimahsoft.co/home" "Mozilla/5.0 (Windows NT 10.0; Win64; x64) AppleWebKit/537.36 (KHTML, like Gecko) Chrome/140.0.0.0 Safari/537.36"
51.36.33.141 - - [25/Sep/2025:15:01:36 +0300] "GET /get-total-unread HTTP/1.0" 200 4722 "https://pos.qimahsoft.co/products" "Mozilla/5.0 (Windows NT 10.0; Win64; x64) AppleWebKit/537.36 (KHTML, like Gecko) Chrome/140.0.0.0 Safari/537.36"
51.36.33.141 - - [25/Sep/2025:15:01:36 +0300] "GET /get-total-unread HTTP/1.0" 200 4714 "https://pos.qimahsoft.co/sells" "Mozilla/5.0 (Windows NT 10.0; Win64; x64) AppleWebKit/537.36 (KHTML, like Gecko) Chrome/140.0.0.0 Safari/537.36"
77.30.208.12 - - [25/Sep/2025:15:01:40 +0300] "GET /get-total-unread HTTP/1.0" 200 4722 "https://pos.qimahsoft.co/home" "Mozilla/5.0 (Windows NT 10.0; Win64; x64) AppleWebKit/537.36 (KHTML, like Gecko) Chrome/140.0.0.0 Safari/537.36"
51.36.33.141 - - [25/Sep/2025:15:02:36 +0300] "GET /get-total-unread HTTP/1.0" 200 4716 "https://pos.qimahsoft.co/sells" "Mozilla/5.0 (Windows NT 10.0; Win64; x64) AppleWebKit/537.36 (KHTML, like Gecko) Chrome/140.0.0.0 Safari/537.36"
51.36.33.141 - - [25/Sep/2025:15:02:36 +0300] "GET /get-total-unread HTTP/1.0" 200 4716 "https://pos.qimahsoft.co/products" "Mozilla/5.0 (Windows NT 10.0; Win64; x64) AppleWebKit/537.36 (KHTML, like Gecko) Chrome/140.0.0.0 Safari/537.36"
77.30.208.12 - - [25/Sep/2025:15:02:40 +0300] "GET /get-total-unread HTTP/1.0" 200 4720 "https://pos.qimahsoft.co/home" "Mozilla/5.0 (Windows NT 10.0; Win64; x64) AppleWebKit/537.36 (KHTML, like Gecko) Chrome/140.0.0.0 Safari/537.36"
51.36.33.141 - - [25/Sep/2025:15:03:36 +0300] "GET /get-total-unread HTTP/1.0" 200 4716 "https://pos.qimahsoft.co/sells" "Mozilla/5.0 (Windows NT 10.0; Win64; x64) AppleWebKit/537.36 (KHTML, like Gecko) Chrome/140.0.0.0 Safari/537.36"
51.36.33.141 - - [25/Sep/2025:15:03:36 +0300] "GET /get-total-unread HTTP/1.0" 200 4712 "https://pos.qimahsoft.co/products" "Mozilla/5.0 (Windows NT 10.0; Win64; x64) AppleWebKit/537.36 (KHTML, like Gecko) Chrome/140.0.0.0 Safari/537.36"
77.30.208.12 - - [25/Sep/2025:15:03:40 +0300] "GET /get-total-unread HTTP/1.0" 200 4716 "https://pos.qimahsoft.co/home" "Mozilla/5.0 (Windows NT 10.0; Win64; x64) AppleWebKit/537.36 (KHTML, like Gecko) Chrome/140.0.0.0 Safari/537.36"
51.36.33.141 - - [25/Sep/2025:15:04:36 +0300] "GET /get-total-unread HTTP/1.0" 200 4720 "https://pos.qimahsoft.co/products" "Mozilla/5.0 (Windows NT 10.0; Win64; x64) AppleWebKit/537.36 (KHTML, like Gecko) Chrome/140.0.0.0 Safari/537.36"
51.36.33.141 - - [25/Sep/2025:15:04:36 +0300] "GET /get-total-unread HTTP/1.0" 200 4716 "https://pos.qimahsoft.co/sells" "Mozilla/5.0 (Windows NT 10.0; Win64; x64) AppleWebKit/537.36 (KHTML, like Gecko) Chrome/140.0.0.0 Safari/537.36"
77.30.208.12 - - [25/Sep/2025:15:04:40 +0300] "GET /get-total-unread HTTP/1.0" 200 4720 "https://pos.qimahsoft.co/home" "Mozilla/5.0 (Windows NT 10.0; Win64; x64) AppleWebKit/537.36 (KHTML, like Gecko) Chrome/140.0.0.0 Safari/537.36"
51.36.33.141 - - [25/Sep/2025:15:05:36 +0300] "GET /get-total-unread HTTP/1.0" 200 4716 "https://pos.qimahsoft.co/sells" "Mozilla/5.0 (Windows NT 10.0; Win64; x64) AppleWebKit/537.36 (KHTML, like Gecko) Chrome/140.0.0.0 Safari/537.36"
51.36.33.141 - - [25/Sep/2025:15:05:36 +0300] "GET /get-total-unread HTTP/1.0" 200 4720 "https://pos.qimahsoft.co/products" "Mozilla/5.0 (Windows NT 10.0; Win64; x64) AppleWebKit/537.36 (KHTML, like Gecko) Chrome/140.0.0.0 Safari/537.36"
77.30.208.12 - - [25/Sep/2025:15:05:40 +0300] "GET /get-total-unread HTTP/1.0" 200 4720 "https://pos.qimahsoft.co/home" "Mozilla/5.0 (Windows NT 10.0; Win64; x64) AppleWebKit/537.36 (KHTML, like Gecko) Chrome/140.0.0.0 Safari/537.36"
51.36.33.141 - - [25/Sep/2025:15:06:36 +0300] "GET /get-total-unread HTTP/1.0" 200 4724 "https://pos.qimahsoft.co/products" "Mozilla/5.0 (Windows NT 10.0; Win64; x64) AppleWebKit/537.36 (KHTML, like Gecko) Chrome/140.0.0.0 Safari/537.36"
51.36.33.141 - - [25/Sep/2025:15:06:36 +0300] "GET /get-total-unread HTTP/1.0" 200 4714 "https://pos.qimahsoft.co/sells" "Mozilla/5.0 (Windows NT 10.0; Win64; x64) AppleWebKit/537.36 (KHTML, like Gecko) Chrome/140.0.0.0 Safari/537.36"
77.30.208.12 - - [25/Sep/2025:15:06:40 +0300] "GET /get-total-unread HTTP/1.0" 200 4720 "https://pos.qimahsoft.co/home" "Mozilla/5.0 (Windows NT 10.0; Win64; x64) AppleWebKit/537.36 (KHTML, like Gecko) Chrome/140.0.0.0 Safari/537.36"
51.36.33.141 - - [25/Sep/2025:15:07:36 +0300] "GET /get-total-unread HTTP/1.0" 200 4714 "https://pos.qimahsoft.co/products" "Mozilla/5.0 (Windows NT 10.0; Win64; x64) AppleWebKit/537.36 (KHTML, like Gecko) Chrome/140.0.0.0 Safari/537.36"
51.36.33.141 - - [25/Sep/2025:15:07:36 +0300] "GET /get-total-unread HTTP/1.0" 200 4720 "https://pos.qimahsoft.co/sells" "Mozilla/5.0 (Windows NT 10.0; Win64; x64) AppleWebKit/537.36 (KHTML, like Gecko) Chrome/140.0.0.0 Safari/537.36"
77.30.208.12 - - [25/Sep/2025:15:07:40 +0300] "GET /get-total-unread HTTP/1.0" 200 4722 "https://pos.qimahsoft.co/home" "Mozilla/5.0 (Windows NT 10.0; Win64; x64) AppleWebKit/537.36 (KHTML, like Gecko) Chrome/140.0.0.0 Safari/537.36"
77.30.208.12 - - [25/Sep/2025:15:08:01 +0300] "GET /get-total-unread HTTP/1.0" 200 4716 "https://pos.qimahsoft.co/home" "Mozilla/5.0 (Windows NT 10.0; Win64; x64) AppleWebKit/537.36 (KHTML, like Gecko) Chrome/140.0.0.0 Safari/537.36"
51.36.33.141 - - [25/Sep/2025:15:08:36 +0300] "GET /get-total-unread HTTP/1.0" 200 4722 "https://pos.qimahsoft.co/products" "Mozilla/5.0 (Windows NT 10.0; Win64; x64) AppleWebKit/537.36 (KHTML, like Gecko) Chrome/140.0.0.0 Safari/537.36"
51.36.33.141 - - [25/Sep/2025:15:08:36 +0300] "GET /get-total-unread HTTP/1.0" 200 4718 "https://pos.qimahsoft.co/sells" "Mozilla/5.0 (Windows NT 10.0; Win64; x64) AppleWebKit/537.36 (KHTML, like Gecko) Chrome/140.0.0.0 Safari/537.36"
51.36.33.141 - - [25/Sep/2025:15:09:36 +0300] "GET /get-total-unread HTTP/1.0" 200 4718 "https://pos.qimahsoft.co/products" "Mozilla/5.0 (Windows NT 10.0; Win64; x64) AppleWebKit/537.36 (KHTML, like Gecko) Chrome/140.0.0.0 Safari/537.36"
51.36.33.141 - - [25/Sep/2025:15:09:36 +0300] "GET /get-total-unread HTTP/1.0" 200 4718 "https://pos.qimahsoft.co/sells" "Mozilla/5.0 (Windows NT 10.0; Win64; x64) AppleWebKit/537.36 (KHTML, like Gecko) Chrome/140.0.0.0 Safari/537.36"
77.30.208.12 - - [25/Sep/2025:15:09:40 +0300] "GET /get-total-unread HTTP/1.0" 200 4718 "https://pos.qimahsoft.co/home" "Mozilla/5.0 (Windows NT 10.0; Win64; x64) AppleWebKit/537.36 (KHTML, like Gecko) Chrome/140.0.0.0 Safari/537.36"
51.36.33.141 - - [25/Sep/2025:15:10:36 +0300] "GET /get-total-unread HTTP/1.0" 200 4718 "https://pos.qimahsoft.co/products" "Mozilla/5.0 (Windows NT 10.0; Win64; x64) AppleWebKit/537.36 (KHTML, like Gecko) Chrome/140.0.0.0 Safari/537.36"
51.36.33.141 - - [25/Sep/2025:15:10:36 +0300] "GET /get-total-unread HTTP/1.0" 200 4718 "https://pos.qimahsoft.co/sells" "Mozilla/5.0 (Windows NT 10.0; Win64; x64) AppleWebKit/537.36 (KHTML, like Gecko) Chrome/140.0.0.0 Safari/537.36"
77.30.208.12 - - [25/Sep/2025:15:10:40 +0300] "GET /get-total-unread HTTP/1.0" 200 4716 "https://pos.qimahsoft.co/home" "Mozilla/5.0 (Windows NT 10.0; Win64; x64) AppleWebKit/537.36 (KHTML, like Gecko) Chrome/140.0.0.0 Safari/537.36"
51.36.33.141 - - [25/Sep/2025:15:11:36 +0300] "GET /get-total-unread HTTP/1.0" 200 4720 "https://pos.qimahsoft.co/products" "Mozilla/5.0 (Windows NT 10.0; Win64; x64) AppleWebKit/537.36 (KHTML, like Gecko) Chrome/140.0.0.0 Safari/537.36"
51.36.33.141 - - [25/Sep/2025:15:11:36 +0300] "GET /get-total-unread HTTP/1.0" 200 4716 "https://pos.qimahsoft.co/sells" "Mozilla/5.0 (Windows NT 10.0; Win64; x64) AppleWebKit/537.36 (KHTML, like Gecko) Chrome/140.0.0.0 Safari/537.36"
77.30.208.12 - - [25/Sep/2025:15:11:40 +0300] "GET /get-total-unread HTTP/1.0" 200 4728 "https://pos.qimahsoft.co/home" "Mozilla/5.0 (Windows NT 10.0; Win64; x64) AppleWebKit/537.36 (KHTML, like Gecko) Chrome/140.0.0.0 Safari/537.36"
51.36.33.141 - - [25/Sep/2025:15:12:36 +0300] "GET /get-total-unread HTTP/1.0" 200 4720 "https://pos.qimahsoft.co/products" "Mozilla/5.0 (Windows NT 10.0; Win64; x64) AppleWebKit/537.36 (KHTML, like Gecko) Chrome/140.0.0.0 Safari/537.36"
51.36.33.141 - - [25/Sep/2025:15:12:36 +0300] "GET /get-total-unread HTTP/1.0" 200 4714 "https://pos.qimahsoft.co/sells" "Mozilla/5.0 (Windows NT 10.0; Win64; x64) AppleWebKit/537.36 (KHTML, like Gecko) Chrome/140.0.0.0 Safari/537.36"
77.30.208.12 - - [25/Sep/2025:15:12:40 +0300] "GET /get-total-unread HTTP/1.0" 200 4720 "https://pos.qimahsoft.co/home" "Mozilla/5.0 (Windows NT 10.0; Win64; x64) AppleWebKit/537.36 (KHTML, like Gecko) Chrome/140.0.0.0 Safari/537.36"
51.36.33.141 - - [25/Sep/2025:15:13:36 +0300] "GET /get-total-unread HTTP/1.0" 200 4714 "https://pos.qimahsoft.co/sells" "Mozilla/5.0 (Windows NT 10.0; Win64; x64) AppleWebKit/537.36 (KHTML, like Gecko) Chrome/140.0.0.0 Safari/537.36"
51.36.33.141 - - [25/Sep/2025:15:13:36 +0300] "GET /get-total-unread HTTP/1.0" 200 4724 "https://pos.qimahsoft.co/products" "Mozilla/5.0 (Windows NT 10.0; Win64; x64) AppleWebKit/537.36 (KHTML, like Gecko) Chrome/140.0.0.0 Safari/537.36"
77.30.208.12 - - [25/Sep/2025:15:13:40 +0300] "GET /get-total-unread HTTP/1.0" 200 4716 "https://pos.qimahsoft.co/home" "Mozilla/5.0 (Windows NT 10.0; Win64; x64) AppleWebKit/537.36 (KHTML, like Gecko) Chrome/140.0.0.0 Safari/537.36"
51.36.33.141 - - [25/Sep/2025:15:14:36 +0300] "GET /get-total-unread HTTP/1.0" 200 4718 "https://pos.qimahsoft.co/sells" "Mozilla/5.0 (Windows NT 10.0; Win64; x64) AppleWebKit/537.36 (KHTML, like Gecko) Chrome/140.0.0.0 Safari/537.36"
51.36.33.141 - - [25/Sep/2025:15:14:36 +0300] "GET /get-total-unread HTTP/1.0" 200 4714 "https://pos.qimahsoft.co/products" "Mozilla/5.0 (Windows NT 10.0; Win64; x64) AppleWebKit/537.36 (KHTML, like Gecko) Chrome/140.0.0.0 Safari/537.36"
77.30.208.12 - - [25/Sep/2025:15:14:40 +0300] "GET /get-total-unread HTTP/1.0" 200 4722 "https://pos.qimahsoft.co/home" "Mozilla/5.0 (Windows NT 10.0; Win64; x64) AppleWebKit/537.36 (KHTML, like Gecko) Chrome/140.0.0.0 Safari/537.36"
51.36.33.141 - - [25/Sep/2025:15:15:36 +0300] "GET /get-total-unread HTTP/1.0" 200 4718 "https://pos.qimahsoft.co/products" "Mozilla/5.0 (Windows NT 10.0; Win64; x64) AppleWebKit/537.36 (KHTML, like Gecko) Chrome/140.0.0.0 Safari/537.36"
51.36.33.141 - - [25/Sep/2025:15:15:36 +0300] "GET /get-total-unread HTTP/1.0" 200 4718 "https://pos.qimahsoft.co/sells" "Mozilla/5.0 (Windows NT 10.0; Win64; x64) AppleWebKit/537.36 (KHTML, like Gecko) Chrome/140.0.0.0 Safari/537.36"
77.30.208.12 - - [25/Sep/2025:15:15:40 +0300] "GET /get-total-unread HTTP/1.0" 200 4722 "https://pos.qimahsoft.co/home" "Mozilla/5.0 (Windows NT 10.0; Win64; x64) AppleWebKit/537.36 (KHTML, like Gecko) Chrome/140.0.0.0 Safari/537.36"
51.36.33.141 - - [25/Sep/2025:15:16:36 +0300] "GET /get-total-unread HTTP/1.0" 200 4724 "https://pos.qimahsoft.co/sells" "Mozilla/5.0 (Windows NT 10.0; Win64; x64) AppleWebKit/537.36 (KHTML, like Gecko) Chrome/140.0.0.0 Safari/537.36"
51.36.33.141 - - [25/Sep/2025:15:16:36 +0300] "GET /get-total-unread HTTP/1.0" 200 4718 "https://pos.qimahsoft.co/products" "Mozilla/5.0 (Windows NT 10.0; Win64; x64) AppleWebKit/537.36 (KHTML, like Gecko) Chrome/140.0.0.0 Safari/537.36"
77.30.208.12 - - [25/Sep/2025:15:16:40 +0300] "GET /get-total-unread HTTP/1.0" 200 4722 "https://pos.qimahsoft.co/home" "Mozilla/5.0 (Windows NT 10.0; Win64; x64) AppleWebKit/537.36 (KHTML, like Gecko) Chrome/140.0.0.0 Safari/537.36"
51.36.33.141 - - [25/Sep/2025:15:17:36 +0300] "GET /get-total-unread HTTP/1.0" 200 4722 "https://pos.qimahsoft.co/products" "Mozilla/5.0 (Windows NT 10.0; Win64; x64) AppleWebKit/537.36 (KHTML, like Gecko) Chrome/140.0.0.0 Safari/537.36"
51.36.33.141 - - [25/Sep/2025:15:17:36 +0300] "GET /get-total-unread HTTP/1.0" 200 4718 "https://pos.qimahsoft.co/sells" "Mozilla/5.0 (Windows NT 10.0; Win64; x64) AppleWebKit/537.36 (KHTML, like Gecko) Chrome/140.0.0.0 Safari/537.36"
77.30.208.12 - - [25/Sep/2025:15:17:40 +0300] "GET /get-total-unread HTTP/1.0" 200 4716 "https://pos.qimahsoft.co/home" "Mozilla/5.0 (Windows NT 10.0; Win64; x64) AppleWebKit/537.36 (KHTML, like Gecko) Chrome/140.0.0.0 Safari/537.36"
51.36.33.141 - - [25/Sep/2025:15:18:36 +0300] "GET /get-total-unread HTTP/1.0" 200 4714 "https://pos.qimahsoft.co/products" "Mozilla/5.0 (Windows NT 10.0; Win64; x64) AppleWebKit/537.36 (KHTML, like Gecko) Chrome/140.0.0.0 Safari/537.36"
51.36.33.141 - - [25/Sep/2025:15:18:36 +0300] "GET /get-total-unread HTTP/1.0" 200 4718 "https://pos.qimahsoft.co/sells" "Mozilla/5.0 (Windows NT 10.0; Win64; x64) AppleWebKit/537.36 (KHTML, like Gecko) Chrome/140.0.0.0 Safari/537.36"
77.30.208.12 - - [25/Sep/2025:15:18:40 +0300] "GET /get-total-unread HTTP/1.0" 200 4716 "https://pos.qimahsoft.co/home" "Mozilla/5.0 (Windows NT 10.0; Win64; x64) AppleWebKit/537.36 (KHTML, like Gecko) Chrome/140.0.0.0 Safari/537.36"
51.36.33.141 - - [25/Sep/2025:15:19:36 +0300] "GET /get-total-unread HTTP/1.0" 200 4724 "https://pos.qimahsoft.co/products" "Mozilla/5.0 (Windows NT 10.0; Win64; x64) AppleWebKit/537.36 (KHTML, like Gecko) Chrome/140.0.0.0 Safari/537.36"
51.36.33.141 - - [25/Sep/2025:15:19:36 +0300] "GET /get-total-unread HTTP/1.0" 200 4714 "https://pos.qimahsoft.co/sells" "Mozilla/5.0 (Windows NT 10.0; Win64; x64) AppleWebKit/537.36 (KHTML, like Gecko) Chrome/140.0.0.0 Safari/537.36"
77.30.208.12 - - [25/Sep/2025:15:19:40 +0300] "GET /get-total-unread HTTP/1.0" 200 4716 "https://pos.qimahsoft.co/home" "Mozilla/5.0 (Windows NT 10.0; Win64; x64) AppleWebKit/537.36 (KHTML, like Gecko) Chrome/140.0.0.0 Safari/537.36"
51.36.33.141 - - [25/Sep/2025:15:20:36 +0300] "GET /get-total-unread HTTP/1.0" 200 4716 "https://pos.qimahsoft.co/products" "Mozilla/5.0 (Windows NT 10.0; Win64; x64) AppleWebKit/537.36 (KHTML, like Gecko) Chrome/140.0.0.0 Safari/537.36"
51.36.33.141 - - [25/Sep/2025:15:20:36 +0300] "GET /get-total-unread HTTP/1.0" 200 4718 "https://pos.qimahsoft.co/sells" "Mozilla/5.0 (Windows NT 10.0; Win64; x64) AppleWebKit/537.36 (KHTML, like Gecko) Chrome/140.0.0.0 Safari/537.36"
77.30.208.12 - - [25/Sep/2025:15:20:40 +0300] "GET /get-total-unread HTTP/1.0" 200 4720 "https://pos.qimahsoft.co/home" "Mozilla/5.0 (Windows NT 10.0; Win64; x64) AppleWebKit/537.36 (KHTML, like Gecko) Chrome/140.0.0.0 Safari/537.36"
51.36.33.141 - - [25/Sep/2025:15:21:36 +0300] "GET /get-total-unread HTTP/1.0" 200 4720 "https://pos.qimahsoft.co/sells" "Mozilla/5.0 (Windows NT 10.0; Win64; x64) AppleWebKit/537.36 (KHTML, like Gecko) Chrome/140.0.0.0 Safari/537.36"
51.36.33.141 - - [25/Sep/2025:15:21:36 +0300] "GET /get-total-unread HTTP/1.0" 200 4714 "https://pos.qimahsoft.co/products" "Mozilla/5.0 (Windows NT 10.0; Win64; x64) AppleWebKit/537.36 (KHTML, like Gecko) Chrome/140.0.0.0 Safari/537.36"
77.30.208.12 - - [25/Sep/2025:15:21:40 +0300] "GET /get-total-unread HTTP/1.0" 200 4716 "https://pos.qimahsoft.co/home" "Mozilla/5.0 (Windows NT 10.0; Win64; x64) AppleWebKit/537.36 (KHTML, like Gecko) Chrome/140.0.0.0 Safari/537.36"
51.36.33.141 - - [25/Sep/2025:15:22:36 +0300] "GET /get-total-unread HTTP/1.0" 200 4718 "https://pos.qimahsoft.co/sells" "Mozilla/5.0 (Windows NT 10.0; Win64; x64) AppleWebKit/537.36 (KHTML, like Gecko) Chrome/140.0.0.0 Safari/537.36"
51.36.33.141 - - [25/Sep/2025:15:22:36 +0300] "GET /get-total-unread HTTP/1.0" 200 4720 "https://pos.qimahsoft.co/products" "Mozilla/5.0 (Windows NT 10.0; Win64; x64) AppleWebKit/537.36 (KHTML, like Gecko) Chrome/140.0.0.0 Safari/537.36"
77.30.208.12 - - [25/Sep/2025:15:22:40 +0300] "GET /get-total-unread HTTP/1.0" 200 4716 "https://pos.qimahsoft.co/home" "Mozilla/5.0 (Windows NT 10.0; Win64; x64) AppleWebKit/537.36 (KHTML, like Gecko) Chrome/140.0.0.0 Safari/537.36"
51.36.33.141 - - [25/Sep/2025:15:23:36 +0300] "GET /get-total-unread HTTP/1.0" 200 4716 "https://pos.qimahsoft.co/products" "Mozilla/5.0 (Windows NT 10.0; Win64; x64) AppleWebKit/537.36 (KHTML, like Gecko) Chrome/140.0.0.0 Safari/537.36"
51.36.33.141 - - [25/Sep/2025:15:23:36 +0300] "GET /get-total-unread HTTP/1.0" 200 4716 "https://pos.qimahsoft.co/sells" "Mozilla/5.0 (Windows NT 10.0; Win64; x64) AppleWebKit/537.36 (KHTML, like Gecko) Chrome/140.0.0.0 Safari/537.36"
77.30.208.12 - - [25/Sep/2025:15:23:40 +0300] "GET /get-total-unread HTTP/1.0" 200 4716 "https://pos.qimahsoft.co/home" "Mozilla/5.0 (Windows NT 10.0; Win64; x64) AppleWebKit/537.36 (KHTML, like Gecko) Chrome/140.0.0.0 Safari/537.36"
51.36.33.141 - - [25/Sep/2025:15:24:36 +0300] "GET /get-total-unread HTTP/1.0" 200 4718 "https://pos.qimahsoft.co/products" "Mozilla/5.0 (Windows NT 10.0; Win64; x64) AppleWebKit/537.36 (KHTML, like Gecko) Chrome/140.0.0.0 Safari/537.36"
51.36.33.141 - - [25/Sep/2025:15:24:36 +0300] "GET /get-total-unread HTTP/1.0" 200 4712 "https://pos.qimahsoft.co/sells" "Mozilla/5.0 (Windows NT 10.0; Win64; x64) AppleWebKit/537.36 (KHTML, like Gecko) Chrome/140.0.0.0 Safari/537.36"
77.30.208.12 - - [25/Sep/2025:15:24:40 +0300] "GET /get-total-unread HTTP/1.0" 200 4714 "https://pos.qimahsoft.co/home" "Mozilla/5.0 (Windows NT 10.0; Win64; x64) AppleWebKit/537.36 (KHTML, like Gecko) Chrome/140.0.0.0 Safari/537.36"
51.36.33.141 - - [25/Sep/2025:15:25:36 +0300] "GET /get-total-unread HTTP/1.0" 200 4718 "https://pos.qimahsoft.co/products" "Mozilla/5.0 (Windows NT 10.0; Win64; x64) AppleWebKit/537.36 (KHTML, like Gecko) Chrome/140.0.0.0 Safari/537.36"
51.36.33.141 - - [25/Sep/2025:15:25:36 +0300] "GET /get-total-unread HTTP/1.0" 200 4712 "https://pos.qimahsoft.co/sells" "Mozilla/5.0 (Windows NT 10.0; Win64; x64) AppleWebKit/537.36 (KHTML, like Gecko) Chrome/140.0.0.0 Safari/537.36"
77.30.208.12 - - [25/Sep/2025:15:25:40 +0300] "GET /get-total-unread HTTP/1.0" 200 4720 "https://pos.qimahsoft.co/home" "Mozilla/5.0 (Windows NT 10.0; Win64; x64) AppleWebKit/537.36 (KHTML, like Gecko) Chrome/140.0.0.0 Safari/537.36"
51.36.33.141 - - [25/Sep/2025:15:26:36 +0300] "GET /get-total-unread HTTP/1.0" 200 4718 "https://pos.qimahsoft.co/products" "Mozilla/5.0 (Windows NT 10.0; Win64; x64) AppleWebKit/537.36 (KHTML, like Gecko) Chrome/140.0.0.0 Safari/537.36"
51.36.33.141 - - [25/Sep/2025:15:26:36 +0300] "GET /get-total-unread HTTP/1.0" 200 4714 "https://pos.qimahsoft.co/sells" "Mozilla/5.0 (Windows NT 10.0; Win64; x64) AppleWebKit/537.36 (KHTML, like Gecko) Chrome/140.0.0.0 Safari/537.36"
77.30.208.12 - - [25/Sep/2025:15:26:40 +0300] "GET /get-total-unread HTTP/1.0" 200 4720 "https://pos.qimahsoft.co/home" "Mozilla/5.0 (Windows NT 10.0; Win64; x64) AppleWebKit/537.36 (KHTML, like Gecko) Chrome/140.0.0.0 Safari/537.36"
51.36.33.141 - - [25/Sep/2025:15:27:36 +0300] "GET /get-total-unread HTTP/1.0" 200 4718 "https://pos.qimahsoft.co/sells" "Mozilla/5.0 (Windows NT 10.0; Win64; x64) AppleWebKit/537.36 (KHTML, like Gecko) Chrome/140.0.0.0 Safari/537.36"
51.36.33.141 - - [25/Sep/2025:15:27:36 +0300] "GET /get-total-unread HTTP/1.0" 200 4718 "https://pos.qimahsoft.co/products" "Mozilla/5.0 (Windows NT 10.0; Win64; x64) AppleWebKit/537.36 (KHTML, like Gecko) Chrome/140.0.0.0 Safari/537.36"
77.30.208.12 - - [25/Sep/2025:15:27:40 +0300] "GET /get-total-unread HTTP/1.0" 200 4720 "https://pos.qimahsoft.co/home" "Mozilla/5.0 (Windows NT 10.0; Win64; x64) AppleWebKit/537.36 (KHTML, like Gecko) Chrome/140.0.0.0 Safari/537.36"
51.36.33.141 - - [25/Sep/2025:15:28:36 +0300] "GET /get-total-unread HTTP/1.0" 200 4722 "https://pos.qimahsoft.co/sells" "Mozilla/5.0 (Windows NT 10.0; Win64; x64) AppleWebKit/537.36 (KHTML, like Gecko) Chrome/140.0.0.0 Safari/537.36"
51.36.33.141 - - [25/Sep/2025:15:28:36 +0300] "GET /get-total-unread HTTP/1.0" 200 4720 "https://pos.qimahsoft.co/products" "Mozilla/5.0 (Windows NT 10.0; Win64; x64) AppleWebKit/537.36 (KHTML, like Gecko) Chrome/140.0.0.0 Safari/537.36"
77.30.208.12 - - [25/Sep/2025:15:28:40 +0300] "GET /get-total-unread HTTP/1.0" 200 4728 "https://pos.qimahsoft.co/home" "Mozilla/5.0 (Windows NT 10.0; Win64; x64) AppleWebKit/537.36 (KHTML, like Gecko) Chrome/140.0.0.0 Safari/537.36"
51.36.33.141 - - [25/Sep/2025:15:29:36 +0300] "GET /get-total-unread HTTP/1.0" 200 4718 "https://pos.qimahsoft.co/products" "Mozilla/5.0 (Windows NT 10.0; Win64; x64) AppleWebKit/537.36 (KHTML, like Gecko) Chrome/140.0.0.0 Safari/537.36"
51.36.33.141 - - [25/Sep/2025:15:29:36 +0300] "GET /get-total-unread HTTP/1.0" 200 4720 "https://pos.qimahsoft.co/sells" "Mozilla/5.0 (Windows NT 10.0; Win64; x64) AppleWebKit/537.36 (KHTML, like Gecko) Chrome/140.0.0.0 Safari/537.36"
77.30.208.12 - - [25/Sep/2025:15:29:40 +0300] "GET /get-total-unread HTTP/1.0" 200 4722 "https://pos.qimahsoft.co/home" "Mozilla/5.0 (Windows NT 10.0; Win64; x64) AppleWebKit/537.36 (KHTML, like Gecko) Chrome/140.0.0.0 Safari/537.36"
51.36.33.141 - - [25/Sep/2025:15:30:36 +0300] "GET /get-total-unread HTTP/1.0" 200 4716 "https://pos.qimahsoft.co/sells" "Mozilla/5.0 (Windows NT 10.0; Win64; x64) AppleWebKit/537.36 (KHTML, like Gecko) Chrome/140.0.0.0 Safari/537.36"
51.36.33.141 - - [25/Sep/2025:15:30:36 +0300] "GET /get-total-unread HTTP/1.0" 200 4714 "https://pos.qimahsoft.co/products" "Mozilla/5.0 (Windows NT 10.0; Win64; x64) AppleWebKit/537.36 (KHTML, like Gecko) Chrome/140.0.0.0 Safari/537.36"
77.30.208.12 - - [25/Sep/2025:15:30:40 +0300] "GET /get-total-unread HTTP/1.0" 200 4716 "https://pos.qimahsoft.co/home" "Mozilla/5.0 (Windows NT 10.0; Win64; x64) AppleWebKit/537.36 (KHTML, like Gecko) Chrome/140.0.0.0 Safari/537.36"
51.36.33.141 - - [25/Sep/2025:15:31:36 +0300] "GET /get-total-unread HTTP/1.0" 200 4716 "https://pos.qimahsoft.co/products" "Mozilla/5.0 (Windows NT 10.0; Win64; x64) AppleWebKit/537.36 (KHTML, like Gecko) Chrome/140.0.0.0 Safari/537.36"
51.36.33.141 - - [25/Sep/2025:15:31:36 +0300] "GET /get-total-unread HTTP/1.0" 200 4712 "https://pos.qimahsoft.co/sells" "Mozilla/5.0 (Windows NT 10.0; Win64; x64) AppleWebKit/537.36 (KHTML, like Gecko) Chrome/140.0.0.0 Safari/537.36"
77.30.208.12 - - [25/Sep/2025:15:31:40 +0300] "GET /get-total-unread HTTP/1.0" 200 4718 "https://pos.qimahsoft.co/home" "Mozilla/5.0 (Windows NT 10.0; Win64; x64) AppleWebKit/537.36 (KHTML, like Gecko) Chrome/140.0.0.0 Safari/537.36"
51.36.33.141 - - [25/Sep/2025:15:32:36 +0300] "GET /get-total-unread HTTP/1.0" 200 4716 "https://pos.qimahsoft.co/products" "Mozilla/5.0 (Windows NT 10.0; Win64; x64) AppleWebKit/537.36 (KHTML, like Gecko) Chrome/140.0.0.0 Safari/537.36"
51.36.33.141 - - [25/Sep/2025:15:32:36 +0300] "GET /get-total-unread HTTP/1.0" 200 4716 "https://pos.qimahsoft.co/sells" "Mozilla/5.0 (Windows NT 10.0; Win64; x64) AppleWebKit/537.36 (KHTML, like Gecko) Chrome/140.0.0.0 Safari/537.36"
77.30.208.12 - - [25/Sep/2025:15:32:40 +0300] "GET /get-total-unread HTTP/1.0" 200 4714 "https://pos.qimahsoft.co/home" "Mozilla/5.0 (Windows NT 10.0; Win64; x64) AppleWebKit/537.36 (KHTML, like Gecko) Chrome/140.0.0.0 Safari/537.36"
51.36.33.141 - - [25/Sep/2025:15:33:36 +0300] "GET /get-total-unread HTTP/1.0" 200 4714 "https://pos.qimahsoft.co/sells" "Mozilla/5.0 (Windows NT 10.0; Win64; x64) AppleWebKit/537.36 (KHTML, like Gecko) Chrome/140.0.0.0 Safari/537.36"
51.36.33.141 - - [25/Sep/2025:15:33:36 +0300] "GET /get-total-unread HTTP/1.0" 200 4714 "https://pos.qimahsoft.co/products" "Mozilla/5.0 (Windows NT 10.0; Win64; x64) AppleWebKit/537.36 (KHTML, like Gecko) Chrome/140.0.0.0 Safari/537.36"
